-- Table structure for table `portfolio_images`
--

CREATE TABLE `portfolio_images` (
  `id` bigint UNSIGNED NOT NULL,
  `portfolio_id` int DEFAULT NULL,
  `image` varchar(255) CHARACTER SET utf8mb4 COLLATE utf8mb4_unicode_ci DEFAULT NULL,
  `created_at` timestamp NULL DEFAULT NULL,
  `updated_at` timestamp NULL DEFAULT NULL
) ENGINE=InnoDB DEFAULT CHARSET=utf8mb4 COLLATE=utf8mb4_unicode_ci;

--
-- Dumping data for table `portfolio_images`
--

INSERT INTO `portfolio_images` (`id`, `portfolio_id`, `image`, `created_at`, `updated_at`) VALUES
(257, 30, '5dfc92d1df21f.jpg', '2019-12-20 21:22:25', '2019-12-20 21:26:31'),
(258, 30, '5dfc92d1dfa6a.jpg', '2019-12-20 21:22:25', '2019-12-20 21:26:31'),
(259, 30, '5dfc92d22870e.jpg', '2019-12-20 21:22:26', '2019-12-20 21:26:31'),
(260, 31, '5dfc94d81e712.jpg', '2019-12-20 21:31:04', '2019-12-20 21:32:11'),
(261, 31, '5dfc94d81e712.jpg', '2019-12-20 21:31:04', '2019-12-20 21:32:11'),
(262, 31, '5dfc94d860353.jpg', '2019-12-20 21:31:04', '2019-12-20 21:32:11'),
(263, 32, '5dfc9768f3135.jpg', '2019-12-20 21:42:00', '2019-12-20 21:44:29'),
(264, 32, '5dfc97690b80b.jpg', '2019-12-20 21:42:01', '2019-12-20 21:44:29'),
(265, 32, '5dfc976954e42.jpg', '2019-12-20 21:42:01', '2019-12-20 21:44:29'),
(266, 33, '5dfc981d88d35.jpg', '2019-12-20 21:45:01', '2019-12-20 21:45:57'),
(267, 33, '5dfc981d8bfae.jpg', '2019-12-20 21:45:01', '2019-12-20 21:45:57'),
(268, 33, '5dfc981dcbc84.jpg', '2019-12-20 21:45:01', '2019-12-20 21:45:57'),
(269, 34, '5dfc988891aad.jpg', '2019-12-20 21:46:48', '2019-12-20 21:47:23'),
(270, 34, '5dfc98889e685.jpg', '2019-12-20 21:46:48', '2019-12-20 21:47:23'),
(271, 35, '5dfc992f617bf.jpg', '2019-12-20 21:49:35', '2019-12-20 21:49:38'),
(272, 35, '5dfc992f78861.jpg', '2019-12-20 21:49:35', '2019-12-20 21:49:38'),
(273, 36, '5dfc995a6d4ff.jpg', '2019-12-20 21:50:18', '2019-12-20 21:51:16'),
(274, 36, '5dfc995a6d628.jpg', '2019-12-20 21:50:18', '2019-12-20 21:51:16'),
(275, 36, '5dfc995aa529f.jpg', '2019-12-20 21:50:18', '2019-12-20 21:51:16'),
(276, 37, '5dfc9bdec5db6.jpg', '2019-12-20 22:01:02', '2019-12-20 22:01:48'),
(277, 37, '5dfc9bded1d50.jpg', '2019-12-20 22:01:02', '2019-12-20 22:01:48'),
(278, 38, '5dfc9c55c4a84.jpg', '2019-12-20 22:03:01', '2019-12-20 22:03:13'),
(279, 38, '5dfc9c55c6177.jpg', '2019-12-20 22:03:01', '2019-12-20 22:03:13'),
(287, 41, '5dfe29f41b197.jpg', '2019-12-22 02:19:32', '2019-12-22 02:20:11'),
(288, 41, '5dfe29f454643.jpg', '2019-12-22 02:19:32', '2019-12-22 02:20:11'),
(290, 42, '5dfe2a4a34125.jpg', '2019-12-22 02:20:58', '2019-12-22 02:21:47'),
(291, 42, '5dfe2a4a6f64d.jpg', '2019-12-22 02:20:58', '2019-12-22 02:21:47'),
(292, 43, '5dfe2aaee8c25.jpg', '2019-12-22 02:22:38', '2019-12-22 02:23:16'),
(294, 43, '5dfe2aaf38104.jpg', '2019-12-22 02:22:39', '2019-12-22 02:23:16'),
(297, 44, '5dfe2ae76b637.jpg', '2019-12-22 02:23:35', '2019-12-22 02:24:15'),
(298, 45, '5dfe2b26e3c98.jpg', '2019-12-22 02:24:38', '2019-12-22 02:25:20'),
(299, 45, '5dfe2b26ef49c.jpg', '2019-12-22 02:24:38', '2019-12-22 02:25:20'),
(300, 45, '5dfe2b272bbfa.jpg', '2019-12-22 02:24:39', '2019-12-22 02:25:20'),
(301, 46, '5dfe2b66001eb.jpg', '2019-12-22 02:25:42', '2019-12-22 02:26:32'),
(303, 46, '5dfe2b663a021.jpg', '2019-12-22 02:25:42', '2019-12-22 02:26:32'),
(307, 48, '5dff882d8f50b.jpg', '2019-12-23 03:13:49', '2019-12-23 03:30:25'),
(308, 48, '5dff882d9215f.jpg', '2019-12-23 03:13:49', '2019-12-23 03:30:25'),
(309, 49, '5dff8c627f9cb.jpg', '2019-12-23 03:31:46', '2019-12-23 03:33:53'),
(310, 49, '5dff8c6280713.jpg', '2019-12-23 03:31:46', '2019-12-23 03:33:53'),
(311, 49, '5dff8c62c0f40.jpg', '2019-12-23 03:31:46', '2019-12-23 03:33:53'),
(312, 50, '5dff8d5ff062c.jpg', '2019-12-23 03:35:59', '2019-12-23 03:37:05'),
(313, 50, '5dff8d60100fa.jpg', '2019-12-23 03:36:00', '2019-12-23 03:37:05'),
(314, 50, '5dff8d607ab82.jpg', '2019-12-23 03:36:00', '2019-12-23 03:37:05'),
(315, 51, '5dff8ddc1cf13.jpg', '2019-12-23 03:38:04', '2019-12-23 03:39:06'),
(316, 51, '5dff8ddc1eb4e.jpg', '2019-12-23 03:38:04', '2019-12-23 03:39:06'),
(317, 51, '5dff8ddc6a6a6.jpg', '2019-12-23 03:38:04', '2019-12-23 03:39:06'),
(318, 52, '5dff8e32b3a3d.jpg', '2019-12-23 03:39:30', '2019-12-23 03:40:36'),
(319, 52, '5dff8e32b5c1f.jpg', '2019-12-23 03:39:30', '2019-12-23 03:40:36'),
(320, 53, '5dff8e96173ea.jpg', '2019-12-23 03:41:10', '2019-12-23 03:42:39'),
(321, 53, '5dff8e961f4b4.jpg', '2019-12-23 03:41:10', '2019-12-23 03:42:39'),
(322, 54, '5dff8fbc65c3d.jpg', '2019-12-23 03:46:04', '2019-12-23 03:47:07'),
(323, 54, '5dff8fbc6ee49.jpg', '2019-12-23 03:46:04', '2019-12-23 03:47:07'),
(324, 55, '5dff902035e7f.jpg', '2019-12-23 03:47:44', '2019-12-23 03:49:34'),
(325, 55, '5dff902039a55.jpg', '2019-12-23 03:47:44', '2019-12-23 03:49:34'),
(326, 56, '5dff90ace9c33.jpg', '2019-12-23 03:50:04', '2019-12-23 03:50:57'),
(327, 56, '5dff90ad046e8.jpg', '2019-12-23 03:50:05', '2019-12-23 03:50:57'),
(328, 57, '5e08d7ec3e042.jpg', '2019-12-30 04:44:28', '2019-12-30 04:47:46'),
(329, 57, '5e08d7ec3e03b.jpg', '2019-12-30 04:44:28', '2019-12-30 04:47:46'),
(330, 57, '5e08d7ec90faa.jpg', '2019-12-30 04:44:28', '2019-12-30 04:47:46'),
(331, 58, '5e08d8d659ce7.jpg', '2019-12-30 04:48:22', '2019-12-30 04:50:03'),
(332, 58, '5e08d8d65cc22.jpg', '2019-12-30 04:48:22', '2019-12-30 04:50:03'),
(333, 59, '5e08dd05ba57c.jpg', '2019-12-30 05:06:13', '2019-12-30 05:08:11'),
(334, 59, '5e08dd05bd725.jpg', '2019-12-30 05:06:13', '2019-12-30 05:08:11'),
(335, 59, '5e08dd06045ca.jpg', '2019-12-30 05:06:14', '2019-12-30 05:08:11'),
(336, 60, '5e08ddeb361d4.jpg', '2019-12-30 05:10:03', '2019-12-30 05:10:05'),
(337, 60, '5e08ddeb3f745.jpg', '2019-12-30 05:10:03', '2019-12-30 05:10:05'),
(338, 61, '5e08de000c41d.jpg', '2019-12-30 05:10:24', '2019-12-30 05:12:03'),
(339, 61, '5e08de0018b65.jpg', '2019-12-30 05:10:24', '2019-12-30 05:12:03'),
(340, 62, '5e08dfb289735.jpg', '2019-12-30 05:17:38', '2019-12-30 05:18:39'),
(341, 62, '5e08dfb28b38f.jpg', '2019-12-30 05:17:38', '2019-12-30 05:18:39'),
(342, 63, '5e08e0039f45b.jpg', '2019-12-30 05:18:59', '2019-12-30 05:20:07'),
(343, 63, '5e08e003a4a9b.jpg', '2019-12-30 05:18:59', '2019-12-30 05:20:07'),
(344, 64, '5e08e0ca24f31.jpg', '2019-12-30 05:22:18', '2019-12-30 05:23:15'),
(345, 64, '5e08e0ca39274.jpg', '2019-12-30 05:22:18', '2019-12-30 05:23:15'),
(346, 65, '5e08e13252d66.jpg', '2019-12-30 05:24:02', '2019-12-30 05:24:46'),
(347, 65, '5e08e13259f52.jpg', '2019-12-30 05:24:02', '2019-12-30 05:24:46'),
(376, NULL, '5e52b93f770d8.jpg', '2020-02-24 05:41:19', '2020-02-24 05:41:19'),
(377, NULL, '5e52b93f77bab.jpg', '2020-02-24 05:41:19', '2020-02-24 05:41:19'),
(378, NULL, '5e52b940e8f5f.jpg', '2020-02-24 05:41:20', '2020-02-24 05:41:20'),
(383, 46, '5f00125f93150.jpg', '2020-07-03 23:23:43', '2020-07-03 23:23:43'),
(385, 44, '5f0012740207c.jpg', '2020-07-03 23:24:04', '2020-07-03 23:24:04'),
(392, NULL, '5f8a93db51c35.jpg', '2020-10-17 00:48:59', '2020-10-17 00:48:59'),
(393, NULL, '5f8a93db67bff.jpg', '2020-10-17 00:48:59', '2020-10-17 00:48:59'),
(432, 39, '6061770b55e6b.jpg', '2021-03-29 02:43:23', '2021-03-29 02:43:23'),
(433, 39, '6061770b5a22f.jpg', '2021-03-29 02:43:23', '2021-03-29 02:43:23'),
(441, 40, '607ee3937e946.jpg', '2021-04-20 10:22:11', '2021-04-20 10:22:11'),
(442, 40, '607ee3937fa83.jpg', '2021-04-20 10:22:11', '2021-04-20 10:22:11'),
(443, 47, '607eea8c8d5c2.jpg', '2021-04-20 10:51:56', '2021-04-20 10:51:56'),
(444, 47, '607eea8c8ec72.jpg', '2021-04-20 10:51:56', '2021-04-20 10:51:56'),
(445, 47, '607eea8c8fc89.jpg', '2021-04-20 10:51:56', '2021-04-20 10:51:56');

-- --------------------------------------------------------

--
-- Table structure for table `products`
--

CREATE TABLE `products` (
  `id` bigint UNSIGNED NOT NULL,
  `title` varchar(255) CHARACTER SET utf8mb4 COLLATE utf8mb4_unicode_ci DEFAULT NULL,
  `slug` varchar(255) CHARACTER SET utf8mb4 COLLATE utf8mb4_unicode_ci DEFAULT NULL,
  `language_id` int NOT NULL DEFAULT '0',
  `stock` int DEFAULT '0',
  `sku` varchar(255) CHARACTER SET utf8mb4 COLLATE utf8mb4_unicode_ci DEFAULT NULL,
  `category_id` int DEFAULT NULL,
  `tags` text CHARACTER SET utf8mb4 COLLATE utf8mb4_unicode_ci,
  `feature_image` varchar(255) CHARACTER SET utf8mb4 COLLATE utf8mb4_unicode_ci DEFAULT NULL,
  `summary` text CHARACTER SET utf8mb4 COLLATE utf8mb4_unicode_ci,
  `description` text CHARACTER SET utf8mb4 COLLATE utf8mb4_unicode_ci,
  `current_price` decimal(8,2) DEFAULT '0.00',
  `previous_price` decimal(8,2) DEFAULT '0.00',
  `is_feature` int NOT NULL DEFAULT '0',
  `status` int NOT NULL DEFAULT '1',
  `created_at` timestamp NULL DEFAULT NULL,
  `updated_at` timestamp NULL DEFAULT NULL,
  `rating` decimal(11,2) NOT NULL DEFAULT '0.00',
  `meta_keywords` text CHARACTER SET utf8mb4 COLLATE utf8mb4_unicode_ci,
  `meta_description` text CHARACTER SET utf8mb4 COLLATE utf8mb4_unicode_ci,
  `type` varchar(100) CHARACTER SET utf8mb4 COLLATE utf8mb4_unicode_ci DEFAULT NULL COMMENT 'digital - digital product, physical - physical product',
  `download_file` varchar(100) CHARACTER SET utf8mb4 COLLATE utf8mb4_unicode_ci DEFAULT NULL,
  `download_link` text CHARACTER SET utf8mb4 COLLATE utf8mb4_unicode_ci
) ENGINE=InnoDB DEFAULT CHARSET=utf8mb4 COLLATE=utf8mb4_unicode_ci;

--
-- Dumping data for table `products`
--

INSERT INTO `products` (`id`, `title`, `slug`, `language_id`, `stock`, `sku`, `category_id`, `tags`, `feature_image`, `summary`, `description`, `current_price`, `previous_price`, `is_feature`, `status`, `created_at`, `updated_at`, `rating`, `meta_keywords`, `meta_description`, `type`, `download_file`, `download_link`) VALUES
(4, 'Brandix Driver\'s seat', 'Brandix-Driver\'s-seat', 169, 75, '345das4f4', 1, 'a,b,c,d', '1593863977.jpg', 'Sed ut perspiciatis unde omnis iste natus error sit voluptatem accusantiu wdolorem que laudantium, totam rem aperiam, eaquipsa quae ab illo inventore veritatis et quaarchi tecto beatae vitae dicta sunt explicabo enim ipsam voluptatem', '<h3 style=\"margin: 15px 0px; padding: 0px; font-weight: 700; font-size: 14px; color: rgb(0, 0, 0); font-family: &quot;Open Sans&quot;, Arial, sans-serif;\"><span style=\"font-size: 14px;\">Tradução de 1914 por H. Rackham</span></h3><p style=\"margin-right: 0px; margin-bottom: 15px; margin-left: 0px; padding: 0px; text-align: justify; font-family: &quot;Open Sans&quot;, Arial, sans-serif;\"><span style=\"font-size: 14px;\">\"But I must explain to you how all this mistaken idea of denouncing pleasure and praising pain was born and I will give you a complete account of the system, and expound the actual teachings of the great explorer of the truth, the master-builder of human happiness. No one rejects, dislikes, or avoids pleasure itself, because it is pleasure, but because those who do not know how to pursue pleasure rationally encounter consequences that are extremely painful. Nor again is there anyone who loves or pursues or desires to obtain pain of itself, because it is pain, but because occasionally circumstances occur in which toil and pain can procure him some great pleasure. To take a trivial example, which of us ever undertakes laborious physical exercise, except to obtain some advantage from it? But who has any right to find fault with a man who chooses to enjoy a pleasure that has no annoying consequences, or one who avoids a pain that produces no resultant pleasure?\"</span></p><h3 style=\"margin: 15px 0px; padding: 0px; font-weight: 700; font-size: 14px; color: rgb(0, 0, 0); font-family: &quot;Open Sans&quot;, Arial, sans-serif;\"><span style=\"font-size: 14px;\">Secção 1.10.33 do \"de Finibus Bonorum et Malorum\", escrito por Cícero em 45 AC.</span></h3><p style=\"margin-right: 0px; margin-bottom: 15px; margin-left: 0px; padding: 0px; text-align: justify; font-family: &quot;Open Sans&quot;, Arial, sans-serif;\"><span style=\"font-size: 14px;\">\"At vero eos et accusamus et iusto odio dignissimos ducimus qui blanditiis praesentium voluptatum deleniti atque corrupti quos dolores et quas molestias excepturi sint occaecati cupiditate non provident, similique sunt in culpa qui officia deserunt mollitia animi, id est laborum et dolorum fuga. Et harum quidem rerum facilis est et expedita distinctio. Nam libero tempore, cum soluta nobis est eligendi optio cumque nihil impedit quo minus id quod maxime placeat facere possimus, omnis voluptas assumenda est, omnis dolor repellendus. Temporibus autem quibusdam et aut officiis debitis aut rerum necessitatibus saepe eveniet ut et voluptates repudiandae sint et molestiae non recusandae. Itaque earum rerum hic tenetur a sapiente delectus, ut aut reiciendis voluptatibus maiores alias consequatur aut perferendis doloribus asperiores repellat.\"</span></p>', '60.00', '70.00', 1, 1, '2020-04-20 05:05:43', '2023-09-18 00:40:57', '0.00', NULL, NULL, 'physical', NULL, NULL),
(5, 'Side Rearview Mirror', 'Side-Rearview-Mirror', 169, 99999989, '345dssas4f4', 3, 'mirror,car,rearview', '1593864005.jpg', 'Sed ut perspiciatis unde omnis iste natus error sit voluptatem accusantiu wdolorem que laudantium, totam rem aperiam, eaquipsa quae ab illo inventore veritatis et quaarchi tecto beatae vitae dicta sunt explicabo enim ipsam voluptatem', '<p class=\"text\" style=\"margin-right: 0px; margin-bottom: 0px; margin-left: 0px; padding: 20px 0px; border: 0px; line-height: 26px; color: rgb(138, 138, 138); font-family: Poppins, sans-serif;\">Sorem ipsum dolor sit amet consectetur adipisicing elit, sed do eiusmod tempor incididunt ut labore et dolore magna aliqua. Ut enim ad minim veniam, quis nostrud exercitation ullamco laboris nisi ut aliquip ex ea commodo consequat. Duis aute irure dolor in reprehenderit in voluptate velit esse cillum dolore eu fugiat nulla pariatur xcepteur sint occaecat cupidatat non proident, sunt.</p><p style=\"margin-right: 0px; margin-bottom: 0px; margin-left: 0px; padding: 0px; border: 0px; line-height: 26px; color: rgb(138, 138, 138); font-family: Poppins, sans-serif;\">Lorem ipsum dolor sit amet, consectetur adipisicing elit, sed do eiusmod tempor incididunt ut labore et dolore magna aliqua. Ut enim ad minim veniam, quis nostrud exercitation ullamco laboris nisi ut aliquip ex ea commodo consequat. Duis aute irure dolor in reprehenderit in voluptate velit esse cdolore eu fugiat nulla pariatur. Excepteur sint occaecat cupidatat non proident, sunt in culpa qui officia deserunt mollit anim id est laborum. Curabitur pretium tincidunt lacus. Nulla gravida orci a odio. Nullam varius, turpis et commodo pharetra, est eros bibendum elit, nec luctus magna felis sollicitudinInteger in mauris eu nibh euismod gravida. Duis ac tellus et risus vulputate vehicula. Donec lobortis risus a elit. Etiam tempor. Ut ullamcorper,</p>', '40.00', '70.00', 0, 1, '2020-04-20 05:08:16', '2020-08-05 03:40:37', '0.00', NULL, NULL, 'physical', NULL, NULL),
(6, 'Set of Four 19 Inch Spiked Tires', 'Set-of-Four-19-Inch-Spiked-Tires', 169, 9999979, '345ds45sas4f4', 4, 'a,b,c,d', '1593864023.jpg', 'Sed ut perspiciatis unde omnis iste natus error sit voluptatem accusantiu wdolorem que laudantium, totam rem aperiam, eaquipsa quae ab illo inventore veritatis et quaarchi tecto beatae vitae dicta sunt explicabo enim ipsam voluptatem', '<p class=\"text\" style=\"margin-right: 0px; margin-bottom: 0px; margin-left: 0px; padding: 20px 0px; border: 0px; line-height: 26px; color: rgb(138, 138, 138); font-family: Poppins, sans-serif;\">Sorem ipsum dolor sit amet consectetur adipisicing elit, sed do eiusmod tempor incididunt ut labore et dolore magna aliqua. Ut enim ad minim veniam, quis nostrud exercitation ullamco laboris nisi ut aliquip ex ea commodo consequat. Duis aute irure dolor in reprehenderit in voluptate velit esse cillum dolore eu fugiat nulla pariatur xcepteur sint occaecat cupidatat non proident, sunt.</p><p style=\"margin-right: 0px; margin-bottom: 0px; margin-left: 0px; padding: 0px; border: 0px; line-height: 26px; color: rgb(138, 138, 138); font-family: Poppins, sans-serif;\">Lorem ipsum dolor sit amet, consectetur adipisicing elit, sed do eiusmod tempor incididunt ut labore et dolore magna aliqua. Ut enim ad minim veniam, quis nostrud exercitation ullamco laboris nisi ut aliquip ex ea commodo consequat. Duis aute irure dolor in reprehenderit in voluptate velit esse cdolore eu fugiat nulla pariatur. Excepteur sint occaecat cupidatat non proident, sunt in culpa qui officia deserunt mollit anim id est laborum. Curabitur pretium tincidunt lacus. Nulla gravida orci a odio. Nullam varius, turpis et commodo pharetra, est eros bibendum elit, nec luctus magna felis sollicitudinInteger in mauris eu nibh euismod gravida. Duis ac tellus et risus vulputate vehicula. Donec lobortis risus a elit. Etiam tempor. Ut ullamcorper,</p>', '100.00', '120.00', 0, 1, '2020-04-20 05:09:25', '2023-09-18 00:21:55', '0.00', NULL, NULL, 'physical', NULL, NULL),
(7, 'Taillights Brandix Z54', 'Taillights-Brandix-Z54', 169, 70, '23hhwh3', 7, 'car,service,engine', '1593864033.jpg', 'Lorem Ipsum is simply dummy text of the printing and typesetting industry. Lorem Ipsum has been the industry\'s standard dummy text ever since the 1500s, when an unknown printer took a galley of type and scrambled it to make a type specimen book. It has survived not only five centuries, but also the leap into electronic typesetting, remaining essentially unchanged. It was popularised in the 1960s with the release of Letraset sheets containing.', '<p><span style=\"font-family: &quot;Open Sans&quot;, Arial, sans-serif; text-align: justify;\">Contrary to popular belief, Lorem Ipsum is not simply random text. It has roots in a piece of classical Latin literature from 45 BC, making it over 2000 years old. Richard McClintock, a Latin professor at Hampden-Sydney College in Virginia, looked up one of the more obscure Latin words, consectetur, from a Lorem Ipsum passage, and going through the cites of the word in classical literature, discovered the undoubtable source. Lorem Ipsum comes from sections 1.10.32 and 1.10.33 of \"de Finibus Bonorum et Malorum\" (The Extremes of Good and Evil) by Cicero, written in 45 BC. This book is a treatise on the theory of ethics, very popular during the Renaissance. The first line of Lorem Ipsum, \"Lorem ipsum dolor sit amet..\", comes from a line in section 1.10.32.</span><br></p>', '100.00', '200.00', 0, 1, '2020-05-01 04:26:25', '2021-11-09 01:42:00', '0.00', NULL, NULL, 'physical', NULL, NULL),
(10, 'Brandix Brake Kit BDX-750Z370-S', 'Brandix-Brake-Kit-BDX-750Z370-S', 169, 9999958, '7006192', 1, 'car,plug', '1593864049.jpg', 'Lorem ipsum dolor sit amet, consectetur adipiscing elit, sed do eiusmod tempor incididunt ut labore et dolore magna aliqua. Ut enim ad minim veniam, quis nostrud exercitation ullamco laboris nisi ut aliquip ex ea commodo consequat. Duis aute irure dolor in reprehenderit in voluptate velit esse cillum dolore eu fugiat nulla pariatur.', '<h3 style=\"margin: 15px 0px; padding: 0px; font-weight: 700; font-size: 14px; color: rgb(0, 0, 0); font-family: &quot;Open Sans&quot;, Arial, sans-serif;\"><p style=\"margin-bottom: 1.5em; color: rgb(38, 38, 38); font-family: Roboto, sans-serif; font-size: 16px; font-weight: 400;\">Lorem ipsum dolor sit amet, consectetur adipiscing elit. Maecenas fermentum, diam non iaculis finibus, ipsum arcu sollicitudin dolor, ut cursus sapien sem sed purus. Donec vitae fringilla tortor, sed fermentum nunc. Suspendisse sodales turpis dolor, at rutrum dolor tristique id. Quisque pellentesque ullamcorper felis, eget gravida mi elementum a. Maecenas consectetur volutpat ante, sit amet molestie urna luctus in. Nulla eget dolor semper urna malesuada dictum. Duis eleifend pellentesque dui et finibus. Pellentesque dapibus dignissim augue. Etiam odio est, sodales ac aliquam id, iaculis eget lacus. Aenean porta, ante vitae suscipit pulvinar, purus dui interdum tellus, sed dapibus mi mauris vitae tellus.</p></h3><h4 style=\"margin-top: 1.5em; margin-bottom: 0.75em; line-height: 1.2; font-size: 24px; color: rgb(38, 38, 38); font-family: Roboto, sans-serif;\">Etiam lacus lacus mollis in mattis</h4><h3 style=\"margin: 15px 0px; padding: 0px; font-weight: 700; font-size: 14px; color: rgb(0, 0, 0); font-family: &quot;Open Sans&quot;, Arial, sans-serif;\"><p style=\"margin-bottom: 1.5em; color: rgb(38, 38, 38); font-family: Roboto, sans-serif; font-size: 16px; font-weight: 400;\">Praesent mattis eget augue ac elementum. Maecenas vel ante ut enim mollis accumsan. Vestibulum vel eros at mi suscipit feugiat. Sed tortor purus, vulputate et eros a, rhoncus laoreet orci. Proin sapien neque, commodo at porta in, vehicula eu elit. Vestibulum ante ipsum primis in faucibus orci luctus et ultrices posuere cubilia Curae; Curabitur porta vulputate augue, at sollicitudin nisl molestie eget.</p><p style=\"margin-bottom: 0px; color: rgb(38, 38, 38); font-family: Roboto, sans-serif; font-size: 16px; font-weight: 400;\">Nunc sollicitudin, nunc id accumsan semper, libero nunc aliquet nulla, nec pretium ipsum risus ac neque. Morbi eu facilisis purus. Quisque mi tortor, cursus in nulla ut, laoreet commodo quam. Pellentesque et ornare sapien. In ac est tempus urna tincidunt finibus. Integer erat ipsum, tristique ac lobortis sit amet, dapibus sit amet purus. Nam sed lorem nisi. Vestibulum ultrices tincidunt turpis, sit amet fringilla odio scelerisque non.</p></h3>', '45.00', '60.00', 1, 1, '2020-06-15 22:03:14', '2021-11-14 02:25:01', '5.00', NULL, NULL, 'physical', NULL, NULL),
(13, 'Brandix Brake Kit BDX-750Z370-S', 'Brandix-Brake-Kit-BDX-750Z370-S', 169, 999975, '8866109', 3, 'car', '1593864062.jpg', 'Many philosophical debates that began in ancient times are still debated today. In one general sense, philosophy is associated with wisdom, intellectual culture and a search for knowledge.', '<div class=\"product-tabs__pane product-tabs__pane--active\" id=\"product-tab-description\"><div class=\"typography\"><p>Lorem\n ipsum dolor sit amet, consectetur adipiscing elit. Maecenas fermentum, \ndiam non iaculis finibus, ipsum arcu sollicitudin dolor, ut cursus \nsapien sem sed purus. Donec vitae fringilla tortor, sed fermentum nunc. \nSuspendisse sodales turpis dolor, at rutrum dolor tristique id. Quisque \npellentesque ullamcorper felis, eget gravida mi elementum a. Maecenas \nconsectetur volutpat ante, sit amet molestie urna luctus in. Nulla eget \ndolor semper urna malesuada dictum. Duis eleifend pellentesque dui et \nfinibus. Pellentesque dapibus dignissim augue. Etiam odio est, sodales \nac aliquam id, iaculis eget lacus. Aenean porta, ante vitae suscipit \npulvinar, purus dui interdum tellus, sed dapibus mi mauris vitae tellus.</p><h4>Etiam lacus lacus mollis in mattis</h4><p>Praesent\n mattis eget augue ac elementum. Maecenas vel ante ut enim mollis \naccumsan. Vestibulum vel eros at mi suscipit feugiat. Sed tortor purus, \nvulputate et eros a, rhoncus laoreet orci. Proin sapien neque, commodo \nat porta in, vehicula eu elit. Vestibulum ante ipsum primis in faucibus \norci luctus et ultrices posuere cubilia Curae; Curabitur porta vulputate\n augue, at sollicitudin nisl molestie eget.</p><p>Nunc sollicitudin, \nnunc id accumsan semper, libero nunc aliquet nulla, nec pretium ipsum \nrisus ac neque. Morbi eu facilisis purus. Quisque mi tortor, cursus in \nnulla ut, laoreet commodo quam. Pellentesque et ornare sapien. In ac est\n tempus urna tincidunt finibus. Integer erat ipsum, tristique ac \nlobortis sit amet, dapibus sit amet purus. Nam sed lorem nisi. \nVestibulum ultrices tincidunt turpis, sit amet fringilla odio \nscelerisque non.</p></div></div>', '220.00', NULL, 0, 1, '2020-06-24 22:30:20', '2021-11-09 02:30:10', '0.00', NULL, NULL, 'physical', NULL, NULL),
(14, 'Brandix Manual Five Speed Gearbox', 'Brandix-Manual-Five-Speed-Gearbox', 169, 99999923, '1125918', 4, 'gear,car,auto', '1593864070.jpg', 'Many philosophical debates that began in ancient times are still debated today. In one general sense, philosophy is associated with wisdom, intellectual culture and a search for knowledge.', '<p style=\"margin-bottom: 1.5em; color: rgb(38, 38, 38); font-family: Roboto, sans-serif; font-size: 16px;\">Lorem ipsum dolor sit amet, consectetur adipiscing elit. Maecenas fermentum, diam non iaculis finibus, ipsum arcu sollicitudin dolor, ut cursus sapien sem sed purus. Donec vitae fringilla tortor, sed fermentum nunc. Suspendisse sodales turpis dolor, at rutrum dolor tristique id. Quisque pellentesque ullamcorper felis, eget gravida mi elementum a. Maecenas consectetur volutpat ante, sit amet molestie urna luctus in. Nulla eget dolor semper urna malesuada dictum. Duis eleifend pellentesque dui et finibus. Pellentesque dapibus dignissim augue. Etiam odio est, sodales ac aliquam id, iaculis eget lacus. Aenean porta, ante vitae suscipit pulvinar, purus dui interdum tellus, sed dapibus mi mauris vitae tellus.</p><h4 style=\"margin-top: 1.5em; margin-bottom: 0.75em; line-height: 1.2; font-size: 24px; color: rgb(38, 38, 38); font-family: Roboto, sans-serif;\">Etiam lacus lacus mollis in mattis</h4><p style=\"margin-bottom: 1.5em; color: rgb(38, 38, 38); font-family: Roboto, sans-serif; font-size: 16px;\">Praesent mattis eget augue ac elementum. Maecenas vel ante ut enim mollis accumsan. Vestibulum vel eros at mi suscipit feugiat. Sed tortor purus, vulputate et eros a, rhoncus laoreet orci. Proin sapien neque, commodo at porta in, vehicula eu elit. Vestibulum ante ipsum primis in faucibus orci luctus et ultrices posuere cubilia Curae; Curabitur porta vulputate augue, at sollicitudin nisl molestie eget.</p><p style=\"margin-bottom: 0px; color: rgb(38, 38, 38); font-family: Roboto, sans-serif; font-size: 16px;\">Nunc sollicitudin, nunc id accumsan semper, libero nunc aliquet nulla, nec pretium ipsum risus ac neque. Morbi eu facilisis purus. Quisque mi tortor, cursus in nulla ut, laoreet commodo quam. Pellentesque et ornare sapien. In ac est tempus urna tincidunt finibus. Integer erat ipsum, tristique ac lobortis sit amet, dapibus sit amet purus. Nam sed lorem nisi. Vestibulum ultrices tincidunt turpis, sit amet fringilla odio scelerisque non.</p>', '120.00', '250.00', 0, 1, '2020-06-25 08:47:06', '2021-11-09 02:30:10', '5.00', NULL, NULL, 'physical', NULL, NULL),
(15, 'Motor Oil Level 5', 'Motor-Oil-Level-5', 169, 9999858, '5323401', 7, 'oil,car', '1593864080.jpg', 'Many philosophical debates that began in ancient times are still debated today. In one general sense, philosophy is associated with wisdom, intellectual culture and a search for knowledge.', '<p style=\"margin-bottom: 1.5em; color: rgb(38, 38, 38); font-family: Roboto, sans-serif; font-size: 16px;\">Lorem ipsum dolor sit amet, consectetur adipiscing elit. Maecenas fermentum, diam non iaculis finibus, ipsum arcu sollicitudin dolor, ut cursus sapien sem sed purus. Donec vitae fringilla tortor, sed fermentum nunc. Suspendisse sodales turpis dolor, at rutrum dolor tristique id. Quisque pellentesque ullamcorper felis, eget gravida mi elementum a. Maecenas consectetur volutpat ante, sit amet molestie urna luctus in. Nulla eget dolor semper urna malesuada dictum. Duis eleifend pellentesque dui et finibus. Pellentesque dapibus dignissim augue. Etiam odio est, sodales ac aliquam id, iaculis eget lacus. Aenean porta, ante vitae suscipit pulvinar, purus dui interdum tellus, sed dapibus mi mauris vitae tellus.</p><h4 style=\"margin-top: 1.5em; margin-bottom: 0.75em; line-height: 1.2; font-size: 24px; color: rgb(38, 38, 38); font-family: Roboto, sans-serif;\">Etiam lacus lacus mollis in mattis</h4><p style=\"margin-bottom: 1.5em; color: rgb(38, 38, 38); font-family: Roboto, sans-serif; font-size: 16px;\">Praesent mattis eget augue ac elementum. Maecenas vel ante ut enim mollis accumsan. Vestibulum vel eros at mi suscipit feugiat. Sed tortor purus, vulputate et eros a, rhoncus laoreet orci. Proin sapien neque, commodo at porta in, vehicula eu elit. Vestibulum ante ipsum primis in faucibus orci luctus et ultrices posuere cubilia Curae; Curabitur porta vulputate augue, at sollicitudin nisl molestie eget.</p><p style=\"margin-bottom: 0px; color: rgb(38, 38, 38); font-family: Roboto, sans-serif; font-size: 16px;\">Nunc sollicitudin, nunc id accumsan semper, libero nunc aliquet nulla, nec pretium ipsum risus ac neque. Morbi eu facilisis purus. Quisque mi tortor, cursus in nulla ut, laoreet commodo quam. Pellentesque et ornare sapien. In ac est tempus urna tincidunt finibus. Integer erat ipsum, tristique ac lobortis sit amet, dapibus sit amet purus. Nam sed lorem nisi. Vestibulum ultrices tincidunt turpis, sit amet fringilla odio scelerisque non.</p>', '100.00', NULL, 0, 1, '2020-06-25 08:49:32', '2021-11-09 01:21:12', '0.00', NULL, NULL, 'physical', NULL, NULL),
(16, 'Brandix Engine Block Z4', 'Brandix-Engine-Block-Z4', 169, 99999970, '8869946', 1, 'engine,car', '1593864097.jpg', 'Many philosophical debates that began in ancient times are still debated today. In one general sense, philosophy is associated with wisdom, intellectual culture and a search for knowledge.', '<p style=\"margin-bottom: 1.5em; color: rgb(38, 38, 38); font-family: Roboto, sans-serif; font-size: 16px;\">Lorem ipsum dolor sit amet, consectetur adipiscing elit. Maecenas fermentum, diam non iaculis finibus, ipsum arcu sollicitudin dolor, ut cursus sapien sem sed purus. Donec vitae fringilla tortor, sed fermentum nunc. Suspendisse sodales turpis dolor, at rutrum dolor tristique id. Quisque pellentesque ullamcorper felis, eget gravida mi elementum a. Maecenas consectetur volutpat ante, sit amet molestie urna luctus in. Nulla eget dolor semper urna malesuada dictum. Duis eleifend pellentesque dui et finibus. Pellentesque dapibus dignissim augue. Etiam odio est, sodales ac aliquam id, iaculis eget lacus. Aenean porta, ante vitae suscipit pulvinar, purus dui interdum tellus, sed dapibus mi mauris vitae tellus.</p><h4 style=\"margin-top: 1.5em; margin-bottom: 0.75em; line-height: 1.2; font-size: 24px; color: rgb(38, 38, 38); font-family: Roboto, sans-serif;\">Etiam lacus lacus mollis in mattis</h4><p style=\"margin-bottom: 1.5em; color: rgb(38, 38, 38); font-family: Roboto, sans-serif; font-size: 16px;\">Praesent mattis eget augue ac elementum. Maecenas vel ante ut enim mollis accumsan. Vestibulum vel eros at mi suscipit feugiat. Sed tortor purus, vulputate et eros a, rhoncus laoreet orci. Proin sapien neque, commodo at porta in, vehicula eu elit. Vestibulum ante ipsum primis in faucibus orci luctus et ultrices posuere cubilia Curae; Curabitur porta vulputate augue, at sollicitudin nisl molestie eget.</p><p style=\"margin-bottom: 0px; color: rgb(38, 38, 38); font-family: Roboto, sans-serif; font-size: 16px;\">Nunc sollicitudin, nunc id accumsan semper, libero nunc aliquet nulla, nec pretium ipsum risus ac neque. Morbi eu facilisis purus. Quisque mi tortor, cursus in nulla ut, laoreet commodo quam. Pellentesque et ornare sapien. In ac est tempus urna tincidunt finibus. Integer erat ipsum, tristique ac lobortis sit amet, dapibus sit amet purus. Nam sed lorem nisi. Vestibulum ultrices tincidunt turpis, sit amet fringilla odio scelerisque non.</p>', '500.00', '800.00', 0, 1, '2020-06-25 08:52:15', '2021-04-27 11:29:17', '3.00', NULL, NULL, 'physical', NULL, NULL),
(17, 'Banco do motorista Brandix', 'Banco-do-motorista-Brandix', 170, 10000000, '4370634', 12, 'car,seat', '1593863977.jpg', 'Lorem ipsum dolor sit amet, consectetur adipiscing elit, sed do eiusmod tempor incididunt ut labore et dolore magna aliqua. Ut enim ad minim veniam, quis nostrud exercitation ullamco laboris nisi ut aliquip ex ea commodo consequat', '<h3 style=\"margin: 15px 0px; padding: 0px; font-weight: 700; font-size: 14px; color: rgb(0, 0, 0); font-family: &quot;Open Sans&quot;, Arial, sans-serif;\"><span style=\"font-family: &quot;Courier New&quot;;\">Tradução de 1914 por H. Rackham</span></h3><p style=\"margin-right: 0px; margin-bottom: 15px; margin-left: 0px; padding: 0px; text-align: justify; font-family: &quot;Open Sans&quot;, Arial, sans-serif;\"><span style=\"font-family: Arial;\">\"But I must explain to you how all this mistaken idea of denouncing pleasure and praising pain was born and I will give you a complete account of the system, and expound the actual teachings of the great explorer of the truth, the master-builder of human happiness. No one rejects, dislikes, or avoids pleasure itself, because it is pleasure, but because those who do not know how to pursue pleasure rationally encounter consequences that are extremely painful. Nor again is there anyone who loves or pursues or desires to obtain pain of itself, because it is pain, but because occasionally circumstances occur in which toil and pain can procure him some great pleasure. To take a trivial example, which of us ever undertakes laborious physical exercise, except to obtain some advantage from it? But who has any right to find fault with a man who chooses to enjoy a pleasure that has no annoying consequences, or one who avoids a pain that produces no resultant pleasure?\"</span></p><h3 style=\"margin: 15px 0px; padding: 0px; font-weight: 700; font-size: 14px; color: rgb(0, 0, 0); font-family: &quot;Open Sans&quot;, Arial, sans-serif;\"><span style=\"font-family: Arial;\">Secção 1.10.33 do \"de Finibus Bonorum et Malorum\", escrito por Cícero em 45 AC.</span></h3><p style=\"margin-right: 0px; margin-bottom: 15px; margin-left: 0px; padding: 0px; text-align: justify; font-family: &quot;Open Sans&quot;, Arial, sans-serif;\"><span style=\"font-family: Arial;\">\"At vero eos et accusamus et iusto odio dignissimos ducimus qui blanditiis praesentium voluptatum deleniti atque corrupti quos dolores et quas molestias excepturi sint occaecati cupiditate non provident, similique sunt in culpa qui officia deserunt mollitia animi, id est laborum et dolorum fuga. Et harum quidem rerum facilis est et expedita distinctio. Nam libero tempore, cum soluta nobis est eligendi optio cumque nihil impedit quo minus id quod maxime placeat facere possimus, omnis voluptas assumenda est, omnis dolor repellendus. Temporibus autem quibusdam et aut officiis debitis aut rerum necessitatibus saepe eveniet ut et voluptates repudiandae sint et molestiae non recusandae. Itaque earum rerum hic tenetur a sapiente delectus, ut aut reiciendis voluptatibus maiores alias consequatur aut perferendis doloribus asperiores repellat.\"</span></p>', '60.00', '70.00', 0, 1, '2020-06-25 09:10:05', '2020-07-04 10:27:01', '0.00', NULL, NULL, 'physical', NULL, NULL),
(18, 'Espelho Retrovisor Lateral', 'Espelho-Retrovisor-Lateral', 170, 100000000, '3484507', 13, 'car,mirror', '1593864005.jpg', 'Lorem ipsum dolor sit amet, consectetur adipiscing elit, sed do eiusmod tempor incididunt ut labore et dolore magna aliqua. Ut enim ad minim veniam, quis nostrud exercitation ullamco laboris nisi ut aliquip ex ea commodo consequat', '<h3 style=\"margin: 15px 0px; padding: 0px; font-weight: 700; font-size: 14px; color: rgb(0, 0, 0); font-family: &quot;Open Sans&quot;, Arial, sans-serif;\">Tradução de 1914 por H. Rackham</h3><p style=\"margin-right: 0px; margin-bottom: 15px; margin-left: 0px; padding: 0px; text-align: justify; font-family: &quot;Open Sans&quot;, Arial, sans-serif;\">But I must explain to you how all this mistaken idea of denouncing pleasure and praising pain was born and I will give you a complete account of the system, and expound the actual teachings of the great explorer of the truth, the master-builder of human happiness. No one rejects, dislikes, or avoids pleasure itself, because it is pleasure, but because those who do not know how to pursue pleasure rationally encounter consequences that are extremely painful. Nor again is there anyone who loves or pursues or desires to obtain pain of itself, because it is pain, but because occasionally circumstances occur in which toil and pain can procure him some great pleasure. To take a trivial example, which of us ever undertakes laborious physical exercise, except to obtain some advantage from it? But who has any right to find fault with a man who chooses to enjoy a pleasure that has no annoying consequences, or one who avoids a pain that produces no resultant pleasure?</p><h3 style=\"margin: 15px 0px; padding: 0px; font-weight: 700; font-size: 14px; color: rgb(0, 0, 0); font-family: &quot;Open Sans&quot;, Arial, sans-serif;\">Secção 1.10.33 do \"de Finibus Bonorum et Malorum\", escrito por Cícero em 45 AC.</h3><p style=\"margin-right: 0px; margin-bottom: 15px; margin-left: 0px; padding: 0px; text-align: justify; font-family: &quot;Open Sans&quot;, Arial, sans-serif;\">At vero eos et accusamus et iusto odio dignissimos ducimus qui blanditiis praesentium voluptatum deleniti atque corrupti quos dolores et quas molestias excepturi sint occaecati cupiditate non provident, similique sunt in culpa qui officia deserunt mollitia animi, id est laborum et dolorum fuga. Et harum quidem rerum facilis est et expedita distinctio. Nam libero tempore, cum soluta nobis est eligendi optio cumque nihil impedit quo minus id quod maxime placeat facere possimus, omnis voluptas assumenda est, omnis dolor repellendus. Temporibus autem quibusdam et aut officiis debitis aut rerum necessitatibus saepe eveniet ut et voluptates repudiandae sint et molestiae non recusandae. Itaque earum rerum hic tenetur a sapiente delectus, ut aut reiciendis voluptatibus maiores alias consequatur aut perferendis doloribus asperiores repellat.</p>', '60.00', '70.00', 0, 1, '2020-06-25 11:19:21', '2020-07-04 10:27:01', '0.00', NULL, NULL, 'physical', NULL, NULL),
(19, 'Conjunto de quatro pneus cravados de 19 polegadas', 'Conjunto-de-quatro-pneus-cravados-de-19-polegadas', 170, 10000000, '6492144', 14, 'tire,car', '1593864023.jpg', 'É um facto estabelecido de que um leitor é distraído pelo conteúdo legível de uma página quando analisa a sua mancha gráfica. Logo, o uso de Lorem Ipsum leva a uma distribuição mais ou menos normal de letras', '<h2 style=\"margin-right: 0px; margin-bottom: 10px; margin-left: 0px; padding: 0px; font-family: DauphinPlain; font-size: 24px; line-height: 24px; color: rgb(0, 0, 0);\">O que é o Lorem Ipsum?</h2><p style=\"margin-right: 0px; margin-bottom: 15px; margin-left: 0px; padding: 0px; text-align: justify; font-family: &quot;Open Sans&quot;, Arial, sans-serif;\">O&nbsp;<strong style=\"margin: 0px; padding: 0px;\">Lorem Ipsum</strong>&nbsp;é um texto modelo da indústria tipográfica e de impressão. O Lorem Ipsum tem vindo a ser o texto padrão usado por estas indústrias desde o ano de 1500, quando uma misturou os caracteres de um texto para criar um espécime de livro. Este texto não só sobreviveu 5 séculos, mas também o salto para a tipografia electrónica, mantendo-se essencialmente inalterada. Foi popularizada nos anos 60 com a disponibilização das folhas de Letraset, que continham passagens com Lorem Ipsum, e mais recentemente com os programas de publicação como o Aldus PageMaker que incluem versões do Lorem Ipsum.</p><h2 style=\"margin-right: 0px; margin-bottom: 10px; margin-left: 0px; padding: 0px; font-family: DauphinPlain; font-size: 24px; line-height: 24px; color: rgb(0, 0, 0);\">Porque é que o usamos?</h2><p style=\"margin-right: 0px; margin-bottom: 15px; margin-left: 0px; padding: 0px; text-align: justify; font-family: &quot;Open Sans&quot;, Arial, sans-serif;\">É um facto estabelecido de que um leitor é distraído pelo conteúdo legível de uma página quando analisa a sua mancha gráfica. Logo, o uso de Lorem Ipsum leva a uma distribuição mais ou menos normal de letras, ao contrário do uso de \"Conteúdo aqui, conteúdo aqui\", tornando-o texto legível. Muitas ferramentas de publicação electrónica e editores de páginas web usam actualmente o Lorem Ipsum como o modelo de texto usado por omissão, e uma pesquisa por \"lorem ipsum\" irá encontrar muitos websites ainda na sua infância. Várias versões têm evoluído ao longo dos anos, por vezes por acidente, por vezes propositadamente (como no caso do humor).</p>', '100.00', '120.00', 0, 1, '2020-06-25 11:22:31', '2020-07-04 10:27:01', '0.00', NULL, NULL, 'physical', NULL, NULL),
(20, 'Lanternas traseiras Brandix Z54', 'Lanternas-traseiras-Brandix-Z54', 170, 10000000, '1328558', 15, 'car,light', '1593864033.jpg', 'É um facto estabelecido de que um leitor é distraído pelo conteúdo legível de uma página quando analisa a sua mancha gráfica. Logo, o uso de Lorem Ipsum leva a uma distribuição mais ou menos normal de letras', '<h2 style=\"margin-right: 0px; margin-bottom: 10px; margin-left: 0px; font-family: DauphinPlain; line-height: 24px; color: rgb(0, 0, 0); font-size: 24px; padding: 0px;\">O que é o Lorem Ipsum?</h2><p style=\"margin-right: 0px; margin-bottom: 15px; margin-left: 0px; font-family: &quot;Open Sans&quot;, Arial, sans-serif; padding: 0px; text-align: justify;\">O&nbsp;<span style=\"font-weight: 600; margin: 0px; padding: 0px;\">Lorem Ipsum</span>&nbsp;é um texto modelo da indústria tipográfica e de impressão. O Lorem Ipsum tem vindo a ser o texto padrão usado por estas indústrias desde o ano de 1500, quando uma misturou os caracteres de um texto para criar um espécime de livro. Este texto não só sobreviveu 5 séculos, mas também o salto para a tipografia electrónica, mantendo-se essencialmente inalterada. Foi popularizada nos anos 60 com a disponibilização das folhas de Letraset, que continham passagens com Lorem Ipsum, e mais recentemente com os programas de publicação como o Aldus PageMaker que incluem versões do Lorem Ipsum.</p><h2 style=\"margin-right: 0px; margin-bottom: 10px; margin-left: 0px; font-family: DauphinPlain; line-height: 24px; color: rgb(0, 0, 0); font-size: 24px; padding: 0px;\">Porque é que o usamos?</h2><p style=\"margin-right: 0px; margin-bottom: 15px; margin-left: 0px; font-family: &quot;Open Sans&quot;, Arial, sans-serif; padding: 0px; text-align: justify;\">É um facto estabelecido de que um leitor é distraído pelo conteúdo legível de uma página quando analisa a sua mancha gráfica. Logo, o uso de Lorem Ipsum leva a uma distribuição mais ou menos normal de letras, ao contrário do uso de \"Conteúdo aqui, conteúdo aqui\", tornando-o texto legível. Muitas ferramentas de publicação electrónica e editores de páginas web usam actualmente o Lorem Ipsum como o modelo de texto usado por omissão, e uma pesquisa por \"lorem ipsum\" irá encontrar muitos websites ainda na sua infância. Várias versões têm evoluído ao longo dos anos, por vezes por acidente, por vezes propositadamente (como no caso do humor).</p>', '100.00', '200.00', 0, 1, '2020-06-25 11:24:31', '2020-07-04 07:43:13', '0.00', NULL, NULL, 'physical', NULL, NULL),
(21, 'Brandix Kit de freio BDX-750Z370-S', 'Brandix-Kit-de-freio-BDX-750Z370-S', 170, 10000000, '2481846', 12, 'accessories', '1593864049.jpg', 'É um facto estabelecido de que um leitor é distraído pelo conteúdo legível de uma página quando analisa a sua mancha gráfica. Logo, o uso de Lorem Ipsum leva a uma distribuição mais ou menos normal de letras', '<h2 style=\"margin-right: 0px; margin-bottom: 10px; margin-left: 0px; font-family: DauphinPlain; line-height: 24px; color: rgb(0, 0, 0); font-size: 24px; padding: 0px;\">O que é o Lorem Ipsum?</h2><p style=\"margin-right: 0px; margin-bottom: 15px; margin-left: 0px; font-family: &quot;Open Sans&quot;, Arial, sans-serif; padding: 0px; text-align: justify;\">O&nbsp;<span style=\"font-weight: 600; margin: 0px; padding: 0px;\">Lorem Ipsum</span>&nbsp;é um texto modelo da indústria tipográfica e de impressão. O Lorem Ipsum tem vindo a ser o texto padrão usado por estas indústrias desde o ano de 1500, quando uma misturou os caracteres de um texto para criar um espécime de livro. Este texto não só sobreviveu 5 séculos, mas também o salto para a tipografia electrónica, mantendo-se essencialmente inalterada. Foi popularizada nos anos 60 com a disponibilização das folhas de Letraset, que continham passagens com Lorem Ipsum, e mais recentemente com os programas de publicação como o Aldus PageMaker que incluem versões do Lorem Ipsum.</p><h2 style=\"margin-right: 0px; margin-bottom: 10px; margin-left: 0px; font-family: DauphinPlain; line-height: 24px; color: rgb(0, 0, 0); font-size: 24px; padding: 0px;\">Porque é que o usamos?</h2><p style=\"margin-right: 0px; margin-bottom: 15px; margin-left: 0px; font-family: &quot;Open Sans&quot;, Arial, sans-serif; padding: 0px; text-align: justify;\">É um facto estabelecido de que um leitor é distraído pelo conteúdo legível de uma página quando analisa a sua mancha gráfica. Logo, o uso de Lorem Ipsum leva a uma distribuição mais ou menos normal de letras, ao contrário do uso de \"Conteúdo aqui, conteúdo aqui\", tornando-o texto legível. Muitas ferramentas de publicação electrónica e editores de páginas web usam actualmente o Lorem Ipsum como o modelo de texto usado por omissão, e uma pesquisa por \"lorem ipsum\" irá encontrar muitos websites ainda na sua infância. Várias versões têm evoluído ao longo dos anos, por vezes por acidente, por vezes propositadamente (como no caso do humor).</p>', '45.00', '60.00', 0, 1, '2020-06-25 11:32:06', '2020-07-04 10:27:01', '0.00', NULL, NULL, 'physical', NULL, NULL),
(22, 'Brandix Kit de freio BDX-750Z370-S', 'Brandix-Kit-de-freio-BDX-750Z370-S', 170, 1000000, '1438342', 13, 'brakes', '1593864062.jpg', 'É um facto estabelecido de que um leitor é distraído pelo conteúdo legível de uma página quando analisa a sua mancha gráfica. Logo, o uso de Lorem Ipsum leva a uma distribuição mais ou menos normal de letras', '<h2 style=\"margin-right: 0px; margin-bottom: 10px; margin-left: 0px; font-family: DauphinPlain; line-height: 24px; color: rgb(0, 0, 0); font-size: 24px; padding: 0px;\">O que é o Lorem Ipsum?</h2><p style=\"margin-right: 0px; margin-bottom: 15px; margin-left: 0px; font-family: &quot;Open Sans&quot;, Arial, sans-serif; padding: 0px; text-align: justify;\">O&nbsp;<span style=\"font-weight: 600; margin: 0px; padding: 0px;\">Lorem Ipsum</span>&nbsp;é um texto modelo da indústria tipográfica e de impressão. O Lorem Ipsum tem vindo a ser o texto padrão usado por estas indústrias desde o ano de 1500, quando uma misturou os caracteres de um texto para criar um espécime de livro. Este texto não só sobreviveu 5 séculos, mas também o salto para a tipografia electrónica, mantendo-se essencialmente inalterada. Foi popularizada nos anos 60 com a disponibilização das folhas de Letraset, que continham passagens com Lorem Ipsum, e mais recentemente com os programas de publicação como o Aldus PageMaker que incluem versões do Lorem Ipsum.</p><h2 style=\"margin-right: 0px; margin-bottom: 10px; margin-left: 0px; font-family: DauphinPlain; line-height: 24px; color: rgb(0, 0, 0); font-size: 24px; padding: 0px;\">Porque é que o usamos?</h2><p style=\"margin-right: 0px; margin-bottom: 15px; margin-left: 0px; font-family: &quot;Open Sans&quot;, Arial, sans-serif; padding: 0px; text-align: justify;\">É um facto estabelecido de que um leitor é distraído pelo conteúdo legível de uma página quando analisa a sua mancha gráfica. Logo, o uso de Lorem Ipsum leva a uma distribuição mais ou menos normal de letras, ao contrário do uso de \"Conteúdo aqui, conteúdo aqui\", tornando-o texto legível. Muitas ferramentas de publicação electrónica e editores de páginas web usam actualmente o Lorem Ipsum como o modelo de texto usado por omissão, e uma pesquisa por \"lorem ipsum\" irá encontrar muitos websites ainda na sua infância. Várias versões têm evoluído ao longo dos anos, por vezes por acidente, por vezes propositadamente (como no caso do humor).</p>', '220.00', NULL, 0, 1, '2020-06-25 11:37:53', '2020-07-04 10:27:01', '0.00', NULL, NULL, 'physical', NULL, NULL),
(23, 'Caixa de velocidades manual de cinco velocidades da Brandix', 'Caixa-de-velocidades-manual-de-cinco-velocidades-da-Brandix', 170, 10000000, '9518947', 14, 'car,parts', '1593864070.jpg', 'É um facto estabelecido de que um leitor é distraído pelo conteúdo legível de uma página quando analisa a sua mancha gráfica. Logo, o uso de Lorem Ipsum leva a uma distribuição mais ou menos normal de letras', '<h2 style=\"margin-right: 0px; margin-bottom: 10px; margin-left: 0px; font-family: DauphinPlain; line-height: 24px; color: rgb(0, 0, 0); font-size: 24px; padding: 0px;\">O que é o Lorem Ipsum?</h2><p style=\"margin-right: 0px; margin-bottom: 15px; margin-left: 0px; font-family: &quot;Open Sans&quot;, Arial, sans-serif; padding: 0px; text-align: justify;\">O&nbsp;<span style=\"font-weight: 600; margin: 0px; padding: 0px;\">Lorem Ipsum</span>&nbsp;é um texto modelo da indústria tipográfica e de impressão. O Lorem Ipsum tem vindo a ser o texto padrão usado por estas indústrias desde o ano de 1500, quando uma misturou os caracteres de um texto para criar um espécime de livro. Este texto não só sobreviveu 5 séculos, mas também o salto para a tipografia electrónica, mantendo-se essencialmente inalterada. Foi popularizada nos anos 60 com a disponibilização das folhas de Letraset, que continham passagens com Lorem Ipsum, e mais recentemente com os programas de publicação como o Aldus PageMaker que incluem versões do Lorem Ipsum.</p><h2 style=\"margin-right: 0px; margin-bottom: 10px; margin-left: 0px; font-family: DauphinPlain; line-height: 24px; color: rgb(0, 0, 0); font-size: 24px; padding: 0px;\">Porque é que o usamos?</h2><p style=\"margin-right: 0px; margin-bottom: 15px; margin-left: 0px; font-family: &quot;Open Sans&quot;, Arial, sans-serif; padding: 0px; text-align: justify;\">É um facto estabelecido de que um leitor é distraído pelo conteúdo legível de uma página quando analisa a sua mancha gráfica. Logo, o uso de Lorem Ipsum leva a uma distribuição mais ou menos normal de letras, ao contrário do uso de \"Conteúdo aqui, conteúdo aqui\", tornando-o texto legível. Muitas ferramentas de publicação electrónica e editores de páginas web usam actualmente o Lorem Ipsum como o modelo de texto usado por omissão, e uma pesquisa por \"lorem ipsum\" irá encontrar muitos websites ainda na sua infância. Várias versões têm evoluído ao longo dos anos, por vezes por acidente, por vezes propositadamente (como no caso do humor).</p>', '120.00', '250.00', 0, 1, '2020-06-25 21:38:03', '2020-07-04 10:27:01', '0.00', NULL, NULL, 'physical', NULL, NULL),
(24, 'Nível 5 do óleo do motor', 'Nível-5-do-óleo-do-motor', 170, 1000000, '3478704', 15, 'motor,oil', '1593864080.jpg', 'É um facto estabelecido de que um leitor é distraído pelo conteúdo legível de uma página quando analisa a sua mancha gráfica. Logo, o uso de Lorem Ipsum leva a uma distribuição mais ou menos normal de letras', '<h2 style=\"margin-right: 0px; margin-bottom: 10px; margin-left: 0px; font-family: DauphinPlain; line-height: 24px; color: rgb(0, 0, 0); font-size: 24px; padding: 0px;\">O que é o Lorem Ipsum?</h2><p style=\"margin-right: 0px; margin-bottom: 15px; margin-left: 0px; font-family: &quot;Open Sans&quot;, Arial, sans-serif; padding: 0px; text-align: justify;\">O&nbsp;<span style=\"font-weight: 600; margin: 0px; padding: 0px;\">Lorem Ipsum</span>&nbsp;é um texto modelo da indústria tipográfica e de impressão. O Lorem Ipsum tem vindo a ser o texto padrão usado por estas indústrias desde o ano de 1500, quando uma misturou os caracteres de um texto para criar um espécime de livro. Este texto não só sobreviveu 5 séculos, mas também o salto para a tipografia electrónica, mantendo-se essencialmente inalterada. Foi popularizada nos anos 60 com a disponibilização das folhas de Letraset, que continham passagens com Lorem Ipsum, e mais recentemente com os programas de publicação como o Aldus PageMaker que incluem versões do Lorem Ipsum.</p><h2 style=\"margin-right: 0px; margin-bottom: 10px; margin-left: 0px; font-family: DauphinPlain; line-height: 24px; color: rgb(0, 0, 0); font-size: 24px; padding: 0px;\">Porque é que o usamos?</h2><p style=\"margin-right: 0px; margin-bottom: 15px; margin-left: 0px; font-family: &quot;Open Sans&quot;, Arial, sans-serif; padding: 0px; text-align: justify;\">É um facto estabelecido de que um leitor é distraído pelo conteúdo legível de uma página quando analisa a sua mancha gráfica. Logo, o uso de Lorem Ipsum leva a uma distribuição mais ou menos normal de letras, ao contrário do uso de \"Conteúdo aqui, conteúdo aqui\", tornando-o texto legível. Muitas ferramentas de publicação electrónica e editores de páginas web usam actualmente o Lorem Ipsum como o modelo de texto usado por omissão, e uma pesquisa por \"lorem ipsum\" irá encontrar muitos websites ainda na sua infância. Várias versões têm evoluído ao longo dos anos, por vezes por acidente, por vezes propositadamente (como no caso do humor).</p>', '100.00', NULL, 0, 1, '2020-06-25 22:37:15', '2020-07-04 10:27:01', '0.00', NULL, NULL, 'physical', NULL, NULL),
(25, 'Bloco do motor Brandix Z4', 'Bloco-do-motor-Brandix-Z4', 170, 10000000, '6067608', 12, 'motor,car', '1593864097.jpg', 'É um facto estabelecido de que um leitor é distraído pelo conteúdo legível de uma página quando analisa a sua mancha gráfica. Logo, o uso de Lorem Ipsum leva a uma distribuição mais ou menos normal de letras', '<h2 style=\"margin-right: 0px; margin-bottom: 10px; margin-left: 0px; font-family: DauphinPlain; line-height: 24px; color: rgb(0, 0, 0); font-size: 24px; padding: 0px;\">O que é o Lorem Ipsum?</h2><p style=\"margin-right: 0px; margin-bottom: 15px; margin-left: 0px; font-family: &quot;Open Sans&quot;, Arial, sans-serif; padding: 0px; text-align: justify;\">O&nbsp;<span style=\"font-weight: 600; margin: 0px; padding: 0px;\">Lorem Ipsum</span>&nbsp;é um texto modelo da indústria tipográfica e de impressão. O Lorem Ipsum tem vindo a ser o texto padrão usado por estas indústrias desde o ano de 1500, quando uma misturou os caracteres de um texto para criar um espécime de livro. Este texto não só sobreviveu 5 séculos, mas também o salto para a tipografia electrónica, mantendo-se essencialmente inalterada. Foi popularizada nos anos 60 com a disponibilização das folhas de Letraset, que continham passagens com Lorem Ipsum, e mais recentemente com os programas de publicação como o Aldus PageMaker que incluem versões do Lorem Ipsum.</p><h2 style=\"margin-right: 0px; margin-bottom: 10px; margin-left: 0px; font-family: DauphinPlain; line-height: 24px; color: rgb(0, 0, 0); font-size: 24px; padding: 0px;\">Porque é que o usamos?</h2><p style=\"margin-right: 0px; margin-bottom: 15px; margin-left: 0px; font-family: &quot;Open Sans&quot;, Arial, sans-serif; padding: 0px; text-align: justify;\">É um facto estabelecido de que um leitor é distraído pelo conteúdo legível de uma página quando analisa a sua mancha gráfica. Logo, o uso de Lorem Ipsum leva a uma distribuição mais ou menos normal de letras, ao contrário do uso de \"Conteúdo aqui, conteúdo aqui\", tornando-o texto legível. Muitas ferramentas de publicação electrónica e editores de páginas web usam actualmente o Lorem Ipsum como o modelo de texto usado por omissão, e uma pesquisa por \"lorem ipsum\" irá encontrar muitos websites ainda na sua infância. Várias versões têm evoluído ao longo dos anos, por vezes por acidente, por vezes propositadamente (como no caso do humor).</p>', '500.00', '800.00', 0, 1, '2020-06-25 22:41:01', '2020-07-04 07:43:13', '0.00', NULL, NULL, 'physical', NULL, NULL),
(26, 'Brandix Sürücü koltuğu', 'Brandix-Sürücü-koltuğu', 171, 1000000, '5831479', 16, 'car,seats', '1593863977.jpg', 'Lorem Ipsum, dizgi ve baskı endüstrisinde kullanılan mıgır metinlerdir. Lorem Ipsum, adı bilinmeyen bir matbaacının bir hurufat numune kitabı oluşturmak üzere bir yazı galerisini alarak karıştırdığı 1500', '<h2 style=\"margin-right: 0px; margin-bottom: 10px; margin-left: 0px; padding: 0px; font-family: DauphinPlain; font-size: 24px; line-height: 24px; color: rgb(0, 0, 0);\">Lorem Ipsum Nedir?</h2><p style=\"margin-right: 0px; margin-bottom: 15px; margin-left: 0px; padding: 0px; text-align: justify; font-family: &quot;Open Sans&quot;, Arial, sans-serif;\"><strong style=\"margin: 0px; padding: 0px;\">Lorem Ipsum</strong>, dizgi ve baskı endüstrisinde kullanılan mıgır metinlerdir. Lorem Ipsum, adı bilinmeyen bir matbaacının bir hurufat numune kitabı oluşturmak üzere bir yazı galerisini alarak karıştırdığı 1500\'lerden beri endüstri standardı sahte metinler olarak kullanılmıştır. Beşyüz yıl boyunca varlığını sürdürmekle kalmamış, aynı zamanda pek değişmeden elektronik dizgiye de sıçramıştır. 1960\'larda Lorem Ipsum pasajları da içeren Letraset yapraklarının yayınlanması ile ve yakın zamanda Aldus PageMaker gibi Lorem Ipsum sürümleri içeren masaüstü yayıncılık yazılımları ile popüler olmuştur.</p><h2 style=\"margin-right: 0px; margin-bottom: 10px; margin-left: 0px; padding: 0px; font-family: DauphinPlain; font-size: 24px; line-height: 24px; color: rgb(0, 0, 0);\">Neden Kullanırız?</h2><p style=\"margin-right: 0px; margin-bottom: 15px; margin-left: 0px; padding: 0px; text-align: justify; font-family: &quot;Open Sans&quot;, Arial, sans-serif;\">Yinelenen bir sayfa içeriğinin okuyucunun dikkatini dağıttığı bilinen bir gerçektir. Lorem Ipsum kullanmanın amacı, sürekli \'buraya metin gelecek, buraya metin gelecek\' yazmaya kıyasla daha dengeli bir harf dağılımı sağlayarak okunurluğu artırmasıdır. Şu anda birçok masaüstü yayıncılık paketi ve web sayfa düzenleyicisi, varsayılan mıgır metinler olarak Lorem Ipsum kullanmaktadır. Ayrıca arama motorlarında \'lorem ipsum\' anahtar sözcükleri ile arama yapıldığında henüz tasarım aşamasında olan çok sayıda site listelenir. Yıllar içinde, bazen kazara, bazen bilinçli olarak (örneğin mizah katılarak), çeşitli sürümleri geliştirilmiştir.</p>', '60.00', '70.00', 0, 1, '2020-06-26 01:18:28', '2020-07-04 10:27:13', '0.00', NULL, NULL, 'physical', NULL, NULL);
INSERT INTO `products` (`id`, `title`, `slug`, `language_id`, `stock`, `sku`, `category_id`, `tags`, `feature_image`, `summary`, `description`, `current_price`, `previous_price`, `is_feature`, `status`, `created_at`, `updated_at`, `rating`, `meta_keywords`, `meta_description`, `type`, `download_file`, `download_link`) VALUES
(27, 'Yan Dikiz Aynası', 'Yan-Dikiz-Aynası', 171, 10000000, '2659664', 17, 'mirror,car', '1593864005.jpg', 'Lorem Ipsum, dizgi ve baskı endüstrisinde kullanılan mıgır metinlerdir. Lorem Ipsum, adı bilinmeyen bir matbaacının bir hurufat numune kitabı oluşturmak üzere bir yazı galerisini alarak karıştırdığı 1500', '<h2 style=\"margin-right: 0px; margin-bottom: 10px; margin-left: 0px; font-family: DauphinPlain; line-height: 24px; color: rgb(0, 0, 0); font-size: 24px; padding: 0px;\">Lorem Ipsum Nedir?</h2><p style=\"margin-right: 0px; margin-bottom: 15px; margin-left: 0px; font-family: &quot;Open Sans&quot;, Arial, sans-serif; padding: 0px; text-align: justify;\"><span style=\"font-weight: 600; margin: 0px; padding: 0px;\">Lorem Ipsum</span>, dizgi ve baskı endüstrisinde kullanılan mıgır metinlerdir. Lorem Ipsum, adı bilinmeyen bir matbaacının bir hurufat numune kitabı oluşturmak üzere bir yazı galerisini alarak karıştırdığı 1500\'lerden beri endüstri standardı sahte metinler olarak kullanılmıştır. Beşyüz yıl boyunca varlığını sürdürmekle kalmamış, aynı zamanda pek değişmeden elektronik dizgiye de sıçramıştır. 1960\'larda Lorem Ipsum pasajları da içeren Letraset yapraklarının yayınlanması ile ve yakın zamanda Aldus PageMaker gibi Lorem Ipsum sürümleri içeren masaüstü yayıncılık yazılımları ile popüler olmuştur.</p><h2 style=\"margin-right: 0px; margin-bottom: 10px; margin-left: 0px; font-family: DauphinPlain; line-height: 24px; color: rgb(0, 0, 0); font-size: 24px; padding: 0px;\">Neden Kullanırız?</h2><p style=\"margin-right: 0px; margin-bottom: 15px; margin-left: 0px; font-family: &quot;Open Sans&quot;, Arial, sans-serif; padding: 0px; text-align: justify;\">Yinelenen bir sayfa içeriğinin okuyucunun dikkatini dağıttığı bilinen bir gerçektir. Lorem Ipsum kullanmanın amacı, sürekli \'buraya metin gelecek, buraya metin gelecek\' yazmaya kıyasla daha dengeli bir harf dağılımı sağlayarak okunurluğu artırmasıdır. Şu anda birçok masaüstü yayıncılık paketi ve web sayfa düzenleyicisi, varsayılan mıgır metinler olarak Lorem Ipsum kullanmaktadır. Ayrıca arama motorlarında \'lorem ipsum\' anahtar sözcükleri ile arama yapıldığında henüz tasarım aşamasında olan çok sayıda site listelenir. Yıllar içinde, bazen kazara, bazen bilinçli olarak (örneğin mizah katılarak), çeşitli sürümleri geliştirilmiştir.</p>', '40.00', '70.00', 0, 1, '2020-06-26 01:21:20', '2020-07-04 10:27:13', '0.00', NULL, NULL, 'physical', NULL, NULL),
(28, 'Dört 19 İnç Çivili Lastik Seti', 'Dört-19-İnç-Çivili-Lastik-Seti', 171, 1000000, '3328836', 18, 'car,wheel,tire', '1593864023.jpg', 'Lorem Ipsum, dizgi ve baskı endüstrisinde kullanılan mıgır metinlerdir. Lorem Ipsum, adı bilinmeyen bir matbaacının bir hurufat numune kitabı oluşturmak üzere bir yazı galerisini alarak karıştırdığı 1500', '<h2 style=\"margin-right: 0px; margin-bottom: 10px; margin-left: 0px; font-family: DauphinPlain; line-height: 24px; color: rgb(0, 0, 0); font-size: 24px; padding: 0px;\">Lorem Ipsum Nedir?</h2><p style=\"margin-right: 0px; margin-bottom: 15px; margin-left: 0px; font-family: &quot;Open Sans&quot;, Arial, sans-serif; padding: 0px; text-align: justify;\"><span style=\"font-weight: 600; margin: 0px; padding: 0px;\">Lorem Ipsum</span>, dizgi ve baskı endüstrisinde kullanılan mıgır metinlerdir. Lorem Ipsum, adı bilinmeyen bir matbaacının bir hurufat numune kitabı oluşturmak üzere bir yazı galerisini alarak karıştırdığı 1500\'lerden beri endüstri standardı sahte metinler olarak kullanılmıştır. Beşyüz yıl boyunca varlığını sürdürmekle kalmamış, aynı zamanda pek değişmeden elektronik dizgiye de sıçramıştır. 1960\'larda Lorem Ipsum pasajları da içeren Letraset yapraklarının yayınlanması ile ve yakın zamanda Aldus PageMaker gibi Lorem Ipsum sürümleri içeren masaüstü yayıncılık yazılımları ile popüler olmuştur.</p><h2 style=\"margin-right: 0px; margin-bottom: 10px; margin-left: 0px; font-family: DauphinPlain; line-height: 24px; color: rgb(0, 0, 0); font-size: 24px; padding: 0px;\">Neden Kullanırız?</h2><p style=\"margin-right: 0px; margin-bottom: 15px; margin-left: 0px; font-family: &quot;Open Sans&quot;, Arial, sans-serif; padding: 0px; text-align: justify;\">Yinelenen bir sayfa içeriğinin okuyucunun dikkatini dağıttığı bilinen bir gerçektir. Lorem Ipsum kullanmanın amacı, sürekli \'buraya metin gelecek, buraya metin gelecek\' yazmaya kıyasla daha dengeli bir harf dağılımı sağlayarak okunurluğu artırmasıdır. Şu anda birçok masaüstü yayıncılık paketi ve web sayfa düzenleyicisi, varsayılan mıgır metinler olarak Lorem Ipsum kullanmaktadır. Ayrıca arama motorlarında \'lorem ipsum\' anahtar sözcükleri ile arama yapıldığında henüz tasarım aşamasında olan çok sayıda site listelenir. Yıllar içinde, bazen kazara, bazen bilinçli olarak (örneğin mizah katılarak), çeşitli sürümleri geliştirilmiştir.</p>', '100.00', '120.00', 0, 1, '2020-06-26 01:25:13', '2020-07-04 10:27:13', '0.00', NULL, NULL, 'physical', NULL, NULL),
(29, 'Stop Lambaları Brandix Z54', 'Stop-Lambaları-Brandix-Z54', 171, 10000000, '5663831', 20, 'light,car', '1593864033.jpg', 'Lorem Ipsum, dizgi ve baskı endüstrisinde kullanılan mıgır metinlerdir. Lorem Ipsum, adı bilinmeyen bir matbaacının bir hurufat numune kitabı oluşturmak üzere bir yazı galerisini alarak karıştırdığı 1500', '<h2 style=\"margin-right: 0px; margin-bottom: 10px; margin-left: 0px; font-family: DauphinPlain; line-height: 24px; color: rgb(0, 0, 0); font-size: 24px; padding: 0px;\">Lorem Ipsum Nedir?</h2><p style=\"margin-right: 0px; margin-bottom: 15px; margin-left: 0px; font-family: &quot;Open Sans&quot;, Arial, sans-serif; padding: 0px; text-align: justify;\"><span style=\"font-weight: 600; margin: 0px; padding: 0px;\">Lorem Ipsum</span>, dizgi ve baskı endüstrisinde kullanılan mıgır metinlerdir. Lorem Ipsum, adı bilinmeyen bir matbaacının bir hurufat numune kitabı oluşturmak üzere bir yazı galerisini alarak karıştırdığı 1500\'lerden beri endüstri standardı sahte metinler olarak kullanılmıştır. Beşyüz yıl boyunca varlığını sürdürmekle kalmamış, aynı zamanda pek değişmeden elektronik dizgiye de sıçramıştır. 1960\'larda Lorem Ipsum pasajları da içeren Letraset yapraklarının yayınlanması ile ve yakın zamanda Aldus PageMaker gibi Lorem Ipsum sürümleri içeren masaüstü yayıncılık yazılımları ile popüler olmuştur.</p><h2 style=\"margin-right: 0px; margin-bottom: 10px; margin-left: 0px; font-family: DauphinPlain; line-height: 24px; color: rgb(0, 0, 0); font-size: 24px; padding: 0px;\">Neden Kullanırız?</h2><p style=\"margin-right: 0px; margin-bottom: 15px; margin-left: 0px; font-family: &quot;Open Sans&quot;, Arial, sans-serif; padding: 0px; text-align: justify;\">Yinelenen bir sayfa içeriğinin okuyucunun dikkatini dağıttığı bilinen bir gerçektir. Lorem Ipsum kullanmanın amacı, sürekli \'buraya metin gelecek, buraya metin gelecek\' yazmaya kıyasla daha dengeli bir harf dağılımı sağlayarak okunurluğu artırmasıdır. Şu anda birçok masaüstü yayıncılık paketi ve web sayfa düzenleyicisi, varsayılan mıgır metinler olarak Lorem Ipsum kullanmaktadır. Ayrıca arama motorlarında \'lorem ipsum\' anahtar sözcükleri ile arama yapıldığında henüz tasarım aşamasında olan çok sayıda site listelenir. Yıllar içinde, bazen kazara, bazen bilinçli olarak (örneğin mizah katılarak), çeşitli sürümleri geliştirilmiştir.</p>', '100.00', '200.00', 0, 1, '2020-06-26 01:28:16', '2020-07-04 10:27:13', '0.00', NULL, NULL, 'physical', NULL, NULL),
(30, 'Brandix Fren Takımı BDX-750Z370-S', 'Brandix-Fren-Takımı-BDX-750Z370-S', 171, 1000000, '8949219', 16, 'accessories', '1593864049.jpg', 'Lorem Ipsum, dizgi ve baskı endüstrisinde kullanılan mıgır metinlerdir. Lorem Ipsum, adı bilinmeyen bir matbaacının bir hurufat numune kitabı oluşturmak üzere bir yazı galerisini alarak karıştırdığı 1500', '<h2 style=\"margin-right: 0px; margin-bottom: 10px; margin-left: 0px; font-family: DauphinPlain; line-height: 24px; color: rgb(0, 0, 0); font-size: 24px; padding: 0px;\">Lorem Ipsum Nedir?</h2><p style=\"margin-right: 0px; margin-bottom: 15px; margin-left: 0px; font-family: &quot;Open Sans&quot;, Arial, sans-serif; padding: 0px; text-align: justify;\"><span style=\"font-weight: 600; margin: 0px; padding: 0px;\">Lorem Ipsum</span>, dizgi ve baskı endüstrisinde kullanılan mıgır metinlerdir. Lorem Ipsum, adı bilinmeyen bir matbaacının bir hurufat numune kitabı oluşturmak üzere bir yazı galerisini alarak karıştırdığı 1500\'lerden beri endüstri standardı sahte metinler olarak kullanılmıştır. Beşyüz yıl boyunca varlığını sürdürmekle kalmamış, aynı zamanda pek değişmeden elektronik dizgiye de sıçramıştır. 1960\'larda Lorem Ipsum pasajları da içeren Letraset yapraklarının yayınlanması ile ve yakın zamanda Aldus PageMaker gibi Lorem Ipsum sürümleri içeren masaüstü yayıncılık yazılımları ile popüler olmuştur.</p><h2 style=\"margin-right: 0px; margin-bottom: 10px; margin-left: 0px; font-family: DauphinPlain; line-height: 24px; color: rgb(0, 0, 0); font-size: 24px; padding: 0px;\">Neden Kullanırız?</h2><p style=\"margin-right: 0px; margin-bottom: 15px; margin-left: 0px; font-family: &quot;Open Sans&quot;, Arial, sans-serif; padding: 0px; text-align: justify;\">Yinelenen bir sayfa içeriğinin okuyucunun dikkatini dağıttığı bilinen bir gerçektir. Lorem Ipsum kullanmanın amacı, sürekli \'buraya metin gelecek, buraya metin gelecek\' yazmaya kıyasla daha dengeli bir harf dağılımı sağlayarak okunurluğu artırmasıdır. Şu anda birçok masaüstü yayıncılık paketi ve web sayfa düzenleyicisi, varsayılan mıgır metinler olarak Lorem Ipsum kullanmaktadır. Ayrıca arama motorlarında \'lorem ipsum\' anahtar sözcükleri ile arama yapıldığında henüz tasarım aşamasında olan çok sayıda site listelenir. Yıllar içinde, bazen kazara, bazen bilinçli olarak (örneğin mizah katılarak), çeşitli sürümleri geliştirilmiştir.</p>', '45.00', '60.00', 0, 1, '2020-06-26 01:37:06', '2020-07-04 10:27:13', '0.00', NULL, NULL, 'physical', NULL, NULL),
(31, 'Brandix Fren Takımı BDX-750Z370-S', 'Brandix-Fren-Takımı-BDX-750Z370-S', 171, 1000000, '5888212', 17, 'brakes,car', '1593864062.jpg', 'Lorem Ipsum, dizgi ve baskı endüstrisinde kullanılan mıgır metinlerdir. Lorem Ipsum, adı bilinmeyen bir matbaacının bir hurufat numune kitabı oluşturmak üzere bir yazı galerisini alarak karıştırdığı 1500', '<h2 style=\"margin-right: 0px; margin-bottom: 10px; margin-left: 0px; font-family: DauphinPlain; line-height: 24px; color: rgb(0, 0, 0); font-size: 24px; padding: 0px;\">Lorem Ipsum Nedir?</h2><p style=\"margin-right: 0px; margin-bottom: 15px; margin-left: 0px; font-family: &quot;Open Sans&quot;, Arial, sans-serif; padding: 0px; text-align: justify;\"><span style=\"font-weight: 600; margin: 0px; padding: 0px;\">Lorem Ipsum</span>, dizgi ve baskı endüstrisinde kullanılan mıgır metinlerdir. Lorem Ipsum, adı bilinmeyen bir matbaacının bir hurufat numune kitabı oluşturmak üzere bir yazı galerisini alarak karıştırdığı 1500\'lerden beri endüstri standardı sahte metinler olarak kullanılmıştır. Beşyüz yıl boyunca varlığını sürdürmekle kalmamış, aynı zamanda pek değişmeden elektronik dizgiye de sıçramıştır. 1960\'larda Lorem Ipsum pasajları da içeren Letraset yapraklarının yayınlanması ile ve yakın zamanda Aldus PageMaker gibi Lorem Ipsum sürümleri içeren masaüstü yayıncılık yazılımları ile popüler olmuştur.</p><h2 style=\"margin-right: 0px; margin-bottom: 10px; margin-left: 0px; font-family: DauphinPlain; line-height: 24px; color: rgb(0, 0, 0); font-size: 24px; padding: 0px;\">Neden Kullanırız?</h2><p style=\"margin-right: 0px; margin-bottom: 15px; margin-left: 0px; font-family: &quot;Open Sans&quot;, Arial, sans-serif; padding: 0px; text-align: justify;\">Yinelenen bir sayfa içeriğinin okuyucunun dikkatini dağıttığı bilinen bir gerçektir. Lorem Ipsum kullanmanın amacı, sürekli \'buraya metin gelecek, buraya metin gelecek\' yazmaya kıyasla daha dengeli bir harf dağılımı sağlayarak okunurluğu artırmasıdır. Şu anda birçok masaüstü yayıncılık paketi ve web sayfa düzenleyicisi, varsayılan mıgır metinler olarak Lorem Ipsum kullanmaktadır. Ayrıca arama motorlarında \'lorem ipsum\' anahtar sözcükleri ile arama yapıldığında henüz tasarım aşamasında olan çok sayıda site listelenir. Yıllar içinde, bazen kazara, bazen bilinçli olarak (örneğin mizah katılarak), çeşitli sürümleri geliştirilmiştir.</p>', '220.00', NULL, 0, 1, '2020-06-26 01:41:54', '2020-07-04 10:27:13', '0.00', NULL, NULL, 'physical', NULL, NULL),
(32, 'Brandix Manuel Beş Vites Kutusu', 'Brandix-Manuel-Beş-Vites-Kutusu', 171, 1000000, '8869690', 18, 'generator', '1593864070.jpg', 'Lorem Ipsum, dizgi ve baskı endüstrisinde kullanılan mıgır metinlerdir. Lorem Ipsum, adı bilinmeyen bir matbaacının bir hurufat numune kitabı oluşturmak üzere bir yazı galerisini alarak karıştırdığı 1500', '<h2 style=\"margin-right: 0px; margin-bottom: 10px; margin-left: 0px; font-family: DauphinPlain; line-height: 24px; color: rgb(0, 0, 0); font-size: 24px; padding: 0px;\">Lorem Ipsum Nedir?</h2><p style=\"margin-right: 0px; margin-bottom: 15px; margin-left: 0px; font-family: &quot;Open Sans&quot;, Arial, sans-serif; padding: 0px; text-align: justify;\"><span style=\"font-weight: 600; margin: 0px; padding: 0px;\">Lorem Ipsum</span>, dizgi ve baskı endüstrisinde kullanılan mıgır metinlerdir. Lorem Ipsum, adı bilinmeyen bir matbaacının bir hurufat numune kitabı oluşturmak üzere bir yazı galerisini alarak karıştırdığı 1500\'lerden beri endüstri standardı sahte metinler olarak kullanılmıştır. Beşyüz yıl boyunca varlığını sürdürmekle kalmamış, aynı zamanda pek değişmeden elektronik dizgiye de sıçramıştır. 1960\'larda Lorem Ipsum pasajları da içeren Letraset yapraklarının yayınlanması ile ve yakın zamanda Aldus PageMaker gibi Lorem Ipsum sürümleri içeren masaüstü yayıncılık yazılımları ile popüler olmuştur.</p><h2 style=\"margin-right: 0px; margin-bottom: 10px; margin-left: 0px; font-family: DauphinPlain; line-height: 24px; color: rgb(0, 0, 0); font-size: 24px; padding: 0px;\">Neden Kullanırız?</h2><p style=\"margin-right: 0px; margin-bottom: 15px; margin-left: 0px; font-family: &quot;Open Sans&quot;, Arial, sans-serif; padding: 0px; text-align: justify;\">Yinelenen bir sayfa içeriğinin okuyucunun dikkatini dağıttığı bilinen bir gerçektir. Lorem Ipsum kullanmanın amacı, sürekli \'buraya metin gelecek, buraya metin gelecek\' yazmaya kıyasla daha dengeli bir harf dağılımı sağlayarak okunurluğu artırmasıdır. Şu anda birçok masaüstü yayıncılık paketi ve web sayfa düzenleyicisi, varsayılan mıgır metinler olarak Lorem Ipsum kullanmaktadır. Ayrıca arama motorlarında \'lorem ipsum\' anahtar sözcükleri ile arama yapıldığında henüz tasarım aşamasında olan çok sayıda site listelenir. Yıllar içinde, bazen kazara, bazen bilinçli olarak (örneğin mizah katılarak), çeşitli sürümleri geliştirilmiştir.</p>', '120.00', '250.00', 0, 1, '2020-06-26 01:43:59', '2020-07-04 10:27:13', '0.00', NULL, NULL, 'physical', NULL, NULL),
(33, 'Motor Yağı Seviye 5', 'Motor-Yağı-Seviye-5', 171, 1000000, '1215842', 20, 'oil,car', '1593864080.jpg', 'Lorem Ipsum, dizgi ve baskı endüstrisinde kullanılan mıgır metinlerdir. Lorem Ipsum, adı bilinmeyen bir matbaacının bir hurufat numune kitabı oluşturmak üzere bir yazı galerisini alarak karıştırdığı 1500', '<h2 style=\"margin-right: 0px; margin-bottom: 10px; margin-left: 0px; font-family: DauphinPlain; line-height: 24px; color: rgb(0, 0, 0); font-size: 24px; padding: 0px;\">Lorem Ipsum Nedir?</h2><p style=\"margin-right: 0px; margin-bottom: 15px; margin-left: 0px; font-family: &quot;Open Sans&quot;, Arial, sans-serif; padding: 0px; text-align: justify;\"><span style=\"font-weight: 600; margin: 0px; padding: 0px;\">Lorem Ipsum</span>, dizgi ve baskı endüstrisinde kullanılan mıgır metinlerdir. Lorem Ipsum, adı bilinmeyen bir matbaacının bir hurufat numune kitabı oluşturmak üzere bir yazı galerisini alarak karıştırdığı 1500\'lerden beri endüstri standardı sahte metinler olarak kullanılmıştır. Beşyüz yıl boyunca varlığını sürdürmekle kalmamış, aynı zamanda pek değişmeden elektronik dizgiye de sıçramıştır. 1960\'larda Lorem Ipsum pasajları da içeren Letraset yapraklarının yayınlanması ile ve yakın zamanda Aldus PageMaker gibi Lorem Ipsum sürümleri içeren masaüstü yayıncılık yazılımları ile popüler olmuştur.</p><h2 style=\"margin-right: 0px; margin-bottom: 10px; margin-left: 0px; font-family: DauphinPlain; line-height: 24px; color: rgb(0, 0, 0); font-size: 24px; padding: 0px;\">Neden Kullanırız?</h2><p style=\"margin-right: 0px; margin-bottom: 15px; margin-left: 0px; font-family: &quot;Open Sans&quot;, Arial, sans-serif; padding: 0px; text-align: justify;\">Yinelenen bir sayfa içeriğinin okuyucunun dikkatini dağıttığı bilinen bir gerçektir. Lorem Ipsum kullanmanın amacı, sürekli \'buraya metin gelecek, buraya metin gelecek\' yazmaya kıyasla daha dengeli bir harf dağılımı sağlayarak okunurluğu artırmasıdır. Şu anda birçok masaüstü yayıncılık paketi ve web sayfa düzenleyicisi, varsayılan mıgır metinler olarak Lorem Ipsum kullanmaktadır. Ayrıca arama motorlarında \'lorem ipsum\' anahtar sözcükleri ile arama yapıldığında henüz tasarım aşamasında olan çok sayıda site listelenir. Yıllar içinde, bazen kazara, bazen bilinçli olarak (örneğin mizah katılarak), çeşitli sürümleri geliştirilmiştir.</p>', '100.00', NULL, 0, 1, '2020-06-26 01:46:29', '2020-07-04 10:27:13', '0.00', NULL, NULL, 'physical', NULL, NULL),
(34, 'Brandix Motor Bloğu Z4', 'Brandix-Motor-Bloğu-Z4', 171, 1000000, '6875596', 16, 'engine,car', '1593864097.jpg', 'Lorem Ipsum, dizgi ve baskı endüstrisinde kullanılan mıgır metinlerdir. Lorem Ipsum, adı bilinmeyen bir matbaacının bir hurufat numune kitabı oluşturmak üzere bir yazı galerisini alarak karıştırdığı 1500', '<h2 style=\"margin-right: 0px; margin-bottom: 10px; margin-left: 0px; font-family: DauphinPlain; line-height: 24px; color: rgb(0, 0, 0); font-size: 24px; padding: 0px;\">Lorem Ipsum Nedir?</h2><p style=\"margin-right: 0px; margin-bottom: 15px; margin-left: 0px; font-family: &quot;Open Sans&quot;, Arial, sans-serif; padding: 0px; text-align: justify;\"><span style=\"font-weight: 600; margin: 0px; padding: 0px;\">Lorem Ipsum</span>, dizgi ve baskı endüstrisinde kullanılan mıgır metinlerdir. Lorem Ipsum, adı bilinmeyen bir matbaacının bir hurufat numune kitabı oluşturmak üzere bir yazı galerisini alarak karıştırdığı 1500\'lerden beri endüstri standardı sahte metinler olarak kullanılmıştır. Beşyüz yıl boyunca varlığını sürdürmekle kalmamış, aynı zamanda pek değişmeden elektronik dizgiye de sıçramıştır. 1960\'larda Lorem Ipsum pasajları da içeren Letraset yapraklarının yayınlanması ile ve yakın zamanda Aldus PageMaker gibi Lorem Ipsum sürümleri içeren masaüstü yayıncılık yazılımları ile popüler olmuştur.</p><h2 style=\"margin-right: 0px; margin-bottom: 10px; margin-left: 0px; font-family: DauphinPlain; line-height: 24px; color: rgb(0, 0, 0); font-size: 24px; padding: 0px;\">Neden Kullanırız?</h2><p style=\"margin-right: 0px; margin-bottom: 15px; margin-left: 0px; font-family: &quot;Open Sans&quot;, Arial, sans-serif; padding: 0px; text-align: justify;\">Yinelenen bir sayfa içeriğinin okuyucunun dikkatini dağıttığı bilinen bir gerçektir. Lorem Ipsum kullanmanın amacı, sürekli \'buraya metin gelecek, buraya metin gelecek\' yazmaya kıyasla daha dengeli bir harf dağılımı sağlayarak okunurluğu artırmasıdır. Şu anda birçok masaüstü yayıncılık paketi ve web sayfa düzenleyicisi, varsayılan mıgır metinler olarak Lorem Ipsum kullanmaktadır. Ayrıca arama motorlarında \'lorem ipsum\' anahtar sözcükleri ile arama yapıldığında henüz tasarım aşamasında olan çok sayıda site listelenir. Yıllar içinde, bazen kazara, bazen bilinçli olarak (örneğin mizah katılarak), çeşitli sürümleri geliştirilmiştir.</p>', '500.00', '800.00', 0, 1, '2020-06-26 04:45:57', '2020-07-04 07:43:13', '0.00', NULL, NULL, 'physical', NULL, NULL),
(35, 'مقعد سائق براندكس', 'مقعد-سائق-براندكس', 173, 100000, '6166270', 21, 'سيارة', '1593863977.jpg', 'هناك حقيقة مثبتة منذ زمن طويل وهي أن المحتوى المقروء لصفحة ما سيلهي القارئ عن التركيز على الشكل الخارجي للنص أو شكل توضع الفقرات في الصفحة التي يقرأها. ولذلك يتم استخدام طريقة لوريم إيبسوم لأنها تعطي توزيعاَ طبيعياَ -إلى حد ما- للأحرف عوضاً عن', '<h2 style=\"text-align: right; margin-right: 0px; margin-bottom: 10px; margin-left: 0px; padding: 0px; font-family: DauphinPlain; font-size: 24px; line-height: 24px; color: rgb(0, 0, 0);\">ما فائدته ؟</h2><p dir=\"rtl\" style=\"margin-right: 0px; margin-bottom: 15px; margin-left: 0px; padding: 0px; text-align: justify; font-family: &quot;Open Sans&quot;, Arial, sans-serif;\">هناك حقيقة مثبتة منذ زمن طويل وهي أن المحتوى المقروء لصفحة ما سيلهي القارئ عن التركيز على الشكل الخارجي للنص أو شكل توضع الفقرات في الصفحة التي يقرأها. ولذلك يتم استخدام طريقة لوريم إيبسوم لأنها تعطي توزيعاَ طبيعياَ -إلى حد ما- للأحرف عوضاً عن استخدام \"هنا يوجد محتوى نصي، هنا يوجد محتوى نصي\" فتجعلها تبدو (أي الأحرف) وكأنها نص مقروء. العديد من برامح النشر المكتبي وبرامح تحرير صفحات الويب تستخدم لوريم إيبسوم بشكل إفتراضي كنموذج عن النص، وإذا قمت بإدخال \"lorem ipsum\" في أي محرك بحث ستظهر العديد من المواقع الحديثة العهد في نتائج البحث. على مدى السنين ظهرت نسخ جديدة ومختلفة من نص لوريم إيبسوم، أحياناً عن طريق الصدفة، وأحياناً عن عمد كإدخال بعض العبارات الفكاهية إليها.</p><h2 style=\"text-align: right; margin-right: 0px; margin-bottom: 10px; margin-left: 0px; padding: 0px; font-family: DauphinPlain; font-size: 24px; line-height: 24px; color: rgb(0, 0, 0);\">ما هو \"لوريم إيبسوم\" ؟</h2><p dir=\"rtl\" style=\"margin-right: 0px; margin-bottom: 15px; margin-left: 0px; padding: 0px; text-align: justify; font-family: &quot;Open Sans&quot;, Arial, sans-serif;\">لوريم إيبسوم(Lorem Ipsum) هو ببساطة نص شكلي (بمعنى أن الغاية هي الشكل وليس المحتوى) ويُستخدم في صناعات المطابع ودور النشر. كان لوريم إيبسوم ولايزال المعيار للنص الشكلي منذ القرن الخامس عشر عندما قامت مطبعة مجهولة برص مجموعة من الأحرف بشكل عشوائي أخذتها من نص، لتكوّن كتيّب بمثابة دليل أو مرجع شكلي لهذه الأحرف. خمسة قرون من الزمن لم تقضي على هذا النص، بل انه حتى صار مستخدماً وبشكله الأصلي في الطباعة والتنضيد الإلكتروني. انتشر بشكل كبير في ستينيّات هذا القرن مع إصدار رقائق \"ليتراسيت\" (Letraset) البلاستيكية تحوي مقاطع من هذا النص، وعاد لينتشر مرة أخرى مؤخراَ مع ظهور برامج النشر الإلكتروني مثل \"ألدوس بايج مايكر\" (Aldus PageMaker) والتي حوت أيضاً على نسخ من نص لوريم إيبسوم.</p>', '60.00', '70.00', 0, 1, '2020-06-26 05:07:52', '2020-07-04 10:27:17', '0.00', NULL, NULL, 'physical', NULL, NULL),
(36, 'مرآة الرؤية الخلفية الجانبية', 'مرآة-الرؤية-الخلفية-الجانبية', 173, 10000000, '7924296', 22, 'car,service', '1593864005.jpg', 'هناك حقيقة مثبتة منذ زمن طويل وهي أن المحتوى المقروء لصفحة ما سيلهي القارئ عن التركيز على الشكل الخارجي للنص أو شكل توضع الفقرات في الصفحة التي يقرأها. ولذلك يتم استخدام طريقة لوريم إيبسوم لأنها تعطي توزيعاَ طبيعياَ -إلى حد ما- للأحرف عوضاً عن', '<h2 style=\"text-align: right; margin-right: 0px; margin-bottom: 10px; margin-left: 0px; font-family: DauphinPlain; line-height: 24px; color: rgb(0, 0, 0); font-size: 24px; padding: 0px;\">ما فائدته ؟</h2><p dir=\"rtl\" style=\"margin-right: 0px; margin-bottom: 15px; margin-left: 0px; font-family: &quot;Open Sans&quot;, Arial, sans-serif; padding: 0px; text-align: justify;\">هناك حقيقة مثبتة منذ زمن طويل وهي أن المحتوى المقروء لصفحة ما سيلهي القارئ عن التركيز على الشكل الخارجي للنص أو شكل توضع الفقرات في الصفحة التي يقرأها. ولذلك يتم استخدام طريقة لوريم إيبسوم لأنها تعطي توزيعاَ طبيعياَ -إلى حد ما- للأحرف عوضاً عن استخدام \"هنا يوجد محتوى نصي، هنا يوجد محتوى نصي\" فتجعلها تبدو (أي الأحرف) وكأنها نص مقروء. العديد من برامح النشر المكتبي وبرامح تحرير صفحات الويب تستخدم لوريم إيبسوم بشكل إفتراضي كنموذج عن النص، وإذا قمت بإدخال \"lorem ipsum\" في أي محرك بحث ستظهر العديد من المواقع الحديثة العهد في نتائج البحث. على مدى السنين ظهرت نسخ جديدة ومختلفة من نص لوريم إيبسوم، أحياناً عن طريق الصدفة، وأحياناً عن عمد كإدخال بعض العبارات الفكاهية إليها.</p><h2 style=\"text-align: right; margin-right: 0px; margin-bottom: 10px; margin-left: 0px; font-family: DauphinPlain; line-height: 24px; color: rgb(0, 0, 0); font-size: 24px; padding: 0px;\">ما هو \"لوريم إيبسوم\" ؟</h2><p dir=\"rtl\" style=\"margin-right: 0px; margin-bottom: 15px; margin-left: 0px; font-family: &quot;Open Sans&quot;, Arial, sans-serif; padding: 0px; text-align: justify;\">لوريم إيبسوم(Lorem Ipsum) هو ببساطة نص شكلي (بمعنى أن الغاية هي الشكل وليس المحتوى) ويُستخدم في صناعات المطابع ودور النشر. كان لوريم إيبسوم ولايزال المعيار للنص الشكلي منذ القرن الخامس عشر عندما قامت مطبعة مجهولة برص مجموعة من الأحرف بشكل عشوائي أخذتها من نص، لتكوّن كتيّب بمثابة دليل أو مرجع شكلي لهذه الأحرف. خمسة قرون من الزمن لم تقضي على هذا النص، بل انه حتى صار مستخدماً وبشكله الأصلي في الطباعة والتنضيد الإلكتروني. انتشر بشكل كبير في ستينيّات هذا القرن مع إصدار رقائق \"ليتراسيت\" (Letraset) البلاستيكية تحوي مقاطع من هذا النص، وعاد لينتشر مرة أخرى مؤخراَ مع ظهور برامج النشر الإلكتروني مثل \"ألدوس بايج مايكر\" (Aldus PageMaker) والتي حوت أيضاً على نسخ من نص لوريم إيبسوم.</p>', '40.00', '70.00', 0, 1, '2020-06-26 05:12:54', '2020-07-04 10:27:17', '0.00', NULL, NULL, 'physical', NULL, NULL),
(37, 'مجموعة من اربع اطارات قياس 19 انش', 'مجموعة-من-اربع-اطارات-قياس-19-انش', 173, 10000000, '8830559', 23, 'car,tires', '1593864023.jpg', 'هناك حقيقة مثبتة منذ زمن طويل وهي أن المحتوى المقروء لصفحة ما سيلهي القارئ عن التركيز على الشكل الخارجي للنص أو شكل توضع الفقرات في الصفحة التي يقرأها. ولذلك يتم استخدام طريقة لوريم إيبسوم لأنها تعطي توزيعاَ طبيعياَ -إلى حد ما- للأحرف عوضاً عن', '<h2 style=\"margin-right: 0px; margin-bottom: 10px; margin-left: 0px; font-family: DauphinPlain; line-height: 24px; color: rgb(0, 0, 0); font-size: 24px; padding: 0px;\">ما فائدته ؟</h2><p dir=\"rtl\" style=\"margin-right: 0px; margin-bottom: 15px; margin-left: 0px; font-family: &quot;Open Sans&quot;, Arial, sans-serif; padding: 0px; text-align: justify;\">هناك حقيقة مثبتة منذ زمن طويل وهي أن المحتوى المقروء لصفحة ما سيلهي القارئ عن التركيز على الشكل الخارجي للنص أو شكل توضع الفقرات في الصفحة التي يقرأها. ولذلك يتم استخدام طريقة لوريم إيبسوم لأنها تعطي توزيعاَ طبيعياَ -إلى حد ما- للأحرف عوضاً عن استخدام \"هنا يوجد محتوى نصي، هنا يوجد محتوى نصي\" فتجعلها تبدو (أي الأحرف) وكأنها نص مقروء. العديد من برامح النشر المكتبي وبرامح تحرير صفحات الويب تستخدم لوريم إيبسوم بشكل إفتراضي كنموذج عن النص، وإذا قمت بإدخال \"lorem ipsum\" في أي محرك بحث ستظهر العديد من المواقع الحديثة العهد في نتائج البحث. على مدى السنين ظهرت نسخ جديدة ومختلفة من نص لوريم إيبسوم، أحياناً عن طريق الصدفة، وأحياناً عن عمد كإدخال بعض العبارات الفكاهية إليها.</p><h2 style=\"margin-right: 0px; margin-bottom: 10px; margin-left: 0px; font-family: DauphinPlain; line-height: 24px; color: rgb(0, 0, 0); font-size: 24px; padding: 0px;\">ما هو \"لوريم إيبسوم\" ؟</h2><p dir=\"rtl\" style=\"margin-right: 0px; margin-bottom: 15px; margin-left: 0px; font-family: &quot;Open Sans&quot;, Arial, sans-serif; padding: 0px; text-align: justify;\">لوريم إيبسوم(Lorem Ipsum) هو ببساطة نص شكلي (بمعنى أن الغاية هي الشكل وليس المحتوى) ويُستخدم في صناعات المطابع ودور النشر. كان لوريم إيبسوم ولايزال المعيار للنص الشكلي منذ القرن الخامس عشر عندما قامت مطبعة مجهولة برص مجموعة من الأحرف بشكل عشوائي أخذتها من نص، لتكوّن كتيّب بمثابة دليل أو مرجع شكلي لهذه الأحرف. خمسة قرون من الزمن لم تقضي على هذا النص، بل انه حتى صار مستخدماً وبشكله الأصلي في الطباعة والتنضيد الإلكتروني. انتشر بشكل كبير في ستينيّات هذا القرن مع إصدار رقائق \"ليتراسيت\" (Letraset) البلاستيكية تحوي مقاطع من هذا النص، وعاد لينتشر مرة أخرى مؤخراَ مع ظهور برامج النشر الإلكتروني مثل \"ألدوس بايج مايكر\" (Aldus PageMaker) والتي حوت أيضاً على نسخ من نص لوريم إيبسوم.</p>', '100.00', '120.00', 0, 1, '2020-06-26 05:19:01', '2020-07-04 10:27:17', '0.00', NULL, NULL, 'physical', NULL, NULL),
(38, 'المصابيح الخلفية Brandix Z54', 'المصابيح-الخلفية-Brandix-Z54', 173, 100000, '3331177', 24, 'light,car', '1593864033.jpg', 'هناك حقيقة مثبتة منذ زمن طويل وهي أن المحتوى المقروء لصفحة ما سيلهي القارئ عن التركيز على الشكل الخارجي للنص أو شكل توضع الفقرات في الصفحة التي يقرأها. ولذلك يتم استخدام طريقة لوريم إيبسوم لأنها تعطي توزيعاَ طبيعياَ -إلى حد ما- للأحرف عوضاً عن', '<h2 style=\"margin-right: 0px; margin-bottom: 10px; margin-left: 0px; font-family: DauphinPlain; line-height: 24px; color: rgb(0, 0, 0); font-size: 24px; padding: 0px;\">ما فائدته ؟</h2><p dir=\"rtl\" style=\"margin-right: 0px; margin-bottom: 15px; margin-left: 0px; font-family: &quot;Open Sans&quot;, Arial, sans-serif; padding: 0px; text-align: justify;\">هناك حقيقة مثبتة منذ زمن طويل وهي أن المحتوى المقروء لصفحة ما سيلهي القارئ عن التركيز على الشكل الخارجي للنص أو شكل توضع الفقرات في الصفحة التي يقرأها. ولذلك يتم استخدام طريقة لوريم إيبسوم لأنها تعطي توزيعاَ طبيعياَ -إلى حد ما- للأحرف عوضاً عن استخدام \"هنا يوجد محتوى نصي، هنا يوجد محتوى نصي\" فتجعلها تبدو (أي الأحرف) وكأنها نص مقروء. العديد من برامح النشر المكتبي وبرامح تحرير صفحات الويب تستخدم لوريم إيبسوم بشكل إفتراضي كنموذج عن النص، وإذا قمت بإدخال \"lorem ipsum\" في أي محرك بحث ستظهر العديد من المواقع الحديثة العهد في نتائج البحث. على مدى السنين ظهرت نسخ جديدة ومختلفة من نص لوريم إيبسوم، أحياناً عن طريق الصدفة، وأحياناً عن عمد كإدخال بعض العبارات الفكاهية إليها.</p><h2 style=\"margin-right: 0px; margin-bottom: 10px; margin-left: 0px; font-family: DauphinPlain; line-height: 24px; color: rgb(0, 0, 0); font-size: 24px; padding: 0px;\">ما هو \"لوريم إيبسوم\" ؟</h2><p dir=\"rtl\" style=\"margin-right: 0px; margin-bottom: 15px; margin-left: 0px; font-family: &quot;Open Sans&quot;, Arial, sans-serif; padding: 0px; text-align: justify;\">لوريم إيبسوم(Lorem Ipsum) هو ببساطة نص شكلي (بمعنى أن الغاية هي الشكل وليس المحتوى) ويُستخدم في صناعات المطابع ودور النشر. كان لوريم إيبسوم ولايزال المعيار للنص الشكلي منذ القرن الخامس عشر عندما قامت مطبعة مجهولة برص مجموعة من الأحرف بشكل عشوائي أخذتها من نص، لتكوّن كتيّب بمثابة دليل أو مرجع شكلي لهذه الأحرف. خمسة قرون من الزمن لم تقضي على هذا النص، بل انه حتى صار مستخدماً وبشكله الأصلي في الطباعة والتنضيد الإلكتروني. انتشر بشكل كبير في ستينيّات هذا القرن مع إصدار رقائق \"ليتراسيت\" (Letraset) البلاستيكية تحوي مقاطع من هذا النص، وعاد لينتشر مرة أخرى مؤخراَ مع ظهور برامج النشر الإلكتروني مثل \"ألدوس بايج مايكر\" (Aldus PageMaker) والتي حوت أيضاً على نسخ من نص لوريم إيبسوم.</p>', '100.00', '200.00', 0, 1, '2020-06-26 05:23:23', '2020-07-04 07:43:13', '0.00', NULL, NULL, 'physical', NULL, NULL),
(39, 'طقم فرامل براندكس BDX-750Z370-S', 'طقم-فرامل-براندكس-BDX-750Z370-S', 173, 10000000, '7233317', 21, 'car', '1593864049.jpg', 'هناك حقيقة مثبتة منذ زمن طويل وهي أن المحتوى المقروء لصفحة ما سيلهي القارئ عن التركيز على الشكل الخارجي للنص أو شكل توضع الفقرات في الصفحة التي يقرأها. ولذلك يتم استخدام طريقة لوريم إيبسوم لأنها تعطي توزيعاَ طبيعياَ -إلى حد ما- للأحرف عوضاً عن', '<h2 style=\"margin-right: 0px; margin-bottom: 10px; margin-left: 0px; font-family: DauphinPlain; line-height: 24px; color: rgb(0, 0, 0); font-size: 24px; padding: 0px;\">ما فائدته ؟</h2><p dir=\"rtl\" style=\"margin-right: 0px; margin-bottom: 15px; margin-left: 0px; font-family: &quot;Open Sans&quot;, Arial, sans-serif; padding: 0px; text-align: justify;\">هناك حقيقة مثبتة منذ زمن طويل وهي أن المحتوى المقروء لصفحة ما سيلهي القارئ عن التركيز على الشكل الخارجي للنص أو شكل توضع الفقرات في الصفحة التي يقرأها. ولذلك يتم استخدام طريقة لوريم إيبسوم لأنها تعطي توزيعاَ طبيعياَ -إلى حد ما- للأحرف عوضاً عن استخدام \"هنا يوجد محتوى نصي، هنا يوجد محتوى نصي\" فتجعلها تبدو (أي الأحرف) وكأنها نص مقروء. العديد من برامح النشر المكتبي وبرامح تحرير صفحات الويب تستخدم لوريم إيبسوم بشكل إفتراضي كنموذج عن النص، وإذا قمت بإدخال \"lorem ipsum\" في أي محرك بحث ستظهر العديد من المواقع الحديثة العهد في نتائج البحث. على مدى السنين ظهرت نسخ جديدة ومختلفة من نص لوريم إيبسوم، أحياناً عن طريق الصدفة، وأحياناً عن عمد كإدخال بعض العبارات الفكاهية إليها.</p><h2 style=\"margin-right: 0px; margin-bottom: 10px; margin-left: 0px; font-family: DauphinPlain; line-height: 24px; color: rgb(0, 0, 0); font-size: 24px; padding: 0px;\">ما هو \"لوريم إيبسوم\" ؟</h2><p dir=\"rtl\" style=\"margin-right: 0px; margin-bottom: 15px; margin-left: 0px; font-family: &quot;Open Sans&quot;, Arial, sans-serif; padding: 0px; text-align: justify;\">لوريم إيبسوم(Lorem Ipsum) هو ببساطة نص شكلي (بمعنى أن الغاية هي الشكل وليس المحتوى) ويُستخدم في صناعات المطابع ودور النشر. كان لوريم إيبسوم ولايزال المعيار للنص الشكلي منذ القرن الخامس عشر عندما قامت مطبعة مجهولة برص مجموعة من الأحرف بشكل عشوائي أخذتها من نص، لتكوّن كتيّب بمثابة دليل أو مرجع شكلي لهذه الأحرف. خمسة قرون من الزمن لم تقضي على هذا النص، بل انه حتى صار مستخدماً وبشكله الأصلي في الطباعة والتنضيد الإلكتروني. انتشر بشكل كبير في ستينيّات هذا القرن مع إصدار رقائق \"ليتراسيت\" (Letraset) البلاستيكية تحوي مقاطع من هذا النص، وعاد لينتشر مرة أخرى مؤخراَ مع ظهور برامج النشر الإلكتروني مثل \"ألدوس بايج مايكر\" (Aldus PageMaker) والتي حوت أيضاً على نسخ من نص لوريم إيبسوم.</p>', '45.00', '60.00', 0, 1, '2020-06-26 05:27:34', '2020-07-04 10:27:17', '0.00', NULL, NULL, 'physical', NULL, NULL),
(40, 'طقم فرامل براندكس BDX-750Z370-S', 'طقم-فرامل-براندكس-BDX-750Z370-S', 173, 10000000, '4039430', 22, 'car,brakes', '1593864062.jpg', 'هناك حقيقة مثبتة منذ زمن طويل وهي أن المحتوى المقروء لصفحة ما سيلهي القارئ عن التركيز على الشكل الخارجي للنص أو شكل توضع الفقرات في الصفحة التي يقرأها. ولذلك يتم استخدام طريقة لوريم إيبسوم لأنها تعطي توزيعاَ طبيعياَ -إلى حد ما- للأحرف عوضاً عن', '<h2 style=\"margin-right: 0px; margin-bottom: 10px; margin-left: 0px; font-family: DauphinPlain; line-height: 24px; color: rgb(0, 0, 0); font-size: 24px; padding: 0px;\">ما فائدته ؟</h2><p dir=\"rtl\" style=\"margin-right: 0px; margin-bottom: 15px; margin-left: 0px; font-family: &quot;Open Sans&quot;, Arial, sans-serif; padding: 0px; text-align: justify;\">هناك حقيقة مثبتة منذ زمن طويل وهي أن المحتوى المقروء لصفحة ما سيلهي القارئ عن التركيز على الشكل الخارجي للنص أو شكل توضع الفقرات في الصفحة التي يقرأها. ولذلك يتم استخدام طريقة لوريم إيبسوم لأنها تعطي توزيعاَ طبيعياَ -إلى حد ما- للأحرف عوضاً عن استخدام \"هنا يوجد محتوى نصي، هنا يوجد محتوى نصي\" فتجعلها تبدو (أي الأحرف) وكأنها نص مقروء. العديد من برامح النشر المكتبي وبرامح تحرير صفحات الويب تستخدم لوريم إيبسوم بشكل إفتراضي كنموذج عن النص، وإذا قمت بإدخال \"lorem ipsum\" في أي محرك بحث ستظهر العديد من المواقع الحديثة العهد في نتائج البحث. على مدى السنين ظهرت نسخ جديدة ومختلفة من نص لوريم إيبسوم، أحياناً عن طريق الصدفة، وأحياناً عن عمد كإدخال بعض العبارات الفكاهية إليها.</p><h2 style=\"margin-right: 0px; margin-bottom: 10px; margin-left: 0px; font-family: DauphinPlain; line-height: 24px; color: rgb(0, 0, 0); font-size: 24px; padding: 0px;\">ما هو \"لوريم إيبسوم\" ؟</h2><p dir=\"rtl\" style=\"margin-right: 0px; margin-bottom: 15px; margin-left: 0px; font-family: &quot;Open Sans&quot;, Arial, sans-serif; padding: 0px; text-align: justify;\">لوريم إيبسوم(Lorem Ipsum) هو ببساطة نص شكلي (بمعنى أن الغاية هي الشكل وليس المحتوى) ويُستخدم في صناعات المطابع ودور النشر. كان لوريم إيبسوم ولايزال المعيار للنص الشكلي منذ القرن الخامس عشر عندما قامت مطبعة مجهولة برص مجموعة من الأحرف بشكل عشوائي أخذتها من نص، لتكوّن كتيّب بمثابة دليل أو مرجع شكلي لهذه الأحرف. خمسة قرون من الزمن لم تقضي على هذا النص، بل انه حتى صار مستخدماً وبشكله الأصلي في الطباعة والتنضيد الإلكتروني. انتشر بشكل كبير في ستينيّات هذا القرن مع إصدار رقائق \"ليتراسيت\" (Letraset) البلاستيكية تحوي مقاطع من هذا النص، وعاد لينتشر مرة أخرى مؤخراَ مع ظهور برامج النشر الإلكتروني مثل \"ألدوس بايج مايكر\" (Aldus PageMaker) والتي حوت أيضاً على نسخ من نص لوريم إيبسوم.</p>', '220.00', NULL, 0, 1, '2020-06-26 05:31:33', '2020-07-04 10:27:17', '0.00', NULL, NULL, 'physical', NULL, NULL),
(41, 'علبة التروس اليدوية من براندكس بخمس سرعات', 'علبة-التروس-اليدوية-من-براندكس-بخمس-سرعات', 173, 10000000, '2378847', 23, 'gear', '1593864070.jpg', 'هناك حقيقة مثبتة منذ زمن طويل وهي أن المحتوى المقروء لصفحة ما سيلهي القارئ عن التركيز على الشكل الخارجي للنص أو شكل توضع الفقرات في الصفحة التي يقرأها. ولذلك يتم استخدام طريقة لوريم إيبسوم لأنها تعطي توزيعاَ طبيعياَ -إلى حد ما- للأحرف عوضاً عن', '<h2 style=\"margin-right: 0px; margin-bottom: 10px; margin-left: 0px; font-family: DauphinPlain; line-height: 24px; color: rgb(0, 0, 0); font-size: 24px; padding: 0px;\">ما فائدته ؟</h2><p dir=\"rtl\" style=\"margin-right: 0px; margin-bottom: 15px; margin-left: 0px; font-family: &quot;Open Sans&quot;, Arial, sans-serif; padding: 0px; text-align: justify;\">هناك حقيقة مثبتة منذ زمن طويل وهي أن المحتوى المقروء لصفحة ما سيلهي القارئ عن التركيز على الشكل الخارجي للنص أو شكل توضع الفقرات في الصفحة التي يقرأها. ولذلك يتم استخدام طريقة لوريم إيبسوم لأنها تعطي توزيعاَ طبيعياَ -إلى حد ما- للأحرف عوضاً عن استخدام \"هنا يوجد محتوى نصي، هنا يوجد محتوى نصي\" فتجعلها تبدو (أي الأحرف) وكأنها نص مقروء. العديد من برامح النشر المكتبي وبرامح تحرير صفحات الويب تستخدم لوريم إيبسوم بشكل إفتراضي كنموذج عن النص، وإذا قمت بإدخال \"lorem ipsum\" في أي محرك بحث ستظهر العديد من المواقع الحديثة العهد في نتائج البحث. على مدى السنين ظهرت نسخ جديدة ومختلفة من نص لوريم إيبسوم، أحياناً عن طريق الصدفة، وأحياناً عن عمد كإدخال بعض العبارات الفكاهية إليها.</p><h2 style=\"margin-right: 0px; margin-bottom: 10px; margin-left: 0px; font-family: DauphinPlain; line-height: 24px; color: rgb(0, 0, 0); font-size: 24px; padding: 0px;\">ما هو \"لوريم إيبسوم\" ؟</h2><p dir=\"rtl\" style=\"margin-right: 0px; margin-bottom: 15px; margin-left: 0px; font-family: &quot;Open Sans&quot;, Arial, sans-serif; padding: 0px; text-align: justify;\">لوريم إيبسوم(Lorem Ipsum) هو ببساطة نص شكلي (بمعنى أن الغاية هي الشكل وليس المحتوى) ويُستخدم في صناعات المطابع ودور النشر. كان لوريم إيبسوم ولايزال المعيار للنص الشكلي منذ القرن الخامس عشر عندما قامت مطبعة مجهولة برص مجموعة من الأحرف بشكل عشوائي أخذتها من نص، لتكوّن كتيّب بمثابة دليل أو مرجع شكلي لهذه الأحرف. خمسة قرون من الزمن لم تقضي على هذا النص، بل انه حتى صار مستخدماً وبشكله الأصلي في الطباعة والتنضيد الإلكتروني. انتشر بشكل كبير في ستينيّات هذا القرن مع إصدار رقائق \"ليتراسيت\" (Letraset) البلاستيكية تحوي مقاطع من هذا النص، وعاد لينتشر مرة أخرى مؤخراَ مع ظهور برامج النشر الإلكتروني مثل \"ألدوس بايج مايكر\" (Aldus PageMaker) والتي حوت أيضاً على نسخ من نص لوريم إيبسوم.</p>', '120.00', '250.00', 0, 1, '2020-06-26 05:35:51', '2020-07-04 10:27:17', '0.00', NULL, NULL, 'physical', NULL, NULL),
(42, 'زيت المحرك المستوى 5', 'زيت-المحرك-المستوى-5', 173, 10000000, '2151393', 24, 'oil', '1593864080.jpg', 'هناك حقيقة مثبتة منذ زمن طويل وهي أن المحتوى المقروء لصفحة ما سيلهي القارئ عن التركيز على الشكل الخارجي للنص أو شكل توضع الفقرات في الصفحة التي يقرأها. ولذلك يتم استخدام طريقة لوريم إيبسوم لأنها تعطي توزيعاَ طبيعياَ -إلى حد ما- للأحرف عوضاً عن', '<h2 style=\"margin-right: 0px; margin-bottom: 10px; margin-left: 0px; font-family: DauphinPlain; line-height: 24px; color: rgb(0, 0, 0); font-size: 24px; padding: 0px;\">ما فائدته ؟</h2><p dir=\"rtl\" style=\"margin-right: 0px; margin-bottom: 15px; margin-left: 0px; font-family: &quot;Open Sans&quot;, Arial, sans-serif; padding: 0px; text-align: justify;\">هناك حقيقة مثبتة منذ زمن طويل وهي أن المحتوى المقروء لصفحة ما سيلهي القارئ عن التركيز على الشكل الخارجي للنص أو شكل توضع الفقرات في الصفحة التي يقرأها. ولذلك يتم استخدام طريقة لوريم إيبسوم لأنها تعطي توزيعاَ طبيعياَ -إلى حد ما- للأحرف عوضاً عن استخدام \"هنا يوجد محتوى نصي، هنا يوجد محتوى نصي\" فتجعلها تبدو (أي الأحرف) وكأنها نص مقروء. العديد من برامح النشر المكتبي وبرامح تحرير صفحات الويب تستخدم لوريم إيبسوم بشكل إفتراضي كنموذج عن النص، وإذا قمت بإدخال \"lorem ipsum\" في أي محرك بحث ستظهر العديد من المواقع الحديثة العهد في نتائج البحث. على مدى السنين ظهرت نسخ جديدة ومختلفة من نص لوريم إيبسوم، أحياناً عن طريق الصدفة، وأحياناً عن عمد كإدخال بعض العبارات الفكاهية إليها.</p><h2 style=\"margin-right: 0px; margin-bottom: 10px; margin-left: 0px; font-family: DauphinPlain; line-height: 24px; color: rgb(0, 0, 0); font-size: 24px; padding: 0px;\">ما هو \"لوريم إيبسوم\" ؟</h2><p dir=\"rtl\" style=\"margin-right: 0px; margin-bottom: 15px; margin-left: 0px; font-family: &quot;Open Sans&quot;, Arial, sans-serif; padding: 0px; text-align: justify;\">لوريم إيبسوم(Lorem Ipsum) هو ببساطة نص شكلي (بمعنى أن الغاية هي الشكل وليس المحتوى) ويُستخدم في صناعات المطابع ودور النشر. كان لوريم إيبسوم ولايزال المعيار للنص الشكلي منذ القرن الخامس عشر عندما قامت مطبعة مجهولة برص مجموعة من الأحرف بشكل عشوائي أخذتها من نص، لتكوّن كتيّب بمثابة دليل أو مرجع شكلي لهذه الأحرف. خمسة قرون من الزمن لم تقضي على هذا النص، بل انه حتى صار مستخدماً وبشكله الأصلي في الطباعة والتنضيد الإلكتروني. انتشر بشكل كبير في ستينيّات هذا القرن مع إصدار رقائق \"ليتراسيت\" (Letraset) البلاستيكية تحوي مقاطع من هذا النص، وعاد لينتشر مرة أخرى مؤخراَ مع ظهور برامج النشر الإلكتروني مثل \"ألدوس بايج مايكر\" (Aldus PageMaker) والتي حوت أيضاً على نسخ من نص لوريم إيبسوم.</p>', '100.00', NULL, 0, 1, '2020-06-26 05:39:53', '2020-07-04 07:43:13', '0.00', NULL, NULL, 'physical', NULL, NULL),
(43, 'محرك براندكس بلوك Z4', 'محرك-براندكس-بلوك-Z4', 173, 100000000, '4688239', 21, 'motor', '1593864097.jpg', 'هناك حقيقة مثبتة منذ زمن طويل وهي أن المحتوى المقروء لصفحة ما سيلهي القارئ عن التركيز على الشكل الخارجي للنص أو شكل توضع الفقرات في الصفحة التي يقرأها. ولذلك يتم استخدام طريقة لوريم إيبسوم لأنها تعطي توزيعاَ طبيعياَ -إلى حد ما- للأحرف عوضاً عن', '<h2 style=\"margin-right: 0px; margin-bottom: 10px; margin-left: 0px; font-family: DauphinPlain; line-height: 24px; color: rgb(0, 0, 0); font-size: 24px; padding: 0px;\">ما فائدته ؟</h2><p dir=\"rtl\" style=\"margin-right: 0px; margin-bottom: 15px; margin-left: 0px; font-family: &quot;Open Sans&quot;, Arial, sans-serif; padding: 0px; text-align: justify;\">هناك حقيقة مثبتة منذ زمن طويل وهي أن المحتوى المقروء لصفحة ما سيلهي القارئ عن التركيز على الشكل الخارجي للنص أو شكل توضع الفقرات في الصفحة التي يقرأها. ولذلك يتم استخدام طريقة لوريم إيبسوم لأنها تعطي توزيعاَ طبيعياَ -إلى حد ما- للأحرف عوضاً عن استخدام \"هنا يوجد محتوى نصي، هنا يوجد محتوى نصي\" فتجعلها تبدو (أي الأحرف) وكأنها نص مقروء. العديد من برامح النشر المكتبي وبرامح تحرير صفحات الويب تستخدم لوريم إيبسوم بشكل إفتراضي كنموذج عن النص، وإذا قمت بإدخال \"lorem ipsum\" في أي محرك بحث ستظهر العديد من المواقع الحديثة العهد في نتائج البحث. على مدى السنين ظهرت نسخ جديدة ومختلفة من نص لوريم إيبسوم، أحياناً عن طريق الصدفة، وأحياناً عن عمد كإدخال بعض العبارات الفكاهية إليها.</p><h2 style=\"margin-right: 0px; margin-bottom: 10px; margin-left: 0px; font-family: DauphinPlain; line-height: 24px; color: rgb(0, 0, 0); font-size: 24px; padding: 0px;\">ما هو \"لوريم إيبسوم\" ؟</h2><p dir=\"rtl\" style=\"margin-right: 0px; margin-bottom: 15px; margin-left: 0px; font-family: &quot;Open Sans&quot;, Arial, sans-serif; padding: 0px; text-align: justify;\">لوريم إيبسوم(Lorem Ipsum) هو ببساطة نص شكلي (بمعنى أن الغاية هي الشكل وليس المحتوى) ويُستخدم في صناعات المطابع ودور النشر. كان لوريم إيبسوم ولايزال المعيار للنص الشكلي منذ القرن الخامس عشر عندما قامت مطبعة مجهولة برص مجموعة من الأحرف بشكل عشوائي أخذتها من نص، لتكوّن كتيّب بمثابة دليل أو مرجع شكلي لهذه الأحرف. خمسة قرون من الزمن لم تقضي على هذا النص، بل انه حتى صار مستخدماً وبشكله الأصلي في الطباعة والتنضيد الإلكتروني. انتشر بشكل كبير في ستينيّات هذا القرن مع إصدار رقائق \"ليتراسيت\" (Letraset) البلاستيكية تحوي مقاطع من هذا النص، وعاد لينتشر مرة أخرى مؤخراَ مع ظهور برامج النشر الإلكتروني مثل \"ألدوس بايج مايكر\" (Aldus PageMaker) والتي حوت أيضاً على نسخ من نص لوريم إيبسوم.</p>', '500.00', '800.00', 0, 1, '2020-06-26 05:41:07', '2020-07-04 10:27:17', '0.00', NULL, NULL, 'physical', NULL, NULL),
(46, 'Ecommerce Website', 'Ecommerce-Website', 169, 99999987, NULL, 3, NULL, '1613882080.jpg', 'Lorem Ipsum is simply dummy text of the printing and typesetting industry. Lorem Ipsum has been the industry\'s standard dummy text ever since the 1500s, when an unknown printer took a galley of type and scrambled it to make a type specimen book', '<p style=\"line-height: 1.6;\"><span style=\"font-size: 14px;\"><font color=\"#636363\">Lorem Ipsum is simply dummy text of the printing and typesetting industry. Lorem Ipsum has been the industry\'s standard dummy text ever since the 1500s, when an unknown printer took a galley of type and scrambled it to make a type specimen book. It has survived not only five centuries, but also the leap into electronic typesetting, remaining essentially unchanged. It was popularised in the 1960s with the release of Letraset sheets containing Lorem Ipsum passages, and more recently with desktop publishing software like Aldus PageMaker including versions of Lorem Ipsum</font></span><br></p>', '70.00', NULL, 0, 1, '2021-01-18 04:26:13', '2023-09-17 05:15:55', '4.00', NULL, NULL, 'digital', NULL, 'https://ulozto.net/file/rku2mrnfMWLJ/timwork-10-rar'),
(47, 'Restaurant Website', 'Restaurant-Website', 169, 99999980, NULL, 1, NULL, '1613882000.jpg', 'Lorem Ipsum is simply dummy text of the printing and typesetting industry. Lorem Ipsum has been the industry\'s standard dummy text ever since the 1500s, when an unknown printer took a galley of type and scrambled it to make a type specimen book', '<p style=\"line-height: 1.6;\"><font color=\"#636363\"><strong style=\"margin: 0px; padding: 0px; font-family: &quot;Open Sans&quot;, Arial, sans-serif; font-size: 14px; text-align: justify;\">Lorem Ipsum</strong><span style=\"font-family: &quot;Open Sans&quot;, Arial, sans-serif; font-size: 14px; text-align: justify;\">&nbsp;is simply dummy text of the printing and typesetting industry. Lorem Ipsum has been the industry\'s standard dummy text ever since the 1500s, when an unknown printer took a galley of type and scrambled it to make a type specimen book. It has survived not only five centuries, but also the leap into electronic typesetting, remaining essentially unchanged. It was popularised in the 1960s with the release of Letraset sheets containing Lorem Ipsum passages, and more recently with desktop publishing software like Aldus PageMaker including versions of Lorem Ipsum</span></font><br></p>', '50.00', '85.00', 0, 1, '2021-01-18 04:27:12', '2023-09-17 05:23:25', '5.00', NULL, NULL, 'digital', 'Restaurant-Website-6031e787b8387.zip', NULL),
(49, 'Site do restaurante', 'site-do-restaurante', 170, 100000000, NULL, 12, NULL, '1613882000.jpg', 'Lorem Ipsum é simplesmente um texto fictício da indústria de impressão e composição. Lorem Ipsum tem sido o texto fictício padrão da indústria desde os anos 1500, quando um impressor desconhecido pegou uma galera e a embaralhou para fazer um livro de amostra de tipos', '<p style = \"line-height: 1.6;\"> <font color = \"# 636363\"> <strong style = \"margin: 0px; padding: 0px; font-family: & quot; Open Sans & quot ;, Arial, sans-serif ; font-size: 14px; text-align: justify; \"> Lorem Ipsum </strong> <span style =\" font-family: & quot; Open Sans & quot ;, Arial, sans-serif; font-size: 14px; text- align: justify; \"> & nbsp; é simplesmente um texto fictício da indústria de impressão e composição. Lorem Ipsum tem sido o texto fictício padrão da indústria desde 1500, quando um impressor desconhecido pegou um modelo de impressão e o embaralhou para fazer um livro de amostra de tipos. Ele sobreviveu não apenas cinco séculos, mas também ao salto para a composição eletrônica, permanecendo essencialmente inalterado. Ele se popularizou na década de 1960 com o lançamento de folhas de Letraset contendo passagens de Lorem Ipsum e, mais recentemente, com software de editoração eletrônica como Aldus PageMaker incluindo versões de Lorem Ipsum </span> </font> <br> </p>', '50.00', '85.00', 0, 1, '2021-01-18 04:27:12', '2021-02-20 23:54:31', '0.00', NULL, NULL, 'digital', 'Restaurant-Website-6031e787b8387.zip', NULL),
(50, 'Site de comércio eletrônico', 'site-de-comercio-eletronico', 170, 100000000, NULL, 13, NULL, '1613882080.jpg', 'Lorem Ipsum é simplesmente um texto fictício da indústria de impressão e composição. Lorem Ipsum tem sido o texto fictício padrão da indústria desde os anos 1500, quando um impressor desconhecido pegou uma galera e a embaralhou para fazer um livro de amostra de tipos', '<p style = \"line-height: 1.6;\"> <span style = \"font-size: 14px;\"> <font color = \"# 636363\"> Lorem Ipsum é simplesmente um texto fictício da indústria de impressão e composição. Lorem Ipsum tem sido o texto fictício padrão da indústria desde 1500, quando um impressor desconhecido pegou um modelo de impressão e o embaralhou para fazer um livro de amostra de tipos. Ele sobreviveu não apenas cinco séculos, mas também ao salto para a composição eletrônica, permanecendo essencialmente inalterado. Ele se popularizou na década de 1960 com o lançamento de folhas de Letraset contendo passagens de Lorem Ipsum e, mais recentemente, com software de editoração eletrônica como Aldus PageMaker incluindo versões de Lorem Ipsum </font> </span> <br> </p>', '70.00', NULL, 0, 1, '2021-01-18 04:26:13', '2021-02-20 23:36:34', '0.00', NULL, NULL, 'digital', NULL, 'https://ulozto.net/file/rku2mrnfMWLJ/timwork-10-rar'),
(51, 'E-ticaret sitesi', 'e-ticaret-sitesi', 171, 100000000, NULL, 16, NULL, '1613882080.jpg', 'Lorem Ipsum, basım ve beste endüstrisinden basitçe kurgusal bir metindir. Lorem Ipsum, bilinmeyen bir yazıcının kalabalığı alıp bir çeşit örnek kitap yapmak için karıştırdığı 1500\'lerden beri endüstri standardı kukla metin olmuştur.', '<p style = \"line-height: 1.6;\"> <span style = \"font-size: 14px;\"> <font color = \"# 636363\"> Lorem Ipsum, baskı ve kompozisyon endüstrisinden sadece kurgusal bir metindir. Lorem Ipsum, bilinmeyen bir yazıcının bir baskı modelini alıp örnek bir kitap yapmak için karıştırdığı 1500\'den beri endüstri standardı kukla metin olmuştur. Sadece beş yüzyıl boyunca değil, aynı zamanda elektronik kompozisyona sıçradı ve esasen değişmeden kaldı. 1960\'larda Lorem Ipsum\'dan pasajlar içeren Letraset sayfalarının ve yakın zamanda da Lorem Ipsum sürümlerini içeren Aldus PageMaker gibi masaüstü yayıncılık yazılımlarının piyasaya sürülmesiyle popüler hale geldi </font> </span> <br> </ p>', '70.00', NULL, 0, 1, '2021-01-18 04:26:13', '2021-02-20 23:36:34', '0.00', NULL, NULL, 'digital', NULL, 'https://ulozto.net/file/rku2mrnfMWLJ/timwork-10-rar');
INSERT INTO `products` (`id`, `title`, `slug`, `language_id`, `stock`, `sku`, `category_id`, `tags`, `feature_image`, `summary`, `description`, `current_price`, `previous_price`, `is_feature`, `status`, `created_at`, `updated_at`, `rating`, `meta_keywords`, `meta_description`, `type`, `download_file`, `download_link`) VALUES
(52, 'Restoran web sitesi', 'restoran-web-sitesi', 171, 100000000, NULL, 17, NULL, '1613882000.jpg', 'Lorem Ipsum, basım ve beste endüstrisinden basitçe kurgusal bir metindir. Lorem Ipsum, bilinmeyen bir yazıcının kalabalığı alıp bir çeşit örnek kitap yapmak için karıştırdığı 1500\'lerden beri endüstri standardı kukla metin olmuştur.', '<p style = \"line-height: 1.6;\"> <font color = \"# 636363\"> <strong style = \"margin: 0px; padding: 0px; font-family: & quot; Open Sans & quot ;, Arial, sans-serif; font-size: 14px; text-align: justify; \"> Lorem Ipsum </strong> <span style =\" font-family: \"Open Sans\", Arial, sans-serif; font- size: 14px; metin hizalama: yaslama; \"> & nbsp; sadece baskı ve beste endüstrisinden gelen kurgusal bir metindir. Lorem Ipsum, bilinmeyen bir yazıcının bir baskı modelini alıp bir tür örnek kitabı yapmak için karıştırdığı 1500\'den beri endüstrinin standart kukla metni olmuştur. Sadece beş yüzyıl boyunca değil, aynı zamanda elektronik kompozisyona sıçradı ve esasen değişmeden kaldı. 1960\'larda Lorem Ipsum\'dan pasajlar içeren Letraset sayfalarının ve yakın zamanda da Lorem Ipsum sürümlerini içeren Aldus PageMaker gibi masaüstü yayıncılık yazılımlarının piyasaya sürülmesiyle popüler hale geldi </span> </font> <br> </ p>', '50.00', '85.00', 0, 1, '2021-01-18 04:27:12', '2021-02-20 23:54:31', '0.00', NULL, NULL, 'digital', 'Restaurant-Website-6031e787b8387.zip', NULL),
(53, 'موقع المطعم', 'موقع-المطعم', 173, 100000000, NULL, 21, NULL, '1613882000.jpg', 'لوريم إيبسوم هو ببساطة نص شكلي يستخدم في صناعة الطباعة والتنضيد. كان Lorem Ipsum هو النص الوهمي القياسي في الصناعة منذ القرن الخامس عشر الميلادي ، عندما أخذت طابعة غير معروفة لوحًا من النوع وتدافعت عليه لعمل كتاب عينة', '<p style = \"line-height: 1.6؛\"> <font color = \"# 636363\"> <strong style = \"margin: 0px؛ padding: 0px؛ font-family: & quot؛ Open Sans & quot ؛، Arial، sans-serif ؛ font-size: 14px؛ text-align: justify؛ \"> Lorem Ipsum </strong> <span style =\" font-family: & quot؛ Open Sans & quot ؛، Arial، sans-serif؛ font-size: 14px؛ text- محاذاة: justify؛ \"> & nbsp؛ هو مجرد نص وهمي لصناعة الطباعة والتنضيد. كان Lorem Ipsum هو النص الوهمي القياسي في الصناعة منذ القرن الخامس عشر الميلادي ، عندما أخذت طابعة غير معروفة لوحًا من النوع وتدافعت عليه لعمل كتاب عينة. لقد نجت ليس فقط خمسة قرون ، ولكن أيضًا القفزة في التنضيد الإلكتروني ، وظلت دون تغيير جوهري. تم نشرها في الستينيات من القرن الماضي بإصدار أوراق Letraset التي تحتوي على مقاطع Lorem Ipsum ، ومؤخرًا مع برامج النشر المكتبي مثل Aldus PageMaker بما في ذلك إصدارات Lorem Ipsum </span> </font> <br> </p>', '50.00', '85.00', 0, 1, '2021-01-18 04:27:12', '2021-02-20 23:54:31', '0.00', NULL, NULL, 'digital', 'Restaurant-Website-6031e787b8387.zip', NULL),
(54, 'موقع التجارة الإلكترونية', 'موقع-التجارة-الإلكترونية', 173, 100000000, NULL, 22, NULL, '1613882080.jpg', 'لوريم إيبسوم هو ببساطة نص شكلي يستخدم في صناعة الطباعة والتنضيد. كان Lorem Ipsum هو النص الوهمي القياسي في الصناعة منذ القرن الخامس عشر الميلادي ، عندما أخذت طابعة غير معروفة لوحًا من النوع وتدافعت عليه لعمل كتاب عينة', '<p style = \"line-height: 1.6؛\"> <span style = \"font-size: 14px؛\"> <font color = \"# 636363\"> Lorem Ipsum هو ببساطة نص وهمي لصناعة الطباعة والتنضيد. كان Lorem Ipsum هو النص الوهمي القياسي في الصناعة منذ القرن الخامس عشر الميلادي ، عندما أخذت طابعة غير معروفة لوحًا من النوع وتدافعت عليه لعمل كتاب عينة. لقد نجت ليس فقط خمسة قرون ، ولكن أيضًا القفزة في التنضيد الإلكتروني ، وظلت دون تغيير جوهري. تم نشره في الستينيات من القرن الماضي بإصدار أوراق Letraset التي تحتوي على مقاطع Lorem Ipsum ، ومؤخرًا مع برامج النشر المكتبي مثل Aldus PageMaker بما في ذلك إصدارات Lorem Ipsum </font> </span> <br> </p>', '70.00', NULL, 0, 1, '2021-01-18 04:26:13', '2021-02-20 23:36:34', '0.00', NULL, NULL, 'digital', NULL, 'https://ulozto.net/file/rku2mrnfMWLJ/timwork-10-rar');

-- --------------------------------------------------------

--
-- Table structure for table `product_images`
--

CREATE TABLE `product_images` (
  `id` bigint UNSIGNED NOT NULL,
  `product_id` int DEFAULT NULL,
  `image` varchar(255) CHARACTER SET utf8mb4 COLLATE utf8mb4_unicode_ci DEFAULT NULL,
  `created_at` timestamp NULL DEFAULT NULL,
  `updated_at` timestamp NULL DEFAULT NULL
) ENGINE=InnoDB DEFAULT CHARSET=utf8mb4 COLLATE=utf8mb4_unicode_ci;

--
-- Dumping data for table `product_images`
--

INSERT INTO `product_images` (`id`, `product_id`, `image`, `created_at`, `updated_at`) VALUES
(19, 7, '5f006ffd15442.jpg', '2020-05-01 04:06:03', '2020-07-04 06:07:17'),
(20, 7, '5f006ffd18542.jpg', '2020-05-01 04:06:03', '2020-07-04 06:07:17'),
(21, 7, '5f006ffd7884b.jpg', '2020-05-01 04:06:03', '2020-07-04 06:07:17'),
(79, 13, '5f006ffd7884b.jpg', '2020-06-25 06:10:25', '2020-07-04 06:07:17'),
(80, 13, '5f006ffd79b1c.jpg', '2020-06-25 06:10:25', '2020-07-04 06:07:17'),
(81, 13, '5f006ffde2622.jpg', '2020-06-25 06:34:21', '2020-07-04 06:07:17'),
(82, 13, '5f006ffde7ce0.jpg', '2020-06-25 06:34:23', '2020-07-04 06:07:17'),
(83, 13, '5f006ffd15442.jpg', '2020-06-25 06:34:26', '2020-07-04 06:07:17'),
(84, 13, '5f006ffd18542.jpg', '2020-06-25 06:34:45', '2020-07-04 06:07:17'),
(85, 10, '5f006ffd7884b.jpg', '2020-06-25 08:16:28', '2020-07-04 06:07:17'),
(86, 10, '5f006ffd79b1c.jpg', '2020-06-25 08:16:28', '2020-07-04 06:07:17'),
(88, 10, '5f006ffde2622.jpg', '2020-06-25 08:16:28', '2020-07-04 06:07:17'),
(89, 10, '5f006ffde7ce0.jpg', '2020-06-25 08:16:29', '2020-07-04 06:07:17'),
(90, 10, '5f006ffd15442.jpg', '2020-06-25 08:16:29', '2020-07-04 06:07:17'),
(91, 10, '5f006ffd18542.jpg', '2020-06-25 08:18:32', '2020-07-04 06:07:17'),
(92, 7, '5f006ffd7884b.jpg', '2020-06-25 08:22:48', '2020-07-04 06:07:17'),
(93, 7, '5f006ffd79b1c.jpg', '2020-06-25 08:22:48', '2020-07-04 06:07:17'),
(94, 7, '5f006ffde2622.jpg', '2020-06-25 08:22:48', '2020-07-04 06:07:17'),
(95, 6, '5f006ffde7ce0.jpg', '2020-06-25 08:25:08', '2020-07-04 06:07:17'),
(96, 6, '5f006ffd15442.jpg', '2020-06-25 08:25:08', '2020-07-04 06:07:17'),
(97, 6, '5f006ffd18542.jpg', '2020-06-25 08:25:09', '2020-07-04 06:07:17'),
(98, 6, '5f006ffd7884b.jpg', '2020-06-25 08:25:09', '2020-07-04 06:07:17'),
(99, 6, '5f006ffd79b1c.jpg', '2020-06-25 08:25:10', '2020-07-04 06:07:17'),
(100, 6, '5f006ffde2622.jpg', '2020-06-25 08:25:10', '2020-07-04 06:07:17'),
(101, 5, '5f006ffde7ce0.jpg', '2020-06-25 08:27:08', '2020-07-04 06:07:17'),
(102, 5, '5f006ffd15442.jpg', '2020-06-25 08:27:08', '2020-07-04 06:07:17'),
(103, 5, '5f006ffd18542.jpg', '2020-06-25 08:27:09', '2020-07-04 06:07:17'),
(104, 5, '5f006ffd7884b.jpg', '2020-06-25 08:27:09', '2020-07-04 06:07:17'),
(105, 5, '5f006ffd79b1c.jpg', '2020-06-25 08:27:09', '2020-07-04 06:07:17'),
(106, 5, '5f006ffde2622.jpg', '2020-06-25 08:27:09', '2020-07-04 06:07:17'),
(113, 14, '5f006ffde7ce0.jpg', '2020-06-25 08:45:50', '2020-07-04 06:07:17'),
(114, 14, '5f006ffd15442.jpg', '2020-06-25 08:45:50', '2020-07-04 06:07:17'),
(115, 14, '5f006ffd18542.jpg', '2020-06-25 08:45:50', '2020-07-04 06:07:17'),
(116, 14, '5f006ffd7884b.jpg', '2020-06-25 08:45:50', '2020-07-04 06:07:17'),
(117, 14, '5f006ffd79b1c.jpg', '2020-06-25 08:45:50', '2020-07-04 06:07:17'),
(118, 14, '5f006ffde2622.jpg', '2020-06-25 08:45:50', '2020-07-04 06:07:17'),
(119, 15, '5f006ffde7ce0.jpg', '2020-06-25 08:48:42', '2020-07-04 06:07:17'),
(120, 15, '5f006ffd15442.jpg', '2020-06-25 08:48:42', '2020-07-04 06:07:17'),
(121, 15, '5f006ffd18542.jpg', '2020-06-25 08:48:43', '2020-07-04 06:07:17'),
(122, 15, '5f006ffd7884b.jpg', '2020-06-25 08:48:43', '2020-07-04 06:07:17'),
(123, 15, '5f006ffd79b1c.jpg', '2020-06-25 08:48:43', '2020-07-04 06:07:17'),
(124, 15, '5f006ffde2622.jpg', '2020-06-25 08:48:43', '2020-07-04 06:07:17'),
(125, 16, '5f006ffde7ce0.jpg', '2020-06-25 08:51:00', '2020-07-04 06:07:17'),
(126, 16, '5f006ffd15442.jpg', '2020-06-25 08:51:00', '2020-07-04 06:07:17'),
(127, 16, '5f006ffd18542.jpg', '2020-06-25 08:51:00', '2020-07-04 06:07:17'),
(128, 16, '5f006ffd7884b.jpg', '2020-06-25 08:51:00', '2020-07-04 06:07:17'),
(129, 16, '5f006ffd79b1c.jpg', '2020-06-25 08:51:01', '2020-07-04 06:07:17'),
(130, 16, '5f006ffde2622.jpg', '2020-06-25 08:51:01', '2020-07-04 06:07:17'),
(131, 17, '5f006ffde7ce0.jpg', '2020-06-25 09:00:45', '2020-07-04 06:07:17'),
(132, 17, '5f006ffd15442.jpg', '2020-06-25 09:00:45', '2020-07-04 06:07:17'),
(133, 17, '5f006ffd18542.jpg', '2020-06-25 09:00:45', '2020-07-04 06:07:17'),
(134, 17, '5f006ffd7884b.jpg', '2020-06-25 09:00:46', '2020-07-04 06:07:17'),
(135, 17, '5f006ffd79b1c.jpg', '2020-06-25 09:00:46', '2020-07-04 06:07:17'),
(136, 17, '5f006ffde2622.jpg', '2020-06-25 09:00:56', '2020-07-04 06:07:17'),
(143, 18, '5f006ffde7ce0.jpg', '2020-06-25 11:19:12', '2020-07-04 06:07:17'),
(144, 18, '5f006ffd15442.jpg', '2020-06-25 11:19:12', '2020-07-04 06:07:17'),
(145, 18, '5f006ffd18542.jpg', '2020-06-25 11:19:13', '2020-07-04 06:07:17'),
(146, 18, '5f006ffd7884b.jpg', '2020-06-25 11:19:13', '2020-07-04 06:07:17'),
(147, 18, '5f006ffd79b1c.jpg', '2020-06-25 11:19:13', '2020-07-04 06:07:17'),
(148, 18, '5f006ffde2622.jpg', '2020-06-25 11:19:17', '2020-07-04 06:07:17'),
(149, 19, '5f006ffde7ce0.jpg', '2020-06-25 11:20:25', '2020-07-04 06:07:17'),
(150, 19, '5f006ffd15442.jpg', '2020-06-25 11:20:25', '2020-07-04 06:07:17'),
(151, 19, '5f006ffd18542.jpg', '2020-06-25 11:20:26', '2020-07-04 06:07:17'),
(152, 19, '5f006ffd7884b.jpg', '2020-06-25 11:20:26', '2020-07-04 06:07:17'),
(153, 19, '5f006ffd79b1c.jpg', '2020-06-25 11:20:26', '2020-07-04 06:07:17'),
(155, 19, '5f006ffde2622.jpg', '2020-06-25 11:20:37', '2020-07-04 06:07:17'),
(156, 20, '5f006ffde7ce0.jpg', '2020-06-25 11:23:26', '2020-07-04 06:07:17'),
(157, 20, '5f006ffd15442.jpg', '2020-06-25 11:23:26', '2020-07-04 06:07:17'),
(158, 20, '5f006ffd18542.jpg', '2020-06-25 11:23:26', '2020-07-04 06:07:17'),
(159, 20, '5f006ffd7884b.jpg', '2020-06-25 11:23:26', '2020-07-04 06:07:17'),
(160, 20, '5f006ffd79b1c.jpg', '2020-06-25 11:23:27', '2020-07-04 06:07:17'),
(161, 20, '5f006ffde2622.jpg', '2020-06-25 11:23:27', '2020-07-04 06:07:17'),
(162, 21, '5f006ffde7ce0.jpg', '2020-06-25 11:30:49', '2020-07-04 06:07:17'),
(163, 21, '5f006ffd15442.jpg', '2020-06-25 11:30:49', '2020-07-04 06:07:17'),
(164, 21, '5f006ffd18542.jpg', '2020-06-25 11:30:49', '2020-07-04 06:07:17'),
(165, 21, '5f006ffd7884b.jpg', '2020-06-25 11:30:49', '2020-07-04 06:07:17'),
(166, 21, '5f006ffd79b1c.jpg', '2020-06-25 11:30:50', '2020-07-04 06:07:17'),
(167, 21, '5f006ffde2622.jpg', '2020-06-25 11:30:50', '2020-07-04 06:07:17'),
(168, 22, '5f006ffde7ce0.jpg', '2020-06-25 11:34:00', '2020-07-04 06:07:17'),
(169, 22, '5f006ffd15442.jpg', '2020-06-25 11:34:00', '2020-07-04 06:07:17'),
(170, 22, '5f006ffd18542.jpg', '2020-06-25 11:34:00', '2020-07-04 06:07:17'),
(171, 22, '5f006ffd7884b.jpg', '2020-06-25 11:34:00', '2020-07-04 06:07:17'),
(172, 22, '5f006ffd79b1c.jpg', '2020-06-25 11:34:01', '2020-07-04 06:07:17'),
(173, 22, '5f006ffde2622.jpg', '2020-06-25 11:34:01', '2020-07-04 06:07:17'),
(174, 23, '5f006ffde7ce0.jpg', '2020-06-25 21:36:22', '2020-07-04 06:07:17'),
(175, 23, '5f006ffd15442.jpg', '2020-06-25 21:36:22', '2020-07-04 06:07:17'),
(176, 23, '5f006ffd18542.jpg', '2020-06-25 21:36:22', '2020-07-04 06:07:17'),
(177, 23, '5f006ffd7884b.jpg', '2020-06-25 21:36:22', '2020-07-04 06:07:17'),
(178, 23, '5f006ffd79b1c.jpg', '2020-06-25 21:36:22', '2020-07-04 06:07:17'),
(179, 23, '5f006ffde2622.jpg', '2020-06-25 21:36:22', '2020-07-04 06:07:17'),
(180, 24, '5f006ffde7ce0.jpg', '2020-06-25 22:36:13', '2020-07-04 06:07:17'),
(181, 24, '5f006ffd15442.jpg', '2020-06-25 22:36:13', '2020-07-04 06:07:17'),
(182, 24, '5f006ffd18542.jpg', '2020-06-25 22:36:14', '2020-07-04 06:07:17'),
(183, 24, '5f006ffd7884b.jpg', '2020-06-25 22:36:14', '2020-07-04 06:07:17'),
(184, 24, '5f006ffd79b1c.jpg', '2020-06-25 22:36:14', '2020-07-04 06:07:17'),
(185, 24, '5f006ffde2622.jpg', '2020-06-25 22:36:15', '2020-07-04 06:07:17'),
(186, 25, '5f006ffde7ce0.jpg', '2020-06-25 22:39:13', '2020-07-04 06:07:17'),
(187, 25, '5f006ffd15442.jpg', '2020-06-25 22:39:13', '2020-07-04 06:07:17'),
(188, 25, '5f006ffd18542.jpg', '2020-06-25 22:39:14', '2020-07-04 06:07:17'),
(189, 25, '5f006ffd7884b.jpg', '2020-06-25 22:39:14', '2020-07-04 06:07:17'),
(190, 25, '5f006ffd79b1c.jpg', '2020-06-25 22:39:34', '2020-07-04 06:07:17'),
(191, 25, '5f006ffde2622.jpg', '2020-06-25 22:39:34', '2020-07-04 06:07:17'),
(192, 26, '5f006ffde7ce0.jpg', '2020-06-26 01:01:07', '2020-07-04 06:07:17'),
(193, 26, '5f006ffd15442.jpg', '2020-06-26 01:01:07', '2020-07-04 06:07:17'),
(194, 26, '5f006ffd18542.jpg', '2020-06-26 01:01:07', '2020-07-04 06:07:17'),
(195, 26, '5f006ffd7884b.jpg', '2020-06-26 01:01:08', '2020-07-04 06:07:17'),
(196, 26, '5f006ffd79b1c.jpg', '2020-06-26 01:01:08', '2020-07-04 06:07:17'),
(197, 26, '5f006ffde2622.jpg', '2020-06-26 01:01:08', '2020-07-04 06:07:17'),
(198, 27, '5f006ffde7ce0.jpg', '2020-06-26 01:19:02', '2020-07-04 06:07:17'),
(199, 27, '5f006ffd15442.jpg', '2020-06-26 01:19:02', '2020-07-04 06:07:17'),
(200, 27, '5f006ffd18542.jpg', '2020-06-26 01:19:03', '2020-07-04 06:07:17'),
(201, 27, '5f006ffd7884b.jpg', '2020-06-26 01:19:03', '2020-07-04 06:07:17'),
(202, 27, '5f006ffd79b1c.jpg', '2020-06-26 01:19:03', '2020-07-04 06:07:17'),
(203, 27, '5f006ffde2622.jpg', '2020-06-26 01:19:03', '2020-07-04 06:07:17'),
(204, 28, '5f006ffde7ce0.jpg', '2020-06-26 01:22:11', '2020-07-04 06:07:17'),
(205, 28, '5f006ffd15442.jpg', '2020-06-26 01:22:11', '2020-07-04 06:07:17'),
(206, 28, '5f006ffd18542.jpg', '2020-06-26 01:22:12', '2020-07-04 06:07:17'),
(207, 28, '5f006ffd7884b.jpg', '2020-06-26 01:22:12', '2020-07-04 06:07:17'),
(208, 28, '5f006ffd79b1c.jpg', '2020-06-26 01:22:12', '2020-07-04 06:07:17'),
(209, 28, '5f006ffde2622.jpg', '2020-06-26 01:22:12', '2020-07-04 06:07:17'),
(210, 29, '5f006ffde7ce0.jpg', '2020-06-26 01:27:27', '2020-07-04 06:07:17'),
(211, 29, '5f006ffd15442.jpg', '2020-06-26 01:27:27', '2020-07-04 06:07:17'),
(212, 29, '5f006ffd18542.jpg', '2020-06-26 01:27:27', '2020-07-04 06:07:17'),
(213, 29, '5f006ffd7884b.jpg', '2020-06-26 01:27:27', '2020-07-04 06:07:17'),
(214, 29, '5f006ffd79b1c.jpg', '2020-06-26 01:27:27', '2020-07-04 06:07:17'),
(215, 29, '5f006ffde2622.jpg', '2020-06-26 01:27:27', '2020-07-04 06:07:17'),
(216, 30, '5f006ffde7ce0.jpg', '2020-06-26 01:36:15', '2020-07-04 06:07:17'),
(217, 30, '5f006ffd15442.jpg', '2020-06-26 01:36:15', '2020-07-04 06:07:17'),
(218, 30, '5f006ffd18542.jpg', '2020-06-26 01:36:15', '2020-07-04 06:07:17'),
(219, 30, '5f006ffd7884b.jpg', '2020-06-26 01:36:15', '2020-07-04 06:07:17'),
(220, 30, '5f006ffd79b1c.jpg', '2020-06-26 01:36:16', '2020-07-04 06:07:17'),
(221, 30, '5f006ffde2622.jpg', '2020-06-26 01:36:16', '2020-07-04 06:07:17'),
(222, 31, '5f006ffde7ce0.jpg', '2020-06-26 01:40:39', '2020-07-04 06:07:17'),
(223, 31, '5f006ffd15442.jpg', '2020-06-26 01:40:39', '2020-07-04 06:07:17'),
(224, 31, '5f006ffd18542.jpg', '2020-06-26 01:40:39', '2020-07-04 06:07:17'),
(225, 31, '5f006ffd7884b.jpg', '2020-06-26 01:40:39', '2020-07-04 06:07:17'),
(226, 31, '5f006ffd79b1c.jpg', '2020-06-26 01:40:40', '2020-07-04 06:07:17'),
(227, 31, '5f006ffde2622.jpg', '2020-06-26 01:40:40', '2020-07-04 06:07:17'),
(228, 32, '5f006ffde7ce0.jpg', '2020-06-26 01:42:40', '2020-07-04 06:07:17'),
(229, 32, '5f006ffd15442.jpg', '2020-06-26 01:42:40', '2020-07-04 06:07:17'),
(230, 32, '5f006ffd18542.jpg', '2020-06-26 01:42:40', '2020-07-04 06:07:17'),
(231, 32, '5f006ffd7884b.jpg', '2020-06-26 01:42:40', '2020-07-04 06:07:17'),
(232, 32, '5f006ffd79b1c.jpg', '2020-06-26 01:42:41', '2020-07-04 06:07:17'),
(233, 32, '5f006ffde2622.jpg', '2020-06-26 01:42:41', '2020-07-04 06:07:17'),
(234, 33, '5f006ffde7ce0.jpg', '2020-06-26 01:45:30', '2020-07-04 06:07:17'),
(235, 33, '5f006ffd15442.jpg', '2020-06-26 01:45:30', '2020-07-04 06:07:17'),
(236, 33, '5f006ffd18542.jpg', '2020-06-26 01:45:31', '2020-07-04 06:07:17'),
(237, 33, '5f006ffd7884b.jpg', '2020-06-26 01:45:31', '2020-07-04 06:07:17'),
(238, 33, '5f006ffd79b1c.jpg', '2020-06-26 01:45:31', '2020-07-04 06:07:17'),
(239, 33, '5f006ffde2622.jpg', '2020-06-26 01:45:31', '2020-07-04 06:07:17'),
(240, NULL, '5f006ffde7ce0.jpg', '2020-06-26 01:47:09', '2020-07-04 06:07:17'),
(241, NULL, '5f006ffd15442.jpg', '2020-06-26 01:47:09', '2020-07-04 06:07:17'),
(242, NULL, '5f006ffd18542.jpg', '2020-06-26 01:47:10', '2020-07-04 06:07:17'),
(243, NULL, '5f006ffd7884b.jpg', '2020-06-26 01:47:10', '2020-07-04 06:07:17'),
(244, NULL, '5f006ffd79b1c.jpg', '2020-06-26 01:47:10', '2020-07-04 06:07:17'),
(245, NULL, '5f006ffde2622.jpg', '2020-06-26 01:47:10', '2020-07-04 06:07:17'),
(246, 34, '5f006ffde7ce0.jpg', '2020-06-26 04:41:01', '2020-07-04 06:07:17'),
(247, 34, '5f006ffd15442.jpg', '2020-06-26 04:41:01', '2020-07-04 06:07:17'),
(248, 34, '5f006ffd18542.jpg', '2020-06-26 04:41:02', '2020-07-04 06:07:17'),
(249, 34, '5f006ffd7884b.jpg', '2020-06-26 04:41:02', '2020-07-04 06:07:17'),
(250, 34, '5f006ffd79b1c.jpg', '2020-06-26 04:41:02', '2020-07-04 06:07:17'),
(251, 34, '5f006ffde2622.jpg', '2020-06-26 04:41:03', '2020-07-04 06:07:17'),
(252, NULL, '5f006ffde7ce0.jpg', '2020-06-26 04:52:38', '2020-07-04 06:07:17'),
(253, NULL, '5f006ffd15442.jpg', '2020-06-26 04:52:38', '2020-07-04 06:07:17'),
(254, NULL, '5f006ffd18542.jpg', '2020-06-26 04:52:39', '2020-07-04 06:07:17'),
(255, NULL, '5f006ffd7884b.jpg', '2020-06-26 04:52:39', '2020-07-04 06:07:17'),
(256, NULL, '5f006ffd79b1c.jpg', '2020-06-26 04:52:39', '2020-07-04 06:07:17'),
(257, NULL, '5f006ffde2622.jpg', '2020-06-26 04:52:46', '2020-07-04 06:07:17'),
(258, 35, '5f006ffde7ce0.jpg', '2020-06-26 05:05:06', '2020-07-04 06:07:17'),
(259, 35, '5f006ffd15442.jpg', '2020-06-26 05:05:07', '2020-07-04 06:07:17'),
(260, 35, '5f006ffd18542.jpg', '2020-06-26 05:05:07', '2020-07-04 06:07:18'),
(261, 35, '5f006ffd7884b.jpg', '2020-06-26 05:05:07', '2020-07-04 06:07:18'),
(262, 35, '5f006ffd79b1c.jpg', '2020-06-26 05:05:07', '2020-07-04 06:07:18'),
(263, 35, '5f006ffde2622.jpg', '2020-06-26 05:05:13', '2020-07-04 06:07:18'),
(264, 36, '5f006ffde7ce0.jpg', '2020-06-26 05:11:00', '2020-07-04 06:07:18'),
(265, 36, '5f006ffd15442.jpg', '2020-06-26 05:11:00', '2020-07-04 06:07:18'),
(266, 36, '5f006ffd18542.jpg', '2020-06-26 05:11:00', '2020-07-04 06:07:18'),
(267, 36, '5f006ffd7884b.jpg', '2020-06-26 05:11:00', '2020-07-04 06:07:18'),
(268, 36, '5f006ffd79b1c.jpg', '2020-06-26 05:11:01', '2020-07-04 06:07:18'),
(269, 36, '5f006ffde2622.jpg', '2020-06-26 05:11:01', '2020-07-04 06:07:18'),
(270, 37, '5f006ffde7ce0.jpg', '2020-06-26 05:18:56', '2020-07-04 06:07:18'),
(271, 37, '5f006ffd15442.jpg', '2020-06-26 05:18:56', '2020-07-04 06:07:18'),
(272, 37, '5f006ffd18542.jpg', '2020-06-26 05:18:56', '2020-07-04 06:07:18'),
(273, 37, '5f006ffd7884b.jpg', '2020-06-26 05:18:56', '2020-07-04 06:07:18'),
(274, 37, '5f006ffd79b1c.jpg', '2020-06-26 05:18:57', '2020-07-04 06:07:18'),
(275, 37, '5f006ffde2622.jpg', '2020-06-26 05:18:57', '2020-07-04 06:07:18'),
(276, 38, '5f006ffde7ce0.jpg', '2020-06-26 05:22:26', '2020-07-04 06:07:18'),
(277, 38, '5f006ffd15442.jpg', '2020-06-26 05:22:26', '2020-07-04 06:07:18'),
(278, 38, '5f006ffd18542.jpg', '2020-06-26 05:22:26', '2020-07-04 06:07:18'),
(279, 38, '5f006ffd7884b.jpg', '2020-06-26 05:22:26', '2020-07-04 06:07:18'),
(280, 38, '5f006ffd79b1c.jpg', '2020-06-26 05:22:27', '2020-07-04 06:07:18'),
(281, 38, '5f006ffde2622.jpg', '2020-06-26 05:22:27', '2020-07-04 06:07:18'),
(282, 39, '5f006ffde7ce0.jpg', '2020-06-26 05:26:44', '2020-07-04 06:07:18'),
(283, 39, '5f006ffd15442.jpg', '2020-06-26 05:26:44', '2020-07-04 06:07:18'),
(284, 39, '5f006ffd18542.jpg', '2020-06-26 05:26:44', '2020-07-04 06:07:18'),
(285, 39, '5f006ffd7884b.jpg', '2020-06-26 05:26:44', '2020-07-04 06:07:18'),
(286, 39, '5f006ffd79b1c.jpg', '2020-06-26 05:26:45', '2020-07-04 06:07:18'),
(287, 39, '5f006ffde2622.jpg', '2020-06-26 05:26:45', '2020-07-04 06:07:18'),
(288, 40, '5f006ffde7ce0.jpg', '2020-06-26 05:29:55', '2020-07-04 06:07:18'),
(289, 40, '5f006ffd15442.jpg', '2020-06-26 05:29:55', '2020-07-04 06:07:18'),
(290, 40, '5f006ffd18542.jpg', '2020-06-26 05:29:55', '2020-07-04 06:07:18'),
(291, 40, '5f006ffd7884b.jpg', '2020-06-26 05:29:55', '2020-07-04 06:07:18'),
(292, 40, '5f006ffd79b1c.jpg', '2020-06-26 05:29:55', '2020-07-04 06:07:18'),
(293, 40, '5f006ffde2622.jpg', '2020-06-26 05:29:55', '2020-07-04 06:07:18'),
(294, 41, '5f006ffde7ce0.jpg', '2020-06-26 05:34:55', '2020-07-04 06:07:18'),
(295, 41, '5f006ffd15442.jpg', '2020-06-26 05:34:55', '2020-07-04 06:07:18'),
(296, 41, '5f006ffd18542.jpg', '2020-06-26 05:34:56', '2020-07-04 06:07:18'),
(297, 41, '5f006ffd7884b.jpg', '2020-06-26 05:34:56', '2020-07-04 06:07:18'),
(298, 41, '5f006ffd79b1c.jpg', '2020-06-26 05:34:56', '2020-07-04 06:07:18'),
(299, 41, '5f006ffde2622.jpg', '2020-06-26 05:34:56', '2020-07-04 06:07:18'),
(300, 42, '5f006ffde7ce0.jpg', '2020-06-26 05:38:55', '2020-07-04 06:07:18'),
(301, 42, '5f006ffd15442.jpg', '2020-06-26 05:38:55', '2020-07-04 06:07:18'),
(302, 42, '5f006ffd18542.jpg', '2020-06-26 05:38:56', '2020-07-04 06:07:18'),
(303, 42, '5f006ffd7884b.jpg', '2020-06-26 05:38:56', '2020-07-04 06:07:18'),
(304, 42, '5f006ffd79b1c.jpg', '2020-06-26 05:38:56', '2020-07-04 06:07:18'),
(305, 42, '5f006ffde2622.jpg', '2020-06-26 05:38:56', '2020-07-04 06:07:18'),
(306, 43, '5f006ffde7ce0.jpg', '2020-06-26 05:40:23', '2020-07-04 06:07:18'),
(307, 43, '5f006ffd15442.jpg', '2020-06-26 05:40:23', '2020-07-04 06:07:18'),
(308, 43, '5f006ffd18542.jpg', '2020-06-26 05:40:23', '2020-07-04 06:07:18'),
(309, 43, '5f006ffd7884b.jpg', '2020-06-26 05:40:23', '2020-07-04 06:07:18'),
(311, 43, '5f006ffd79b1c.jpg', '2020-06-26 05:40:24', '2020-07-04 06:07:18'),
(312, 43, '5f006ffde2622.jpg', '2020-06-26 05:40:24', '2020-07-04 06:07:18'),
(313, 4, '5f006ffde7ce0.jpg', '2020-07-04 06:03:09', '2020-07-04 06:07:18'),
(314, 4, '5f006ffd15442.jpg', '2020-07-04 06:03:09', '2020-07-04 06:07:18'),
(315, 4, '5f006ffd18542.jpg', '2020-07-04 06:03:09', '2020-07-04 06:07:18'),
(316, 4, '5f006ffd7884b.jpg', '2020-07-04 06:03:09', '2020-07-04 06:07:18'),
(317, 4, '5f006ffd79b1c.jpg', '2020-07-04 06:03:09', '2020-07-04 06:07:18'),
(318, 4, '5f006ffde2622.jpg', '2020-07-04 06:03:09', '2020-07-04 06:07:18'),
(332, 46, '5f006ffde7ce0.jpg', '2020-06-26 05:40:23', '2020-07-04 06:07:18'),
(333, 46, '5f006ffd15442.jpg', '2020-06-26 05:40:23', '2020-07-04 06:07:18'),
(334, 46, '5f006ffd18542.jpg', '2020-06-26 05:40:23', '2020-07-04 06:07:18'),
(335, 46, '5f006ffd7884b.jpg', '2020-06-26 05:40:23', '2020-07-04 06:07:18'),
(336, 46, '5f006ffd79b1c.jpg', '2020-06-26 05:40:24', '2020-07-04 06:07:18'),
(337, 46, '5f006ffde2622.jpg', '2020-06-26 05:40:24', '2020-07-04 06:07:18'),
(338, 47, '5f006ffde7ce0.jpg', '2020-07-04 06:03:09', '2020-07-04 06:07:18'),
(339, 47, '5f006ffd15442.jpg', '2020-07-04 06:03:09', '2020-07-04 06:07:18'),
(340, 47, '5f006ffd18542.jpg', '2020-07-04 06:03:09', '2020-07-04 06:07:18'),
(341, 47, '5f006ffd7884b.jpg', '2020-07-04 06:03:09', '2020-07-04 06:07:18'),
(342, 47, '5f006ffd79b1c.jpg', '2020-07-04 06:03:09', '2020-07-04 06:07:18'),
(343, 47, '5f006ffde2622.jpg', '2020-07-04 06:03:09', '2020-07-04 06:07:18'),
(344, 49, '5f006ffde7ce0.jpg', '2020-06-26 05:40:23', '2020-07-04 06:07:18'),
(345, 49, '5f006ffd15442.jpg', '2020-06-26 05:40:23', '2020-07-04 06:07:18'),
(346, 49, '5f006ffd18542.jpg', '2020-06-26 05:40:23', '2020-07-04 06:07:18'),
(347, 49, '5f006ffd7884b.jpg', '2020-06-26 05:40:23', '2020-07-04 06:07:18'),
(348, 49, '5f006ffd79b1c.jpg', '2020-06-26 05:40:24', '2020-07-04 06:07:18'),
(349, 49, '5f006ffde2622.jpg', '2020-06-26 05:40:24', '2020-07-04 06:07:18'),
(350, 50, '5f006ffde7ce0.jpg', '2020-07-04 06:03:09', '2020-07-04 06:07:18'),
(351, 50, '5f006ffd15442.jpg', '2020-07-04 06:03:09', '2020-07-04 06:07:18'),
(352, 50, '5f006ffd18542.jpg', '2020-07-04 06:03:09', '2020-07-04 06:07:18'),
(353, 50, '5f006ffd7884b.jpg', '2020-07-04 06:03:09', '2020-07-04 06:07:18'),
(354, 50, '5f006ffd79b1c.jpg', '2020-07-04 06:03:09', '2020-07-04 06:07:18'),
(355, 50, '5f006ffde2622.jpg', '2020-07-04 06:03:09', '2020-07-04 06:07:18'),
(356, 51, '5f006ffde7ce0.jpg', '2020-06-26 05:40:23', '2020-07-04 06:07:18'),
(357, 51, '5f006ffd15442.jpg', '2020-06-26 05:40:23', '2020-07-04 06:07:18'),
(358, 51, '5f006ffd18542.jpg', '2020-06-26 05:40:23', '2020-07-04 06:07:18'),
(359, 49, '5f006ffd7884b.jpg', '2020-06-26 05:40:23', '2020-07-04 06:07:18'),
(360, 51, '5f006ffd79b1c.jpg', '2020-06-26 05:40:24', '2020-07-04 06:07:18'),
(361, 51, '5f006ffde2622.jpg', '2020-06-26 05:40:24', '2020-07-04 06:07:18'),
(362, 52, '5f006ffde7ce0.jpg', '2020-07-04 06:03:09', '2020-07-04 06:07:18'),
(363, 52, '5f006ffd15442.jpg', '2020-07-04 06:03:09', '2020-07-04 06:07:18'),
(364, 52, '5f006ffd18542.jpg', '2020-07-04 06:03:09', '2020-07-04 06:07:18'),
(365, 52, '5f006ffd7884b.jpg', '2020-07-04 06:03:09', '2020-07-04 06:07:18'),
(366, 53, '5f006ffde7ce0.jpg', '2020-06-26 05:40:23', '2020-07-04 06:07:18'),
(367, 53, '5f006ffd15442.jpg', '2020-06-26 05:40:23', '2020-07-04 06:07:18'),
(368, 53, '5f006ffd18542.jpg', '2020-06-26 05:40:23', '2020-07-04 06:07:18'),
(369, 53, '5f006ffd7884b.jpg', '2020-06-26 05:40:23', '2020-07-04 06:07:18'),
(370, 53, '5f006ffd79b1c.jpg', '2020-06-26 05:40:24', '2020-07-04 06:07:18'),
(371, 53, '5f006ffde2622.jpg', '2020-06-26 05:40:24', '2020-07-04 06:07:18'),
(372, 54, '5f006ffde7ce0.jpg', '2020-07-04 06:03:09', '2020-07-04 06:07:18'),
(373, 54, '5f006ffd15442.jpg', '2020-07-04 06:03:09', '2020-07-04 06:07:18'),
(374, 54, '5f006ffd18542.jpg', '2020-07-04 06:03:09', '2020-07-04 06:07:18'),
(375, 54, '5f006ffd7884b.jpg', '2020-07-04 06:03:09', '2020-07-04 06:07:18');

-- --------------------------------------------------------

--
-- Table structure for table `product_orders`
--

CREATE TABLE `product_orders` (
  `id` bigint UNSIGNED NOT NULL,
  `user_id` int DEFAULT NULL,
  `billing_country` varchar(255) CHARACTER SET utf8mb4 COLLATE utf8mb4_unicode_ci NOT NULL,
  `billing_fname` varchar(255) CHARACTER SET utf8mb4 COLLATE utf8mb4_unicode_ci NOT NULL,
  `billing_lname` varchar(255) CHARACTER SET utf8mb4 COLLATE utf8mb4_unicode_ci NOT NULL,
  `billing_address` varchar(255) CHARACTER SET utf8mb4 COLLATE utf8mb4_unicode_ci NOT NULL,
  `billing_city` varchar(255) CHARACTER SET utf8mb4 COLLATE utf8mb4_unicode_ci NOT NULL,
  `billing_email` varchar(255) CHARACTER SET utf8mb4 COLLATE utf8mb4_unicode_ci NOT NULL,
  `billing_number` varchar(255) CHARACTER SET utf8mb4 COLLATE utf8mb4_unicode_ci NOT NULL,
  `shpping_country` varchar(255) CHARACTER SET utf8mb4 COLLATE utf8mb4_unicode_ci NOT NULL,
  `shpping_fname` varchar(255) CHARACTER SET utf8mb4 COLLATE utf8mb4_unicode_ci NOT NULL,
  `shpping_lname` varchar(255) CHARACTER SET utf8mb4 COLLATE utf8mb4_unicode_ci NOT NULL,
  `shpping_address` varchar(255) CHARACTER SET utf8mb4 COLLATE utf8mb4_unicode_ci NOT NULL,
  `shpping_city` varchar(255) CHARACTER SET utf8mb4 COLLATE utf8mb4_unicode_ci NOT NULL,
  `shpping_email` varchar(255) CHARACTER SET utf8mb4 COLLATE utf8mb4_unicode_ci NOT NULL,
  `shpping_number` varchar(255) CHARACTER SET utf8mb4 COLLATE utf8mb4_unicode_ci NOT NULL,
  `cart_total` decimal(8,2) NOT NULL DEFAULT '0.00',
  `discount` decimal(8,2) NOT NULL DEFAULT '0.00',
  `tax` decimal(8,2) NOT NULL DEFAULT '0.00',
  `total` decimal(11,2) DEFAULT NULL,
  `method` varchar(255) CHARACTER SET utf8mb4 COLLATE utf8mb4_unicode_ci NOT NULL,
  `gateway_type` varchar(50) CHARACTER SET utf8mb4 COLLATE utf8mb4_unicode_ci DEFAULT NULL,
  `currency_code` varchar(255) CHARACTER SET utf8mb4 COLLATE utf8mb4_unicode_ci NOT NULL,
  `order_number` varchar(255) CHARACTER SET utf8mb4 COLLATE utf8mb4_unicode_ci NOT NULL,
  `shipping_method` varchar(255) CHARACTER SET utf8mb4 COLLATE utf8mb4_unicode_ci DEFAULT NULL,
  `shipping_charge` decimal(11,2) DEFAULT NULL,
  `payment_status` varchar(255) CHARACTER SET utf8mb4 COLLATE utf8mb4_unicode_ci NOT NULL,
  `order_status` varchar(255) CHARACTER SET utf8mb4 COLLATE utf8mb4_unicode_ci NOT NULL DEFAULT 'pending',
  `txnid` varchar(255) CHARACTER SET utf8mb4 COLLATE utf8mb4_unicode_ci NOT NULL,
  `charge_id` varchar(255) CHARACTER SET utf8mb4 COLLATE utf8mb4_unicode_ci NOT NULL,
  `created_at` timestamp NULL DEFAULT NULL,
  `updated_at` timestamp NULL DEFAULT NULL,
  `invoice_number` varchar(255) CHARACTER SET utf8mb4 COLLATE utf8mb4_unicode_ci DEFAULT NULL,
  `receipt` varchar(100) CHARACTER SET utf8mb4 COLLATE utf8mb4_unicode_ci DEFAULT NULL
) ENGINE=InnoDB DEFAULT CHARSET=utf8mb4 COLLATE=utf8mb4_unicode_ci;

-- --------------------------------------------------------

--
-- Table structure for table `product_reviews`
--

CREATE TABLE `product_reviews` (
  `id` bigint UNSIGNED NOT NULL,
  `user_id` int DEFAULT NULL,
  `product_id` int DEFAULT NULL,
  `review` int DEFAULT NULL,
  `comment` text CHARACTER SET utf8mb4 COLLATE utf8mb4_unicode_ci,
  `created_at` timestamp NULL DEFAULT NULL,
  `updated_at` timestamp NULL DEFAULT NULL
) ENGINE=InnoDB DEFAULT CHARSET=utf8mb4 COLLATE=utf8mb4_unicode_ci;

--
-- Dumping data for table `product_reviews`
--

INSERT INTO `product_reviews` (`id`, `user_id`, `product_id`, `review`, `comment`, `created_at`, `updated_at`) VALUES
(25, 26, 47, 5, 'Great product with great features', '2021-04-27 11:23:39', '2021-04-27 11:23:39'),
(26, 26, 46, 4, 'Needs more improvement', '2021-04-27 11:24:22', '2021-04-27 11:24:22'),
(27, 26, 16, 3, 'Slow Delivery', '2021-04-27 11:29:17', '2021-04-27 11:29:17'),
(28, 26, 14, 5, 'Awesome Product Quality', '2021-04-27 11:30:01', '2021-04-27 11:30:01'),
(29, 26, 10, 5, 'Loved this', '2021-04-27 11:30:21', '2021-04-27 11:30:21');

-- --------------------------------------------------------

--
-- Table structure for table `push_subscriptions`
--

CREATE TABLE `push_subscriptions` (
  `id` bigint UNSIGNED NOT NULL,
  `subscribable_id` int DEFAULT NULL,
  `subscribable_type` varchar(255) CHARACTER SET utf8mb4 COLLATE utf8mb4_unicode_ci DEFAULT NULL,
  `endpoint` varchar(500) CHARACTER SET utf8mb4 COLLATE utf8mb4_unicode_ci NOT NULL,
  `public_key` varchar(255) CHARACTER SET utf8mb4 COLLATE utf8mb4_unicode_ci DEFAULT NULL,
  `auth_token` varchar(255) CHARACTER SET utf8mb4 COLLATE utf8mb4_unicode_ci DEFAULT NULL,
  `content_encoding` varchar(255) CHARACTER SET utf8mb4 COLLATE utf8mb4_unicode_ci DEFAULT NULL,
  `created_at` timestamp NULL DEFAULT NULL,
  `updated_at` timestamp NULL DEFAULT NULL
) ENGINE=InnoDB DEFAULT CHARSET=utf8mb4 COLLATE=utf8mb4_unicode_ci;

--
-- Dumping data for table `push_subscriptions`
--

INSERT INTO `push_subscriptions` (`id`, `subscribable_id`, `subscribable_type`, `endpoint`, `public_key`, `auth_token`, `content_encoding`, `created_at`, `updated_at`) VALUES
(8, 8, 'App\\Guest', 'https://updates.push.services.mozilla.com/wpush/v2/gAAAAABgWtflfgOQ6Zu9YS1cgmd5CpfOnjSoxolT02byjYLKCQBrtUypVyYG9YxI0_ypNnyfZpRSf3tOur7GBiN1R5NGZVkaazRPwt1rILBAeNfNw6AW_N3hWD7Uz-RLxfFc7G7PAegKlgGYoL0n1oUMuZOUI3cIZIb3hYtBa0YoP1YDgAfoAi0', 'BPnWQRwG0w9UpT9SgGIvZu14qiOh6xeJw7LH0SGB9yQ8rotD3PcoVP6baA5tkgHYeKbkBVc0zKscFanqLvSE2jI', 'xXBSBQEM1NUoevPvlcWIVw', NULL, '2021-03-24 01:10:47', '2021-03-24 01:10:47'),
(20, 20, 'App\\Guest', 'https://updates.push.services.mozilla.com/wpush/v2/gAAAAABhikRba0a-zxtAD66amGYkq9OQh5z9-rOici-p6UUbMvDNtBfQFZE4l77xT47225N0YnU4jFxY2kNFVY9V7U07thn58MlpN_EjgPehJ0Iy8hx03MxC3QVXa4IOb-R7UDSPP1R9TdVa9LczlQc0FwKr946oYP35nPbyQ9wTpMAmjL9Alxk', 'BPPhkRphOJ6Ax917o2rVvZzFBnC3H1oHJQ0AkS8hk5w1TjYREbpz08z2EVe90NgWUw193FHMgjVP6zTp8yKaqMs', '171oWQWrwo4YTzwS6KWnzQ', NULL, '2021-11-09 04:50:20', '2021-11-09 04:50:20'),
(21, 21, 'App\\Guest', 'https://fcm.googleapis.com/fcm/send/f0dlMt-oX9M:APA91bEjpmSkkxgd2vubVIT4YKI0sWFmfOSp64EWjMqd3czv96hr3TsjDpj5LEop10vFIH7NE6QktKACmLww-iVfxw361X_znJtsggv2j0KCh7HiArkUPUAuHIL0rpB-CL-6JEbw1XLx', 'BGUokSQoW3xW7FnkG3s9IS7JQdXEtS2RrXxy9jpCPrD4wEWldH61JaYYL2Of8BdySocWZfku3InyWMO7wonXv08', '-nG-0-ohe-cT-8yNPDldUg', NULL, '2021-11-09 04:52:27', '2021-11-09 04:52:27'),
(24, 1, 'App\\Guest', 'https://fcm.googleapis.com/fcm/send/f4231ligyw4:APA91bEWz2VS4fiod9ap0zds6iaQNp0PBAxWKbdy5LwNHn7K_PAbpQHhPDVuiK7N21HOzj8bGVsXlDKuqRWEwEl-oxbWIvxKijGzkckSgJRZUomJqaB75FL4REiqM9cT672-5rF7V8uQ', 'BOFZwJVaXAtR3Ugp_Ur2XrfD_HrRfo-nhJNp07GQBSCcrIASA_3UJ5pF1uL8pA6Q31Uzw-axaZ3W-dr2w_cGWZE', 'nhI_kKk2ZdHEwQhlsgdKAw', NULL, '2023-09-17 04:06:51', '2023-09-17 04:06:51');

-- --------------------------------------------------------

--
-- Table structure for table `queue_jobs`
--

CREATE TABLE `queue_jobs` (
  `id` bigint UNSIGNED NOT NULL,
  `queue` varchar(255) CHARACTER SET utf8mb4 COLLATE utf8mb4_unicode_ci NOT NULL,
  `payload` longtext CHARACTER SET utf8mb4 COLLATE utf8mb4_unicode_ci NOT NULL,
  `attempts` tinyint UNSIGNED NOT NULL,
  `reserved_at` int UNSIGNED DEFAULT NULL,
  `available_at` int UNSIGNED NOT NULL,
  `created_at` int UNSIGNED NOT NULL
) ENGINE=InnoDB DEFAULT CHARSET=utf8mb4 COLLATE=utf8mb4_unicode_ci;

-- --------------------------------------------------------

--
-- Table structure for table `quotes`
--

CREATE TABLE `quotes` (
  `id` bigint UNSIGNED NOT NULL,
  `name` varchar(255) CHARACTER SET utf8mb4 COLLATE utf8mb4_unicode_ci DEFAULT NULL,
  `email` varchar(255) CHARACTER SET utf8mb4 COLLATE utf8mb4_unicode_ci DEFAULT NULL,
  `fields` text CHARACTER SET utf8mb4 COLLATE utf8mb4_unicode_ci,
  `status` tinyint NOT NULL DEFAULT '0' COMMENT '0-pending, 1-prcessing, 2-completed, 3-rejected',
  `created_at` timestamp NULL DEFAULT NULL,
  `updated_at` timestamp NULL DEFAULT NULL
) ENGINE=InnoDB DEFAULT CHARSET=utf8mb4 COLLATE=utf8mb4_unicode_ci;

-- --------------------------------------------------------

--
-- Table structure for table `quote_inputs`
--

CREATE TABLE `quote_inputs` (
  `id` bigint UNSIGNED NOT NULL,
  `language_id` int NOT NULL DEFAULT '0',
  `type` tinyint DEFAULT NULL COMMENT '1-text, 2-select, 3-checkbox, 4-textarea, 5-file',
  `label` varchar(255) CHARACTER SET utf8mb4 COLLATE utf8mb4_unicode_ci DEFAULT NULL,
  `name` varchar(255) CHARACTER SET utf8mb4 COLLATE utf8mb4_unicode_ci DEFAULT NULL,
  `placeholder` varchar(255) CHARACTER SET utf8mb4 COLLATE utf8mb4_unicode_ci DEFAULT NULL,
  `required` tinyint NOT NULL DEFAULT '0' COMMENT '1 - required, 0 - optional',
  `created_at` timestamp NULL DEFAULT NULL,
  `updated_at` timestamp NULL DEFAULT NULL
) ENGINE=InnoDB DEFAULT CHARSET=utf8mb4 COLLATE=utf8mb4_unicode_ci;

--
-- Dumping data for table `quote_inputs`
--

INSERT INTO `quote_inputs` (`id`, `language_id`, `type`, `label`, `name`, `placeholder`, `required`, `created_at`, `updated_at`) VALUES
(18, 169, 1, 'Contact Number', 'contact_number', 'Enter Contact Number', 1, '2019-12-25 18:57:49', '2019-12-25 18:57:49'),
(19, 169, 1, 'Country', 'country', 'Enter Country Name', 1, '2019-12-25 18:58:11', '2019-12-25 18:58:11'),
(20, 169, 2, 'Approximate Budget', 'approximate_budget', 'Select Approximate Budget', 1, '2019-12-25 18:59:35', '2019-12-25 18:59:35'),
(21, 169, 1, 'Skype ID / Whatsapp Number', 'skype_id_whatsapp_number', 'Enter Skype ID / Whatsapp Number', 1, '2019-12-25 19:00:49', '2019-12-25 19:00:49'),
(22, 169, 3, 'Select Your Choices', 'Select_Your_Choices', NULL, 1, '2019-12-25 19:01:53', '2021-01-23 06:17:55'),
(23, 169, 4, 'Details', 'Details', 'Project Description', 1, '2019-12-25 19:10:59', '2021-01-23 06:28:37'),
(26, 170, 1, 'Número de contato', 'numero_de_contato', 'Digite o número do contato', 1, '2019-12-25 20:16:37', '2019-12-25 20:16:37'),
(27, 170, 1, 'País', 'pais', 'Digite o nome do país', 1, '2019-12-25 20:17:08', '2019-12-25 20:17:08'),
(28, 170, 2, 'Orçamento Aproximado', 'orcamento_aproximado', 'Selecione orçamento aproximado', 1, '2019-12-25 20:20:17', '2019-12-25 20:20:17'),
(29, 170, 1, 'ID do Skype / número do WhatsApp', 'id_do_skype_numero_do_whatsapp', 'Digite o ID do Skype / Número do Whatsapp', 1, '2019-12-25 20:20:59', '2019-12-25 20:20:59'),
(30, 170, 3, 'Selecione suas opções', 'selecione_suas_opcoes', NULL, 1, '2019-12-25 20:22:56', '2019-12-25 20:22:56'),
(31, 170, 4, 'Details', 'details', 'Project Description', 1, '2019-12-25 20:23:39', '2019-12-25 20:23:39'),
(34, 171, 1, 'İletişim numarası', 'iletisim_numarasi', 'İletişim Numarasını Girin', 1, '2019-12-25 20:26:47', '2019-12-25 20:26:47'),
(35, 171, 1, 'ülke', 'ulke', 'Ülke Adını Girin', 1, '2019-12-25 20:27:34', '2019-12-25 20:27:34'),
(36, 171, 2, 'Yaklaşık Bütçe', 'yaklasik_butce', 'Yaklaşık Bütçe Seçin', 1, '2019-12-25 20:31:41', '2019-12-25 20:31:41'),
(37, 171, 1, 'Skype Kimliği / Whatsapp Numarası', 'skype_kimligi_whatsapp_numarasi', 'Skype Kimliği / Whatsapp Numarası girin', 1, '2019-12-25 22:06:55', '2019-12-25 22:06:55'),
(38, 171, 3, 'Seçimlerinizi Seçin', 'secimlerinizi_secin', NULL, 1, '2019-12-25 22:09:54', '2019-12-25 22:09:54'),
(39, 171, 4, 'ayrıntılar', 'ayrintilar', 'Projedct Tanım', 1, '2019-12-25 22:10:28', '2019-12-25 22:10:28'),
(46, 0, 1, 'Contact Number', 'contact_number', 'Enter Contact Number', 1, '2019-12-25 22:30:26', '2019-12-25 22:30:26'),
(47, 0, 1, 'Country', 'country', 'Enter Country Name', 1, '2019-12-25 22:30:58', '2019-12-25 22:30:58'),
(48, 0, 2, 'Approximate Budget', 'approximate_budget', 'Select Approximate Budget', 1, '2019-12-25 22:32:19', '2019-12-25 22:32:19'),
(49, 0, 1, 'Skype ID / Whatsapp Number', 'skype_id_whatsapp_number', 'Enter Skype ID / Whatsapp Number', 1, '2019-12-25 22:32:38', '2019-12-25 22:32:38'),
(50, 0, 3, 'Select Your Choices', 'select_your_choices', NULL, 1, '2019-12-25 22:33:21', '2019-12-25 22:33:21'),
(51, 0, 4, 'Details', 'details', 'Project Description', 1, '2019-12-25 22:33:42', '2019-12-25 22:33:42'),
(54, 173, 1, 'رقم الاتصال', 'رقم_الاتصال', 'أدخل رقم الاتصال', 1, '2019-12-27 22:22:31', '2020-01-07 04:36:34'),
(55, 173, 1, 'بلد', 'بلد', 'أدخل اسم البلد', 1, '2019-12-27 22:22:58', '2020-01-07 04:36:44'),
(56, 173, 2, 'الميزانية التقريبية', 'الميزانية_التقريبية', 'حدد الميزانية التقريبية', 1, '2019-12-27 22:24:59', '2020-01-07 04:36:51'),
(57, 173, 1, 'رقم Skype / رقم واتساب', 'رقم_Skype_/_رقم_واتساب', 'أدخل معرف Skype / رقم Whatsapp', 1, '2019-12-27 22:26:41', '2020-01-07 04:37:03'),
(58, 173, 3, 'اختر اختياراتك', 'اختر_اختياراتك', NULL, 1, '2019-12-27 22:27:52', '2020-01-07 04:37:08'),
(59, 173, 4, 'تفاصيل', 'تفاصيل', 'وصف المشروع', 1, '2019-12-27 22:28:20', '2020-01-07 04:37:15'),
(61, 169, 7, 'Time', 'Time', 'Enter Time', 1, '2021-01-23 06:18:45', '2021-02-20 22:16:09'),
(62, 169, 5, 'Attachment 1', 'Attachment_1', NULL, 0, '2021-01-23 06:21:39', '2021-02-20 22:16:43'),
(65, 169, 6, 'Date', 'Date', 'Enter Date', 1, '2021-01-23 06:23:45', '2021-02-20 22:16:31'),
(66, 169, 5, 'Attachment 2', 'Attachment_2', NULL, 1, '2021-01-23 06:23:59', '2021-02-20 22:16:55'),
(68, 170, 7, 'Tempo', 'Tempo', 'Digite o tempo', 1, '2021-02-20 22:18:55', '2021-02-20 22:18:55'),
(69, 170, 5, 'Anexo 1', 'Anexo_1', NULL, 0, '2021-02-20 22:19:06', '2021-02-20 22:19:20'),
(70, 170, 6, 'Encontro', 'Encontro', 'Insira a data', 1, '2021-02-20 22:19:57', '2021-02-20 22:19:57'),
(71, 170, 5, 'Anexo 2', 'Anexo_2', NULL, 1, '2021-02-20 22:20:13', '2021-02-20 22:20:13'),
(72, 171, 7, 'Zaman', 'Zaman', 'Saati Girin', 1, '2021-02-20 22:21:43', '2021-02-20 22:21:43'),
(73, 171, 5, 'Ek 1', 'Ek_1', NULL, 0, '2021-02-20 22:22:00', '2021-02-20 22:22:00'),
(74, 171, 6, 'Tarih', 'Tarih', 'Tarih Girin', 1, '2021-02-20 22:22:24', '2021-02-20 22:22:24'),
(75, 171, 5, 'Ek 2', 'Ek_2', NULL, 1, '2021-02-20 22:22:35', '2021-02-20 22:22:35'),
(76, 173, 7, 'وقت', 'وقت', 'أدخل الوقت', 1, '2021-02-20 22:23:21', '2021-02-20 22:23:21'),
(77, 173, 5, 'المرفقات 1', 'المرفقات_1', NULL, 0, '2021-02-20 22:23:33', '2021-02-20 22:23:33'),
(78, 173, 6, 'تاريخ', 'تاريخ', 'أدخل التاريخ', 1, '2021-02-20 22:23:55', '2021-02-20 22:23:55'),
(79, 173, 5, 'الملحق 2', 'الملحق_2', NULL, 1, '2021-02-20 22:24:07', '2021-02-20 22:24:07');

-- --------------------------------------------------------

--
-- Table structure for table `quote_input_options`
--

CREATE TABLE `quote_input_options` (
  `id` bigint UNSIGNED NOT NULL,
  `quote_input_id` int DEFAULT NULL,
  `name` varchar(255) CHARACTER SET utf8mb4 COLLATE utf8mb4_unicode_ci DEFAULT NULL,
  `created_at` timestamp NULL DEFAULT NULL,
  `updated_at` timestamp NULL DEFAULT NULL
) ENGINE=InnoDB DEFAULT CHARSET=utf8mb4 COLLATE=utf8mb4_unicode_ci;

--
-- Dumping data for table `quote_input_options`
--

INSERT INTO `quote_input_options` (`id`, `quote_input_id`, `name`, `created_at`, `updated_at`) VALUES
(86, 20, 'less than $10000', '2019-12-25 18:59:35', '2019-12-25 18:59:35'),
(87, 20, '$10000 to $25000', '2019-12-25 18:59:35', '2019-12-25 18:59:35'),
(88, 20, '$25000 to $50000', '2019-12-25 18:59:35', '2019-12-25 18:59:35'),
(89, 20, '$50000+', '2019-12-25 18:59:35', '2019-12-25 18:59:35'),
(90, 20, 'Negotiable', '2019-12-25 18:59:35', '2019-12-25 18:59:35'),
(96, 28, 'menos de US $ 10000', '2019-12-25 20:20:17', '2019-12-25 20:20:17'),
(97, 28, '$ 10000 a $ 25000', '2019-12-25 20:20:17', '2019-12-25 20:20:17'),
(98, 28, '$ 25000 a $ 50000', '2019-12-25 20:20:17', '2019-12-25 20:20:17'),
(99, 28, '$ 50000 +', '2019-12-25 20:20:17', '2019-12-25 20:20:17'),
(100, 28, 'Negociável', '2019-12-25 20:20:17', '2019-12-25 20:20:17'),
(101, 30, 'Modelo do Bootstrap 4', '2019-12-25 20:22:56', '2019-12-25 20:22:56'),
(102, 30, 'PSD para HTML', '2019-12-25 20:22:56', '2019-12-25 20:22:56'),
(103, 30, 'HTML e CSS', '2019-12-25 20:22:56', '2019-12-25 20:22:56'),
(104, 30, 'Laravel Framework', '2019-12-25 20:22:56', '2019-12-25 20:22:56'),
(105, 30, 'React Native App', '2019-12-25 20:22:56', '2019-12-25 20:22:56'),
(106, 36, '10000 dolardan az', '2019-12-25 20:31:41', '2019-12-25 20:31:41'),
(107, 36, '10000 $ ile 25000 $ arası', '2019-12-25 20:31:41', '2019-12-25 20:31:41'),
(108, 36, '25000 $ ile 50000 $ arası', '2019-12-25 20:31:41', '2019-12-25 20:31:41'),
(109, 36, '$ 50000 +', '2019-12-25 20:31:41', '2019-12-25 20:31:41'),
(110, 36, 'tartışılabilir', '2019-12-25 20:31:41', '2019-12-25 20:31:41'),
(111, 38, 'Bootstrap 4 Şablonu', '2019-12-25 22:09:54', '2019-12-25 22:09:54'),
(112, 38, 'PSD\'den HTML\'ye', '2019-12-25 22:09:54', '2019-12-25 22:09:54'),
(113, 38, 'HTML ve CSS', '2019-12-25 22:09:54', '2019-12-25 22:09:54'),
(114, 38, 'Laravel Framework', '2019-12-25 22:09:54', '2019-12-25 22:09:54'),
(115, 38, 'React Native App', '2019-12-25 22:09:54', '2019-12-25 22:09:54'),
(119, 48, 'less than $10000', '2019-12-25 22:32:19', '2019-12-25 22:32:19'),
(120, 48, '$10000 to $25000', '2019-12-25 22:32:19', '2019-12-25 22:32:19'),
(121, 48, '$25000 to $50000', '2019-12-25 22:32:19', '2019-12-25 22:32:19'),
(122, 48, '$50000+', '2019-12-25 22:32:19', '2019-12-25 22:32:19'),
(123, 48, 'Negotiable', '2019-12-25 22:32:19', '2019-12-25 22:32:19'),
(124, 50, 'Bootstrap 4 Template', '2019-12-25 22:33:21', '2019-12-25 22:33:21'),
(125, 50, 'PSD to HTML', '2019-12-25 22:33:21', '2019-12-25 22:33:21'),
(126, 50, 'HTML & CSS', '2019-12-25 22:33:21', '2019-12-25 22:33:21'),
(127, 50, 'Laravel Framework', '2019-12-25 22:33:21', '2019-12-25 22:33:21'),
(128, 50, 'React Native App', '2019-12-25 22:33:21', '2019-12-25 22:33:21'),
(139, 56, 'أقل من 10000 دولار', '2020-01-07 04:36:51', '2020-01-07 04:36:51'),
(140, 56, '10000 دولار إلى 25000 دولار', '2020-01-07 04:36:51', '2020-01-07 04:36:51'),
(141, 56, '25000 دولار إلى 50000 دولار', '2020-01-07 04:36:51', '2020-01-07 04:36:51'),
(142, 56, '$ 50000 +', '2020-01-07 04:36:51', '2020-01-07 04:36:51'),
(143, 56, 'قابل للتفاوض', '2020-01-07 04:36:51', '2020-01-07 04:36:51'),
(144, 58, 'Bootstrap 4 Template', '2020-01-07 04:37:08', '2020-01-07 04:37:08'),
(145, 58, 'مديرية الأمن العام إلى HTML', '2020-01-07 04:37:08', '2020-01-07 04:37:08'),
(146, 58, 'HTML و CSS', '2020-01-07 04:37:08', '2020-01-07 04:37:08'),
(147, 58, 'Laravel Framework', '2020-01-07 04:37:08', '2020-01-07 04:37:08'),
(148, 58, 'React Native App', '2020-01-07 04:37:08', '2020-01-07 04:37:08'),
(160, 22, 'Bootstrap 4 Template', '2021-01-23 06:28:24', '2021-01-23 06:28:24'),
(161, 22, 'PSD to HTML', '2021-01-23 06:28:24', '2021-01-23 06:28:24'),
(162, 22, 'HTML & CSS', '2021-01-23 06:28:24', '2021-01-23 06:28:24'),
(163, 22, 'React Native App', '2021-01-23 06:28:24', '2021-01-23 06:28:24'),
(164, 22, 'Laravel Framework', '2021-01-23 06:28:24', '2021-01-23 06:28:24');

-- --------------------------------------------------------

--
-- Table structure for table `roles`
--

CREATE TABLE `roles` (
  `id` bigint UNSIGNED NOT NULL,
  `name` varchar(255) CHARACTER SET utf8mb4 COLLATE utf8mb4_unicode_ci DEFAULT NULL,
  `permissions` text CHARACTER SET utf8mb4 COLLATE utf8mb4_unicode_ci,
  `created_at` timestamp NULL DEFAULT NULL,
  `updated_at` timestamp NULL DEFAULT NULL
) ENGINE=InnoDB DEFAULT CHARSET=utf8mb4 COLLATE=utf8mb4_unicode_ci;

--
-- Dumping data for table `roles`
--

INSERT INTO `roles` (`id`, `name`, `permissions`, `created_at`, `updated_at`) VALUES
(1, 'Moderator', '[\"Dashboard\",\"Theme & Home\",\"Content Management\",\"Pages\",\"Event Calendar\",\"Shop Management\",\"Events Management\",\"Knowledgebase\",\"Tickets\"]', '2019-10-03 03:47:30', '2021-04-22 07:07:55'),
(3, 'Super Admin', '[\"Dashboard\",\"Basic Settings\",\"Subscribers\",\"Quote Management\",\"Home Page\",\"Footer\",\"Pages\",\"Service Page\",\"Portfolio Management\",\"Event Calendar\",\"Gallery Management\",\"FAQ Management\",\"Blogs\",\"Contact Page\",\"Role Management\",\"Users Management\",\"Language Management\",\"Backup\"]', '2019-10-04 02:52:29', '2020-03-06 05:48:34'),
(4, 'Admin', '[\"Dashboard\",\"Basic Settings\",\"Quote Management\",\"Home Page\",\"Footer\",\"Service Page\",\"Portfolio Management\",\"Gallery Management\",\"FAQ Management\",\"Blogs\",\"Contact Page\"]', '2019-10-04 02:52:53', '2019-10-04 02:53:21');

-- --------------------------------------------------------

--
-- Table structure for table `rss_feeds`
--

CREATE TABLE `rss_feeds` (
  `id` bigint UNSIGNED NOT NULL,
  `language_id` int DEFAULT NULL,
  `feed_name` varchar(255) CHARACTER SET utf8mb4 COLLATE utf8mb4_unicode_ci DEFAULT NULL,
  `feed_url` varchar(255) CHARACTER SET utf8mb4 COLLATE utf8mb4_unicode_ci DEFAULT NULL,
  `post_limit` int DEFAULT NULL,
  `read_more_button` varchar(30) CHARACTER SET utf8mb4 COLLATE utf8mb4_unicode_ci DEFAULT NULL,
  `created_at` timestamp NULL DEFAULT NULL,
  `updated_at` timestamp NULL DEFAULT NULL
) ENGINE=InnoDB DEFAULT CHARSET=utf8mb4 COLLATE=utf8mb4_unicode_ci;

--
-- Dumping data for table `rss_feeds`
--

INSERT INTO `rss_feeds` (`id`, `language_id`, `feed_name`, `feed_url`, `post_limit`, `read_more_button`, `created_at`, `updated_at`) VALUES
(9, 169, 'ABC News', 'https://www.abc.net.au/news/feed/4570058/rss.xml', 5, 'Read More', '2020-03-27 16:29:30', NULL),
(10, 169, 'CNN News', 'http://rss.cnn.com/rss/edition_world.rss', 10, 'Read More', NULL, NULL),
(11, 169, 'Independent News', 'http://www.independent.co.uk/news/world/rss', 10, 'Read More', NULL, NULL),
(12, NULL, NULL, NULL, NULL, 'Read More', NULL, NULL),
(13, NULL, NULL, NULL, NULL, 'Read More', NULL, NULL);

-- --------------------------------------------------------

--
-- Table structure for table `rss_posts`
--

CREATE TABLE `rss_posts` (
  `id` bigint UNSIGNED NOT NULL,
  `language_id` int DEFAULT NULL,
  `rss_feed_id` int DEFAULT NULL,
  `title` varchar(255) CHARACTER SET utf8mb4 COLLATE utf8mb4_unicode_ci DEFAULT NULL,
  `slug` varchar(255) CHARACTER SET utf8mb4 COLLATE utf8mb4_unicode_ci DEFAULT NULL,
  `photo` varchar(255) CHARACTER SET utf8mb4 COLLATE utf8mb4_unicode_ci DEFAULT NULL,
  `description` text CHARACTER SET utf8mb4 COLLATE utf8mb4_unicode_ci,
  `rss_link` varchar(255) CHARACTER SET utf8mb4 COLLATE utf8mb4_unicode_ci DEFAULT NULL,
  `created_at` timestamp NULL DEFAULT NULL,
  `updated_at` timestamp NULL DEFAULT NULL
) ENGINE=InnoDB DEFAULT CHARSET=utf8mb4 COLLATE=utf8mb4_unicode_ci;

--
-- Dumping data for table `rss_posts`
--

INSERT INTO `rss_posts` (`id`, `language_id`, `rss_feed_id`, `title`, `slug`, `photo`, `description`, `rss_link`, `created_at`, `updated_at`) VALUES
(15, 169, 9, 'As city gigs dry up, unemployed look to farmers for a job', 'As-city-gigs-dry-up,-unemployed-look-to-farmers-for-a-job', 'https://www.abc.net.au/news/image/11765638-16x9-2150x1210.jpg', '<p>Coronavirus is expected to force hundreds of thousands of Australians out of work, and farmers are already being inundated with enquiries from the unemployed.</p>', 'https://www.abc.net.au/news/2020-03-28/covid-19-downturn-sees-farmers-inundated-by-jobseekers/12097012', '2020-03-27 16:29:52', NULL),
(16, 169, 9, '\'Ugly\' fruit and vegetables hit top shelf to meet demand during COVID-19', '\'Ugly\'-fruit-and-vegetables-hit-top-shelf-to-meet-demand-during-COVID-19', 'https://www.abc.net.au/news/image/7837650-16x9-2150x1210.jpg', '<p>Consumers can expect some different-looking fruit and vegetables in the aisles as COVID-19 demand forces supermarkets to relax specifications.</p>', 'https://www.abc.net.au/news/2020-03-25/supermarkets-change-fruit-vegetable-specifications-covid19/12085326', '2020-03-27 16:29:53', NULL),
(17, 169, 9, 'Another hit to rural tourism in Tasmania', 'Another-hit-to-rural-tourism-in-Tasmania', 'https://www.abc.net.au/news/image/12085520-16x9-2150x1210.jpg', 'The rural tourism industry in southern Tasmania has been hit with closures of regional pubs and restaurants due to coronavirus', 'https://www.abc.net.au/radio/programs/tas-country-hour/bangor-closed/12085570', '2020-03-27 16:29:53', NULL),
(18, 169, 9, 'While many are losing their jobs, these businesses need more workers', 'While-many-are-losing-their-jobs,-these-businesses-need-more-workers', 'https://www.abc.net.au/news/image/12084808-16x9-2150x1210.jpg', '<p>As tens of thousands of Australians lose their jobs because of new rules around social distancing, some businesses including food producers, are looking for new workers.</p>', 'https://www.abc.net.au/news/2020-03-24/some-businesses-looking-for-workers-amid-coronavirus-layoffs/12084182', '2020-03-27 16:29:53', NULL),
(19, 169, 9, 'Farmer doesn\'t let coronavirus squash his giant pumpkin strides', 'Farmer-doesn\'t-let-coronavirus-squash-his-giant-pumpkin-strides', 'https://www.abc.net.au/news/image/12081934-16x9-2150x1210.jpg', '<p>Sorell farmer Shane Newitt put six months of love into his giant pumpkin to compete at the Bream Creek Show, but its cancellation hasn\'t stopped him showing it off.</p>', 'https://www.abc.net.au/news/2020-03-24/tasmanian-farmer-shane-newitt-shows-off-giant-pumpkin/12081512', '2020-03-27 16:29:53', NULL),
(20, 169, 10, 'It\'s shockingly easy to get a $150 bonus with this card', 'It\'s-shockingly-easy-to-get-a-$150-bonus-with-this-card', 'https://cdn.cnn.com/cnnnext/dam/assets/200306170259-cc-pastelcashstack-super-169.jpg', '<img src=\"http://feeds.feedburner.com/~r/rss/edition_world/~4/BF-YqghZ2po\" height=\"1\" width=\"1\" alt=\"\">', 'http://rss.cnn.com/~r/rss/edition_world/~3/BF-YqghZ2po/best-cash-back-quicksilver', NULL, NULL),
(21, 169, 10, 'Iceland lab\'s testing suggests 50% of cases have no symptoms', 'Iceland-lab\'s-testing-suggests-50%-of-cases-have-no-symptoms', 'https://cdn.cnn.com/cnnnext/dam/assets/200331132121-02-iceland-coronavirus-testing-super-169.jpg', 'There\'s a lot about Iceland that other countries could envy: Its spectacular natural surroundings, its place among the world\'s happiest countries, and, now, its large-scale testing for the novel coronavirus, which could influence how the world understands the outbreak.<img src=\"http://feeds.feedburner.com/~r/rss/edition_world/~4/odv9kN_humI\" height=\"1\" width=\"1\" alt=\"\">', 'http://rss.cnn.com/~r/rss/edition_world/~3/odv9kN_humI/index.html', NULL, NULL),
(22, 169, 10, 'Can the Tour de France go ahead?', 'Can-the-Tour-de-France-go-ahead?', 'https://cdn.cnn.com/cnnnext/dam/assets/190704153713-eddy-mercxx-super-169.jpg', 'With the list of sporting postponements growing ever longer, the fate of cycling\'s Tour de France would seem almost inevitable.<img src=\"http://feeds.feedburner.com/~r/rss/edition_world/~4/ppR7f_Hvqo8\" height=\"1\" width=\"1\" alt=\"\">', 'http://rss.cnn.com/~r/rss/edition_world/~3/ppR7f_Hvqo8/index.html', NULL, NULL),
(23, 169, 10, 'Asia may have been right about coronavirus and face masks', 'Asia-may-have-been-right-about-coronavirus-and-face-masks', 'https://cdn.cnn.com/cnnnext/dam/assets/200401141239-hong-kong-face-mask-0323-01-super-169.jpg', '<img src=\"http://feeds.feedburner.com/~r/rss/edition_world/~4/ZlwuatLpZnk\" height=\"1\" width=\"1\" alt=\"\">', 'http://rss.cnn.com/~r/rss/edition_world/~3/ZlwuatLpZnk/index.html', NULL, NULL),
(24, 169, 10, 'UK races to convert convention hall into ICU', 'UK-races-to-convert-convention-hall-into-ICU', 'https://cdn.cnn.com/cnnnext/dam/assets/200401074352-nhs-nightingale-hospital-excel-center-super-169.jpg', 'The UK will open the doors this week on what could soon be the biggest intensive care unit in the country. Nick Paton Walsh reports from east London.<img src=\"http://feeds.feedburner.com/~r/rss/edition_world/~4/JDrSljdXw7s\" height=\"1\" width=\"1\" alt=\"\">', 'http://rss.cnn.com/~r/rss/edition_world/~3/JDrSljdXw7s/london-nick-paton-walsh-nhs-excel-nightingale-hospital.cnn', NULL, NULL),
(25, 169, 10, 'Cruise ships are still scrambling for safe harbor', 'Cruise-ships-are-still-scrambling-for-safe-harbor', 'https://cdn.cnn.com/cnnnext/dam/assets/200327135115-01-zaandam-0327-super-169.jpg', 'More than a dozen cruise ships remain stranded at sea right now -- some with and some without passengers -- as ports deny entry and passengers panic about returning home.<img src=\"http://feeds.feedburner.com/~r/rss/edition_world/~4/tirk0A6nwoc\" height=\"1\" width=\"1\" alt=\"\">', 'http://rss.cnn.com/~r/rss/edition_world/~3/tirk0A6nwoc/index.html', NULL, NULL),
(26, 169, 10, 'Analysis: Power-hungry leaders itching to exploit this crisis', 'Analysis:-Power-hungry-leaders-itching-to-exploit-this-crisis', 'https://cdn.cnn.com/cnnnext/dam/assets/200330112237-01-viktor-orban-0304-super-169.jpg', 'As Covid-19 brings the world to a halt, some world leaders have spotted an opportunity to tighten their grip on power.<img src=\"http://feeds.feedburner.com/~r/rss/edition_world/~4/7BOgm5Y7KI0\" height=\"1\" width=\"1\" alt=\"\">', 'http://rss.cnn.com/~r/rss/edition_world/~3/7BOgm5Y7KI0/index.html', NULL, NULL),
(27, 169, 10, 'How Huawei is returning to work', 'How-Huawei-is-returning-to-work', 'https://cdn.cnn.com/cnnnext/dam/assets/200331141553-huawei-shenzhen-file-super-169.jpg', 'At Huawei\'s first ever virtual press conference on Tuesday, CEO Eric Xu waited patiently as dozens of reporters attempted to get the moderator\'s attention on video conferencing platform Zoom.<img src=\"http://feeds.feedburner.com/~r/rss/edition_world/~4/sknDExqjy8I\" height=\"1\" width=\"1\" alt=\"\">', 'http://rss.cnn.com/~r/rss/edition_world/~3/sknDExqjy8I/index.html', NULL, NULL),
(28, 169, 10, 'How some investors have profited from the stock market\'s huge losses', 'How-some-investors-have-profited-from-the-stock-market\'s-huge-losses', 'https://cdn.cnn.com/cnnnext/dam/assets/200326111241-bill-ackman-1112-file-super-169.jpg', 'Hedge fund manager Bill Ackman appeared on CNBC earlier this month tearfully begging for the stock market to be shut down because he thought \"hell\" was coming,\"<img src=\"http://feeds.feedburner.com/~r/rss/edition_world/~4/J3F-ryolr6Y\" height=\"1\" width=\"1\" alt=\"\">', 'http://rss.cnn.com/~r/rss/edition_world/~3/J3F-ryolr6Y/index.html', NULL, NULL),
(29, 169, 10, 'Pandemic could push 11 million people in Asia into poverty', 'Pandemic-could-push-11-million-people-in-Asia-into-poverty', 'https://cdn.cnn.com/cnnnext/dam/assets/200331141303-manila-philippines-0331-super-169.jpg', 'The economic fallout from the coronavirus pandemic could drive an additional 11 million people into poverty in East Asia and the Pacific unless \"urgent action\" is taken, the World Bank warned in a report released Monday.<img src=\"http://feeds.feedburner.com/~r/rss/edition_world/~4/N_u5Z8QWPmc\" height=\"1\" width=\"1\" alt=\"\">', 'http://rss.cnn.com/~r/rss/edition_world/~3/N_u5Z8QWPmc/index.html', NULL, NULL),
(30, 169, 11, 'US medical workers hit by pay cuts at height of coronavirus', 'US-medical-workers-hit-by-pay-cuts-at-height-of-coronavirus', 'https://static.independent.co.uk/s3fs-public/thumbnails/image/2020/04/01/14/new-york-doctor.jpg', 'One of the largest medical staffing agencies in the US announced cuts to staff whilst they care for coronavirus patients', 'https://www.independent.co.uk/news/world/americas/us-politics/coronavirus-us-healthcare-doctor-pay-nurse-wages-a9440521.html', NULL, NULL),
(31, 169, 11, 'Tornado and hurricane seasons could be worse this year due to abnormally high sea temperature', 'Tornado-and-hurricane-seasons-could-be-worse-this-year-due-to-abnormally-high-sea-temperature', 'https://static.independent.co.uk/s3fs-public/thumbnails/image/2020/04/01/12/tornado.jpg', 'Southern US states have seen unusually warm weather so far this year', 'https://www.independent.co.uk/news/world/americas/tornado-hurricane-season-high-sea-temperature-gulf-mexico-a9440331.html', NULL, NULL),
(32, 169, 11, 'Coronavirus: Nuclear aircraft carrier will evacuate after desperate plea from captain', 'Coronavirus:-Nuclear-aircraft-carrier-will-evacuate-after-desperate-plea-from-captain', 'https://static.independent.co.uk/s3fs-public/thumbnails/image/2015/04/21/00/web-USS-Roosevelt-Get-v2.jpg', '\'We are not at war,\' wrote Captain Brett Crozier. \'Sailors do not need to die\'', 'https://www.independent.co.uk/news/world/americas/coronavirus-us-war-ship-theodore-roosevelt-navy-aircraft-carrier-guam-brett-crozier-a9439901.html', NULL, NULL),
(33, 169, 11, 'Trump blames impeachment for slow response to coronavirus', 'Trump-blames-impeachment-for-slow-response-to-coronavirus', 'https://static.independent.co.uk/s3fs-public/thumbnails/image/2020/04/01/13/trump-hoax-rally.jpg', 'President suggests his administration was distracted by impeachment process in January', 'https://www.independent.co.uk/news/world/americas/us-politics/trump-coronavirus-impeachment-white-house-press-briefing-a9440351.html', NULL, NULL),
(34, 169, 11, 'Coronavirus: 350 bodies sent away from Bergamo after local crematorium overwhelmed', 'Coronavirus:-350-bodies-sent-away-from-Bergamo-after-local-crematorium-overwhelmed', 'https://static.independent.co.uk/s3fs-public/thumbnails/image/2020/03/27/17/Italy-coronavirus-deaths.jpg', 'Florence reportedly offered help this week', 'https://www.independent.co.uk/news/world/europe/coronavirus-cremation-bergamo-bodies-sent-ferrara-venice-florence-a9440436.html', NULL, NULL),
(35, 169, 11, 'Trump news – live: President warns nation facing &amp;apos;hell of a bad two weeks&amp;apos; and predicts death toll of up to 240,000 even if lockdown measures kept up', 'Trump-news-–-live:-President-warns-nation-facing-&amp;apos;hell-of-a-bad-two-weeks&amp;apos;-and-predicts-death-toll-of-up-to-240,000-even-if-lockdown-measures-kept-up', 'https://static.independent.co.uk/s3fs-public/thumbnails/image/2020/03/31/22/donald-trump-anthony-fauci-coronavirus.jpg', 'Follow the latest updates', 'https://www.independent.co.uk/news/world/americas/us-politics/trump-news-live-coronavirus-update-white-house-live-press-conference-cases-a9439936.html', NULL, NULL),
(36, 169, 11, 'US coronavirus death toll passes 4,000 as cases near 200,000', 'US-coronavirus-death-toll-passes-4,000-as-cases-near-200,000', 'https://static.independent.co.uk/s3fs-public/thumbnails/image/2020/04/01/11/refrigeration-units-ny.jpg', 'The US death toll passed another marker on Wednesday, as coronavirus fatalities surpassed those of 9/11', 'https://www.independent.co.uk/news/world/americas/us-politics/us-coronavirus-death-toll-cases-latest-trump-news-a9440151.html', NULL, NULL),
(37, 169, 11, 'Coronavirus news – live: UK daily death toll exceeds 500 for first time, as &amp;apos;1.7 million Britons may have had disease&amp;apos; and UN warns world faces &amp;apos;worst crisis&amp;apos; since WW2', 'Coronavirus-news-–-live:-UK-daily-death-toll-exceeds-500-for-first-time,-as-&amp;apos;1.7-million-Britons-may-have-had-disease&amp;apos;-and-UN-warns-world-faces-&amp;apos;worst-crisis&amp;apos;-since-WW2', 'https://static.independent.co.uk/s3fs-public/thumbnails/image/2020/04/01/07/pri148122028.jpg', 'Follow the latest updates', 'https://www.independent.co.uk/news/health/coronavirus-update-live-news-cases-uk-map-latest-today-deaths-a9439711.html', NULL, NULL),
(38, 169, 11, '&amp;apos;People do not realise what is coming&amp;apos;: What a coronavirus crisis would look like in war-torn Syria, Yemen and Libya', '&amp;apos;People-do-not-realise-what-is-coming&amp;apos;:-What-a-coronavirus-crisis-would-look-like-in-war-torn-Syria,-Yemen-and-Libya', 'https://static.independent.co.uk/s3fs-public/thumbnails/image/2020/04/01/14/syria.jpg', 'In more than a dozen interviews, doctors and medical charities tells Bel Trew how years of conflict has left them completely unable to stop the spread of coronavirus', 'https://www.independent.co.uk/news/world/middle-east/coronavirus-syria-yemen-libya-cases-update-death-toll-doctors-a9440486.html', NULL, NULL),
(39, 169, 11, '&amp;apos;You could run from Katrina. You can&amp;apos;t run from this&amp;apos;: Hurricane&amp;apos;s legacy haunts Louisiana&amp;apos;s fight against coronavirus', '&amp;apos;You-could-run-from-Katrina.-You-can&amp;apos;t-run-from-this&amp;apos;:-Hurricane&amp;apos;s-legacy-haunts-Louisiana&amp;apos;s-fight-against-coronavirus', 'https://static.independent.co.uk/s3fs-public/thumbnails/image/2020/04/01/12/New-Orleans-21.jpg', 'With Mardi Gras in hindsight, New Orleans becomes a scapegoat as the city braces for more trauma under a national microscope', 'https://www.independent.co.uk/news/world/americas/coronavirus-louisiana-new-orleans-hurricane-katrina-death-toll-cases-a9439616.html', NULL, NULL),
(40, 169, 9, 'South Australian cellar doors closed amid coronavirus cluster concerns', 'South-Australian-cellar-doors-closed-amid-coronavirus-cluster-concerns', 'https://www.abc.net.au/news/image/12103596-16x9-2150x1210.jpg', '<p>With wine tasting already off the menu due to COVID-19 restrictions, many wineries have been relying on cellar-door sales to keep them afloat, but they are now being banned too.</p>', 'https://www.abc.net.au/news/2020-03-30/south-australian-wineries-to-close-amid-coronavirus-concerns/12103540', NULL, NULL),
(41, 169, 9, '\'Just going to waste\': Flowers dumped as sales plummet amid coronavirus closures', '\'Just-going-to-waste\':-Flowers-dumped-as-sales-plummet-amid-coronavirus-closures', 'https://www.abc.net.au/news/image/12101024-16x9-2150x1210.jpg', '<p>Australian flower growers destroy tens of thousands of flowers after events and florists are shut down in coronavirus measures.</p>', 'https://www.abc.net.au/news/2020-03-30/flowers-dumped-as-coronavirus-closes-events-and-florists/12100998', NULL, NULL),
(42, 169, 11, '&amp;apos;We have a life and death situation&amp;apos;: Trump lambasted for blaming slow coronavirus response on impeachment', '&amp;apos;We-have-a-life-and-death-situation&amp;apos;:-Trump-lambasted-for-blaming-slow-coronavirus-response-on-impeachment', 'https://static.independent.co.uk/s3fs-public/thumbnails/image/2020/03/13/14/pelosi-coronavirus.jpg', 'Pelosi: \'That\'s an admission that perhaps the president and the majority leader cannot handle the job\'', 'https://www.independent.co.uk/news/world/americas/us-politics/coronavirus-trump-impeachment-pandemic-us-pelosi-mitch-mcconnell-a9441136.html', NULL, NULL),
(43, 169, 11, 'Coronavirus: Florida issues stay-at-home order', 'Coronavirus:-Florida-issues-stay-at-home-order', 'https://static.independent.co.uk/s3fs-public/thumbnails/image/2018/09/26/17/breaking-4.png', 'The governor of Florida has issued a statewide stay-at-home order to remain in effect for at least 30 days beginning Thursday, after facing extensive criticism over a seemingly slow response to the novel coronavirus pandemic.', 'https://www.independent.co.uk/news/world/americas/coronavirus-florida-stay-at-home-order-lockdown-update-today-a9441116.html', NULL, NULL),
(44, 169, 11, 'Trump says Iran is planning &amp;apos;sneak attack&amp;apos; on US interests in Iraq', 'Trump-says-Iran-is-planning-&amp;apos;sneak-attack&amp;apos;-on-US-interests-in-Iraq', 'https://static.independent.co.uk/s3fs-public/thumbnails/image/2018/09/26/17/breaking-4.png', 'Donald Trump claimed Wednesday that Iran is planning a \"sneak attack\" against US forces in Iraq, without providing any evidence or sourcing for the assertion.', 'https://www.independent.co.uk/news/world/americas/trump-iran-us-troops-iraq-sanctions-military-latest-a9441056.html', NULL, NULL),
(45, 169, 11, 'Coronavirus: New York governor says peak will hit at end of April, as death toll nears 2,000', 'Coronavirus:-New-York-governor-says-peak-will-hit-at-end-of-April,-as-death-toll-nears-2,000', 'https://static.independent.co.uk/s3fs-public/thumbnails/image/2020/04/01/18/ap-20090603494496.jpg', 'Cases in state rise to 83,712 people infected', 'https://www.independent.co.uk/news/world/americas/coronavirus-new-york-cases-andrew-cuomo-press-briefing-latest-a9440976.html', NULL, NULL),
(46, 169, 11, 'Coronavirus: 28 spring breakers test positive after returning home to Texas', 'Coronavirus:-28-spring-breakers-test-positive-after-returning-home-to-Texas', 'https://static.independent.co.uk/s3fs-public/thumbnails/image/2020/04/01/17/florida-beach.jpg', '\'Four of the confirmed cases did not present any symptoms\'', 'https://www.independent.co.uk/news/world/americas/coronavirus-spring-break-test-positive-austin-texas-a9440911.html', NULL, NULL),
(47, 169, 11, 'Coronavirus stimulus package: Who is eligible and when will you get your checks?', 'Coronavirus-stimulus-package:-Who-is-eligible-and-when-will-you-get-your-checks', 'https://static.independent.co.uk/s3fs-public/thumbnails/image/2020/04/01/16/stimulus-bill.jpg', 'Payment will be one-off that is calculated by looking at your 2019 tax return', 'https://www.independent.co.uk/news/world/americas/coronavirus-stimulus-package-when-checks-who-eligible-2020-trump-bill-a9440611.html', NULL, NULL),
(48, 169, 11, 'Coronavirus: Trump administration claims it only found out alarming death toll figures at weekend despite experts issuing warning weeks ago', 'Coronavirus:-Trump-administration-claims-it-only-found-out-alarming-death-toll-figures-at-weekend-despite-experts-issuing-warning-weeks-ago', 'https://static.independent.co.uk/s3fs-public/thumbnails/image/2020/03/30/18/screenshot-2020-03-30-at-11.53.31-am.png', 'American life likely mostly shut down into \'early June,\' VP warns', 'https://www.independent.co.uk/news/world/americas/us-politics/coronavirus-trump-us-death-toll-pence-dr-birx-covid-stats-cases-a9440841.html', NULL, NULL),
(49, 169, 11, 'Churches remain packed as pastors are arrested and lobby for exemptions to coronavirus lockdown orders', 'Churches-remain-packed-as-pastors-are-arrested-and-lobby-for-exemptions-to-coronavirus-lockdown-orders', 'https://static.independent.co.uk/s3fs-public/thumbnails/image/2020/04/01/17/new-york.jpg', 'Pastors sue for \'religious liberty\' exemptions as thousands of people die across the country from Covid-19', 'https://www.independent.co.uk/news/world/americas/churches-coronavirus-lock-down-louisiana-texas-pastors-arrest-a9440956.html', NULL, NULL),
(50, 169, 11, 'Coronavirus: Man uses cherry picker to visit his mother on third floor of care home', 'Coronavirus:-Man-uses-cherry-picker-to-visit-his-mother-on-third-floor-of-care-home', 'https://static.independent.co.uk/s3fs-public/thumbnails/image/2020/04/01/15/care-home.png', '\'Her spirits were kind of down because she\'s used to being able to get out go places and do things\'', 'https://www.independent.co.uk/news/world/americas/coronavirus-care-home-visit-cherry-picker-social-distancing-elderly-a9440466.html', NULL, NULL);

-- --------------------------------------------------------

--
-- Table structure for table `scategories`
--

CREATE TABLE `scategories` (
  `id` bigint UNSIGNED NOT NULL,
  `language_id` int NOT NULL DEFAULT '0',
  `name` varchar(255) CHARACTER SET utf8mb4 COLLATE utf8mb4_unicode_ci DEFAULT NULL,
  `image` varchar(255) CHARACTER SET utf8mb4 COLLATE utf8mb4_unicode_ci DEFAULT NULL,
  `short_text` text CHARACTER SET utf8mb4 COLLATE utf8mb4_unicode_ci,
  `status` tinyint NOT NULL DEFAULT '1',
  `serial_number` int NOT NULL DEFAULT '0',
  `feature` tinyint NOT NULL DEFAULT '0' COMMENT '0 - will not show in home, 1 - will show in home'
) ENGINE=InnoDB DEFAULT CHARSET=utf8mb4 COLLATE=utf8mb4_unicode_ci;

--
-- Dumping data for table `scategories`
--

INSERT INTO `scategories` (`id`, `language_id`, `name`, `image`, `short_text`, `status`, `serial_number`, `feature`) VALUES
(46, 170, 'Designer de Web', '1581145796.png', 'Lorem ipsum dolor sit amet consectetur, adipisicing elit. Corrupti autem beatae eos unde sint provident minima.', 1, 1, 1),
(47, 170, 'Desenvolvimento web', '1581145861.png', 'Lorem ipsum dolor sit amet consectetur, adipisicing elit. Corrupti autem beatae eos unde sint provident minima.', 1, 2, 1),
(48, 170, 'Design gráfico', '1581145892.png', 'Lorem ipsum dolor sit amet consectetur, adipisicing elit. Corrupti autem beatae eos unde sint provident minima.', 1, 3, 1),
(49, 170, 'Aplicativos móveis', '1581145912.png', 'Lorem ipsum dolor sit amet consectetur, adipisicing elit. Corrupti autem beatae eos unde sint provident minima.', 1, 4, 1),
(50, 170, 'Desenvolvimento de Plugins', '1581145929.png', 'Lorem ipsum dolor sit amet consectetur, adipisicing elit. Corrupti autem beatae eos unde sint provident minima.', 1, 5, 1),
(51, 170, 'Marketting SEO', '1581145950.png', 'Lorem ipsum dolor sit amet consectetur, adipisicing elit. Corrupti autem beatae eos unde sint provident minima.', 1, 6, 1),
(52, 170, 'Edição de imagem', '1581145965.png', 'Lorem ipsum dolor sit amet consectetur, adipisicing elit. Corrupti autem beatae eos unde sint provident minima.', 1, 7, 1),
(53, 170, 'Consultoria em TI', '1581145980.png', 'Lorem ipsum dolor sit amet consectetur, adipisicing elit. Corrupti autem beatae eos unde sint provident minima.', 1, 8, 1),
(54, 169, 'Web Design', '1581145610.png', 'Lorem ipsum dolor sit amet consectetur, adipisicing elit. Corrupti autem beatae eos unde sint provident minima.', 1, 1, 1),
(55, 169, 'Web Development', '1581145594.png', 'Lorem ipsum dolor sit amet consectetur, adipisicing elit. Corrupti autem beatae eos unde sint provident minima.', 1, 2, 1),
(56, 169, 'Graphic Design', '1581145626.png', 'Lorem ipsum dolor sit amet consectetur, adipisicing elit. Corrupti autem beatae eos unde sint provident minima.', 1, 3, 1),
(57, 169, 'Mobile Apps', '1581145660.png', 'Lorem ipsum dolor sit amet consectetur, adipisicing elit. Corrupti autem beatae eos unde sint provident minima.', 1, 4, 1),
(58, 169, 'Plugin Development', '1581145679.png', 'Lorem ipsum dolor sit amet consectetur, adipisicing elit. Corrupti autem beatae eos unde sint provident minima.', 1, 5, 1),
(59, 169, 'Marketting SEO', '1581145693.png', 'Lorem ipsum dolor sit amet consectetur, adipisicing elit. Corrupti autem beatae eos unde sint provident minima.', 1, 6, 1),
(60, 169, 'Image Editing', '1581145709.png', 'Lorem ipsum dolor sit amet consectetur, adipisicing elit. Corrupti autem beatae eos unde sint provident minima.', 1, 7, 1),
(61, 169, 'IT Consultancy', '1581145761.png', 'Lorem ipsum dolor sit amet consectetur, adipisicing elit. Corrupti autem beatae eos unde sint provident minima.Lorem ipsum dolor sit amet consectetur, adipisicing elit. Corrupti autem beatae eos unde sint provident minima.', 1, 8, 1),
(62, 171, 'Designer de Web', '1581146280.png', 'Lorem ipsum dolor sit amet consectetur, adipisicing elit. Corrupti autem beatae eos unde sint provident minima.', 1, 1, 1),
(63, 171, 'Desenvolvimento web', '1581146295.png', 'Lorem ipsum dolor sit amet consectetur, adipisicing elit. Corrupti autem beatae eos unde sint provident minima.', 1, 2, 1),
(64, 171, 'Design gráfico', '1581146310.png', 'Lorem ipsum dolor sit amet consectetur, adipisicing elit. Corrupti autem beatae eos unde sint provident minima.', 1, 3, 1),
(65, 171, 'Aplicativos móveis', '1581146323.png', 'Lorem ipsum dolor sit amet consectetur, adipisicing elit. Corrupti autem beatae eos unde sint provident minima.', 1, 4, 1),
(66, 171, 'Desenvolvimento de Plugins', '1581146340.png', 'Lorem ipsum dolor sit amet consectetur, adipisicing elit. Corrupti autem beatae eos unde sint provident minima.', 1, 5, 1),
(67, 171, 'Marketing SEO', '1581146352.png', 'Lorem ipsum dolor sit amet consectetur, adipisicing elit. Corrupti autem beatae eos unde sint provident minima.', 1, 6, 1),
(68, 171, 'Edição de imagem', '1581146366.png', 'Lorem ipsum dolor sit amet consectetur, adipisicing elit. Corrupti autem beatae eos unde sint provident minima.', 1, 7, 1),
(69, 171, 'BT Danışmanlığı', '1581146380.png', 'Lorem ipsum dolor sit amet consectetur, adipisicing elit. Corrupti autem beatae eos unde sint provident minima.', 1, 8, 1),
(70, 173, 'تصميم المواقع', '1581146460.png', 'Lorem ipsum dolor sit amet consectetur، adipisicing elit. Corrupti autem beatae eos unde sint provident minima.', 1, 1, 1),
(71, 173, 'تطوير الشبكة', '1581146549.png', 'Lorem ipsum dolor sit amet consectetur، adipisicing elit. Corrupti autem beatae eos unde sint provident minima.', 1, 2, 1),
(72, 173, 'التصميم الجرافيكي', '1581146577.png', 'Lorem ipsum dolor sit amet consectetur، adipisicing elit. Corrupti autem beatae eos unde sint provident minima.', 1, 3, 1),
(73, 173, 'تطبيقات الموبايل', '1581146592.png', 'Lorem ipsum dolor sit amet consectetur، adipisicing elit. Corrupti autem beatae eos unde sint provident minima.', 1, 4, 1),
(74, 173, 'تطوير البرنامج المساعد', '1581146670.png', 'Lorem ipsum dolor sit amet consectetur، adipisicing elit. Corrupti autem beatae eos unde sint provident minima.', 1, 5, 1),
(75, 173, 'كبار المسئولين الاقتصاديين والتسويق', '1581146690.png', 'Lorem ipsum dolor sit amet consectetur، adipisicing elit. Corrupti autem beatae eos unde sint provident minima.', 1, 6, 1),
(76, 173, 'تعديل الصوره', '1581146703.png', 'Lorem ipsum dolor sit amet consectetur، adipisicing elit. Corrupti autem beatae eos unde sint provident minima.', 1, 7, 1),
(77, 173, 'استشارات تكنولوجيا المعلومات', '1581146720.png', 'Lorem ipsum dolor sit amet consectetur، adipisicing elit. Corrupti autem beatae eos unde sint provident minima.', 1, 8, 1);

-- --------------------------------------------------------

--
-- Table structure for table `services`
--

CREATE TABLE `services` (
  `id` int NOT NULL,
  `language_id` int NOT NULL DEFAULT '0',
  `scategory_id` int DEFAULT NULL,
  `main_image` varchar(255) CHARACTER SET utf8mb4 COLLATE utf8mb4_unicode_ci DEFAULT NULL,
  `title` varchar(255) CHARACTER SET utf8mb4 COLLATE utf8mb4_unicode_ci DEFAULT NULL,
  `slug` varchar(255) CHARACTER SET utf8mb4 COLLATE utf8mb4_unicode_ci DEFAULT NULL,
  `content` blob,
  `summary` text CHARACTER SET utf8mb4 COLLATE utf8mb4_unicode_ci,
  `serial_number` int NOT NULL DEFAULT '0',
  `meta_keywords` text CHARACTER SET utf8mb4 COLLATE utf8mb4_unicode_ci,
  `meta_description` text CHARACTER SET utf8mb4 COLLATE utf8mb4_unicode_ci,
  `feature` tinyint NOT NULL DEFAULT '0' COMMENT '0 - will not show in home, 1 - will show in home',
  `details_page_status` tinyint NOT NULL DEFAULT '1' COMMENT '1 - enable, 0 - disable',
  `sidebar` tinyint NOT NULL DEFAULT '1' COMMENT '1 - enable, 0 - disable'
) ENGINE=InnoDB DEFAULT CHARSET=utf8mb4 COLLATE=utf8mb4_unicode_ci;

--
-- Dumping data for table `services`
--

INSERT INTO `services` (`id`, `language_id`, `scategory_id`, `main_image`, `title`, `slug`, `content`, `summary`, `serial_number`, `meta_keywords`, `meta_description`, `feature`, `details_page_status`, `sidebar`) VALUES
(92, 170, 46, '1593839395.jpg', 'Modelo do Bootstrap 4', 'modelo-do-bootstrap-4', 0x[encoded data, 18560 characters], 'O Lorem Ipsum é um texto modelo da indústria tipográfica e de impressão. O Lorem Ipsum tem vindo a ser o texto padrão', 1, NULL, NULL, 1, 1, 1),
(93, 170, 46, '1593839417.jpg', 'PSD para HTML', 'psd-para-html', 0x[encoded data, 17660 characters], 'O Lorem Ipsum é um texto modelo da indústria tipográfica e de impressão. O Lorem Ipsum tem vindo a ser o texto padrão', 2, NULL, NULL, 1, 1, 1);
INSERT INTO `services` (`id`, `language_id`, `scategory_id`, `main_image`, `title`, `slug`, `content`, `summary`, `serial_number`, `meta_keywords`, `meta_description`, `feature`, `details_page_status`, `sidebar`) VALUES
(94, 170, 46, '1593839426.jpg', 'HTML e CSS', 'html-e-css', 0x[encoded data, 18346 characters], 'O Lorem Ipsum é um texto modelo da indústria tipográfica e de impressão. O Lorem Ipsum tem vindo a ser o texto padrão', 3, NULL, NULL, 1, 1, 1),
(95, 170, 46, '1593839435.jpg', 'React JS Template', 'react-js-template', 0x[encoded data, 17660 characters], 'O Lorem Ipsum é um texto modelo da indústria tipográfica e de impressão. O Lorem Ipsum tem vindo a ser o texto padrão', 4, NULL, NULL, 1, 1, 1);
INSERT INTO `services` (`id`, `language_id`, `scategory_id`, `main_image`, `title`, `slug`, `content`, `summary`, `serial_number`, `meta_keywords`, `meta_description`, `feature`, `details_page_status`, `sidebar`) VALUES
(96, 170, 46, '1593839452.jpg', 'Vue Template', 'vue-template', 0x[encoded data, 17660 characters], 'O Lorem Ipsum é um texto modelo da indústria tipográfica e de impressão. O Lorem Ipsum tem vindo a ser o texto padrão', 5, NULL, NULL, 1, 1, 1),
(97, 170, 46, '1593839464.jpg', 'Modelo angular', 'modelo-angular', 0x[encoded data, 17660 characters], 'O Lorem Ipsum é um texto modelo da indústria tipográfica e de impressão. O Lorem Ipsum tem vindo a ser o texto padrão', 6, NULL, NULL, 1, 1, 1);
INSERT INTO `services` (`id`, `language_id`, `scategory_id`, `main_image`, `title`, `slug`, `content`, `summary`, `serial_number`, `meta_keywords`, `meta_description`, `feature`, `details_page_status`, `sidebar`) VALUES
(98, 170, 47, '1593839395.jpg', 'PHP bruto', 'php-bruto', 0x[encoded data, 17660 characters], 'O Lorem Ipsum é um texto modelo da indústria tipográfica e de impressão. O Lorem Ipsum tem vindo a ser o texto padrão', 7, NULL, NULL, 0, 1, 1),
(99, 170, 47, '1593839417.jpg', 'Dot Net', 'dot-net', 0x[encoded data, 17660 characters], 'O Lorem Ipsum é um texto modelo da indústria tipográfica e de impressão. O Lorem Ipsum tem vindo a ser o texto padrão', 8, NULL, NULL, 0, 1, 1);
INSERT INTO `services` (`id`, `language_id`, `scategory_id`, `main_image`, `title`, `slug`, `content`, `summary`, `serial_number`, `meta_keywords`, `meta_description`, `feature`, `details_page_status`, `sidebar`) VALUES
(100, 170, 47, '1593839426.jpg', 'Nodejs', 'nodejs', 0x[encoded data, 17660 characters], 'O Lorem Ipsum é um texto modelo da indústria tipográfica e de impressão. O Lorem Ipsum tem vindo a ser o texto padrão', 9, NULL, NULL, 0, 1, 1),
(101, 170, 47, '1593839435.jpg', 'Django Framework', 'django-framework', 0x[encoded data, 17660 characters], 'O Lorem Ipsum é um texto modelo da indústria tipográfica e de impressão. O Lorem Ipsum tem vindo a ser o texto padrão', 10, NULL, NULL, 0, 1, 1);
INSERT INTO `services` (`id`, `language_id`, `scategory_id`, `main_image`, `title`, `slug`, `content`, `summary`, `serial_number`, `meta_keywords`, `meta_description`, `feature`, `details_page_status`, `sidebar`) VALUES
(102, 170, 47, '1593839452.jpg', 'Codeigniter Framework', 'codeigniter-framework', 0x[encoded data, 17660 characters], 'O Lorem Ipsum é um texto modelo da indústria tipográfica e de impressão. O Lorem Ipsum tem vindo a ser o texto padrão', 11, NULL, NULL, 0, 1, 1),
(103, 170, 47, '1593839464.jpg', 'Laravel Framework', 'laravel-framework', 0x[encoded data, 17660 characters], 'O Lorem Ipsum é um texto modelo da indústria tipográfica e de impressão. O Lorem Ipsum tem vindo a ser o texto padrão', 12, NULL, NULL, 0, 1, 1);
